000
CXUS55 KCYS 020302
CF6RWL
PRELIMINARY LOCAL CLIMATOLOGICAL DATA (WS FORM: F-6) ...CORRECTED...
STATION: RAWLINS WYOMING AIRPORT
MONTH: APRIL
YEAR: 2021
LATITUDE: 41 47 N
LONGITUDE: 107 12 W
TEMPERATURE IN F: :PCPN: SNOW: WIND :SUNSHINE: SKY :PK WND
================================================================================
1 2 3 4 5 6A 6B 7 8 9 10 11 12 13 14 15 16 17 18
12Z AVG MX 2MIN
DY MAX MIN AVG DEP HDD CDD WTR SNW DPTH SPD SPD DIR MIN PSBL S-S WX SPD DR
================================================================================
1 61 27 44 8 21 0 0.00 M M 13.5 26 220 M M 0 38 200
2 68 36 52 15 13 0 0.00 M M 11.9 26 270 M M 0 36 230
3 72 27 50 13 15 0 0.00 M M 7.4 24 260 M M 0 35 280
4 71 29 50 13 15 0 0.00 M M 6.9 26 280 M M 3 51 270
5 71 31 51 14 14 0 T M M 9.7 30 70 M M 2 42 70
6 47 30 39 1 26 0 0.02 M M 15.7 31 280 M M 8 41 70
7 56 32 44 6 21 0 T M M 16.4 28 260 M M 6 37 260
8 60 26 43 5 22 0 T M M 18.5 36 270 M M 1 48 270
9 48 23 36 -2 29 0 0.02 M M 13.7 25 260 M M 4 34 270
10 61 31 46 8 19 0 0.00 M M 22.4 37 260 M M 0 52 250
11 44 25 35 -4 30 0 0.00 M M 12.9 26 250 M M 2 34 260
12 40 19 30 -9 35 0 0.00 M M 11.2 21 40 M M 3 27 50
13 40 18 29 -10 36 0 0.05 M M 17.2 25 70 M M 5 8 36 70
14 28 19 24 -16 41 0 0.12 M M 23.6 32 40 M M 10 128 43 70
15 31 23 27 -13 38 0 0.02 M M 12.9 28 50 M M 10 18 35 60
16 33 20 27 -13 38 0 T M M 10.4 16 40 M M 9 22 50
17 43 17 30 -10 35 0 T M M 6.8 17 30 M M 5 23 40
18 55 20 38 -3 27 0 0.00 M M 11.0 22 250 M M 2 29 250
19 40 7 24 -17 41 0 0.01 M M 13.2 26 30 M M 8 8 34 20
20 33 4 19 -22 46 0 T M M 4.8 14 340 M M 3 19 330
21 44 14 29 -13 36 0 0.00 M M 9.0 16 60 M M 0 23 40
22 54 16 35 -7 30 0 0.00 M M 9.1 25 250 M M 4 128 34 230
23 55 22 39 -3 26 0 0.00 M M 8.6 26 260 M M 4 36 280
24 60 22 41 -1 24 0 T M M 13.2 36 240 M M 3 56 230
25 68 33 51 8 14 0 T M M 15.7 38 240 M M 2 58 210
26 64 32 48 5 17 0 T M M 17.0 45 230 M M 1 63 230
27 52 33 43 0 22 0 0.20 M M 7.5 21 340 M M 9 13 26 100
28 61 29 45 1 20 0 0.00 M M 6.7 17 300 M M 1 1 23 290
29 69 27 48 4 17 0 0.00 M M 7.2 21 290 M M 0 32 230
30 78 33 56 12 9 0 0.00 M M 10.8 25 280 M M 0 38 260
================================================================================
SM 1607 725 777 0 0.44 M 364.9 M 105
================================================================================
AV 53.6 24.2 12.2 FASTST M M 4 MAX(MPH)
MISC ----> 45 230 63 230
================================================================================
NOTES:
# LAST OF SEVERAL OCCURRENCES
COLUMN 17 PEAK WIND IN M.P.H.
PRELIMINARY LOCAL CLIMATOLOGICAL DATA (WS FORM: F-6) , PAGE 2
STATION: RAWLINS WYOMING AIRPORT
MONTH: APRIL
YEAR: 2021
LATITUDE: 41 47 N
LONGITUDE: 107 12 W
[TEMPERATURE DATA] [PRECIPITATION DATA] SYMBOLS USED IN COLUMN 16
AVERAGE MONTHLY: 38.9 TOTAL FOR MONTH: 0.44 1 = FOG OR MIST
DPTR FM NORMAL: -1.2 DPTR FM NORMAL: -0.61 2 = FOG REDUCING VISIBILITY
HIGHEST: 78 ON 30 GRTST 24HR 0.20 ON 27-27 TO 1/4 MILE OR LESS
LOWEST: 4 ON 20 3 = THUNDER
SNOW, ICE PELLETS, HAIL 4 = ICE PELLETS
TOTAL MONTH: M 5 = HAIL
GRTST 24HR M ON M 6 = FREEZING RAIN OR DRIZZLE
GRTST DEPTH: M ON M 7 = DUSTSTORM OR SANDSTORM:
VSBY 1/2 MILE OR LESS
8 = SMOKE OR HAZE
[NO. OF DAYS WITH] [WEATHER - DAYS WITH] 9 = BLOWING SNOW
X = TORNADO
MAX 32 OR BELOW: 2 0.01 INCH OR MORE: 7
MAX 90 OR ABOVE: 0 0.10 INCH OR MORE: 2
MIN 32 OR BELOW: 26 0.50 INCH OR MORE: 0
MIN 0 OR BELOW: 0 1.00 INCH OR MORE: 0
[HDD (BASE 65) ]
TOTAL THIS MO. 777 CLEAR (SCALE 0-3) 17
DPTR FM NORMAL 30 PTCLDY (SCALE 4-7) 9
TOTAL FM JUL 1 7596 CLOUDY (SCALE 8-10) 4
DPTR FM NORMAL -123
[CDD (BASE 65) ]
TOTAL THIS MO. 0
DPTR FM NORMAL 0 [PRESSURE DATA]
TOTAL FM JAN 1 0 HIGHEST SLP 30.43 ON 20
DPTR FM NORMAL 0 LOWEST SLP 29.40 ON 26
[REMARKS]
APRIL 3RD...RECORD HIGH 72 DEGREES (PREVIOUS 67 DEGREES IN 1992)
APRIL 4TH...RECORD HIGH 71 DEGREES (PREVIOUS 70 DEGREES IN 2000)
APRIL 5TH...RECORD HIGH 71 DEGREES (PREVIOUS 69 DEGREES IN 1959)
APRIL 30TH...TIED RECORD HIGH 78 DEGREES PREVIOUSLY SET IN 2020
#FINAL-04-21#