000
CXUS56 KSTO 030511
CLMSAC
CLIMATE REPORT
NATIONAL WEATHER SERVICE SACRAMENTO
1011 PM PDT SUN APR 02 2023
...................................
...THE SACRAMENTO EXEC. AIRPORT CA CLIMATE SUMMARY FOR THE MONTH OF MARCH 2023...
CLIMATE NORMAL PERIOD: 1991 TO 2020
CLIMATE RECORD PERIOD: 1941 TO 2023
WEATHER OBSERVED NORMAL DEPART LAST YEAR`S
VALUE DATE(S) VALUE FROM VALUE
NORMAL
..............................................................
TEMPERATURE (F)
RECORD
HIGH 88 03/26/1988
LOW 26 03/05/1971
HIGHEST 68 03/13 MM MM
03/17
LOWEST 33 03/27 MM MM
AVG. MAXIMUM 59.2
AVG. MINIMUM 42.3
MEAN 50.7
DAYS MAX >= 90 0 0.0 0.0
DAYS MAX <= 32 0 0.0 0.0
DAYS MIN <= 32 0 0.2 -0.2
DAYS MIN <= 0 0 0.0 0.0
PRECIPITATION (INCHES)
RECORD
MAXIMUM 8.13 1995
MINIMUM 0.05 2008
TOTALS 5.04 2.68 2.36 1.38
DAYS >= .01 15
DAYS >= .10 12
DAYS >= .50 4
DAYS >= 1.00 0
SNOWFALL (INCHES)
RECORDS
TOTAL MM MM
24 HR TOTAL MM
TOTALS MM MM MM
LIQUID EQUIV MM MM MM
SINCE 7/1 MM MM MM
LIQUID 7/1 MM
DAYS >= TRACE MM MM MM
DAYS >= 1.0 MM MM MM
GREATEST
SNOW DEPTH MM
24 HR TOTAL MM
STORM TOTAL MM
(MM/DD(HH))
DEGREE DAYS
HEATING TOTAL 407 298 109
SINCE 7/1 2439 2186 253
COOLING TOTAL 0 1 -1
SINCE 1/1 0 1 -1
..............................................................
WIND (MPH)
AVERAGE WIND SPEED 7.4
HIGHEST WIND SPEED/DIRECTION 30/130 DATE 03/14
HIGHEST GUST SPEED/DIRECTION 47/120 DATE 03/14
SKY COVER
POSSIBLE SUNSHINE (PERCENT) MM
AVERAGE SKY COVER 0.42
NUMBER OF DAYS FAIR 15
NUMBER OF DAYS PC 7
NUMBER OF DAYS CLOUDY 9
AVERAGE RH (PERCENT) 70
WEATHER CONDITIONS. NUMBER OF DAYS WITH
THUNDERSTORM 2 MIXED PRECIP 0
HEAVY RAIN 5 RAIN 13
LIGHT RAIN 16 FREEZING RAIN 0
LT FREEZING RAIN 0 HAIL 0
HEAVY SNOW 0 SNOW 0
LIGHT SNOW 0 SLEET 0
FOG 16 FOG W/VIS <= 1/4 MILE 1
HAZE 2
- INDICATES NEGATIVE NUMBERS.
R INDICATES RECORD WAS SET OR TIED.
MM INDICATES DATA IS MISSING.
T INDICATES TRACE AMOUNT.
$$