000
CXUS52 KCHS 011415
CF6SAV
PRELIMINARY LOCAL CLIMATOLOGICAL DATA (WS FORM: F-6)
STATION: SAVANNAH GA
MONTH: SEPTEMBER
YEAR: 2023
LATITUDE: 32 7 N
LONGITUDE: 81 12 W
TEMPERATURE IN F: :PCPN: SNOW: WIND :SUNSHINE: SKY :PK WND
================================================================================
1 2 3 4 5 6A 6B 7 8 9 10 11 12 13 14 15 16 17 18
12Z AVG MX 2MIN
DY MAX MIN AVG DEP HDD CDD WTR SNW DPTH SPD SPD DIR MIN PSBL S-S WX SPD DR
================================================================================
1 85 69 77 -3 0 12 0.02 0.0 0 7.9 15 80 M M 8 1 18 80
2 87 67 77 -3 0 12 0.00 0.0 0 6.6 14 120 M M 3 19 110
3 88 67 78 -2 0 13 0.00 0.0 0 3.5 9 360 M M 2 13 350
4 91 67 79 -1 0 14 0.00 0.0 0 3.2 13 180 M M 1 15 150
5 91 69 80 0 0 15 0.00 0.0 0 3.5 10 340 M M 4 1 13 310
6 93 71 82 2 0 17 0.00 0.0 0 5.9 13 350 M M 4 17 310
7 94 73 84 4 0 19 0.00 0.0 0 5.9 20 290 M M 6 23 300
8 91 70 81 2 0 16 T 0.0 0 6.4 15 150 M M 5 19 160
9 88 69 79 0 0 14 0.00 0.0 0 5.6 16 150 M M 3 20 150
10 93 74 84 5 0 19 0.00 0.0 0 6.2 18 110 M M 4 22 110
11 95 73 84 5 0 19 0.08 0.0 0 3.2 23 150 M M 4 3 29 160
12 94 73 84 5 0 19 T 0.0 0 4.8 15 130 M M 5 18 18 130
13 93 71 82 4 0 17 0.41 0.0 0 3.7 24 340 M M 5 13 29 330
14 90 71 81 3 0 16 0.43 0.0 0 4.5 18 100 M M 5 13 22 120
15 83 71 77 -1 0 12 0.00 0.0 0 8.4 18 40 M M 6 1 23 40
16 85 68 77 -1 0 12 0.00 0.0 0 6.3 15 100 M M 6 19 130
17 88 68 78 0 0 13 0.70 0.0 0 4.4 16 320 M M 7 13 19 250
18 84 64 74 -3 0 9 T 0.0 0 6.4 17 300 M M 2 1 23 300
19 86 60 73 -4 0 8 0.00 0.0 0 3.9 14 100 M M 2 1 19 120
20 87 65 76 -1 0 11 0.00 0.0 0 8.9 18 120 M M 7 24 50
21 86 69 78 1 0 13 0.01 0.0 0 9.1 21 60 M M 7 3 26 50
22 83 65 74 -2 0 9 0.00 0.0 0 10.3 21 10 M M 3 26 350
23 83 62 73 -3 0 8 0.00 0.0 0 7.1 16 270 M M 4 21 300
24 89 64 77 1 0 12 0.00 0.0 0 6.6 17 230 M M 1 25 230
25 90 68 79 3 0 14 0.00 0.0 0 5.6 14 220 M M 3 21 220
26 80 69 75 0 0 10 0.19 0.0 0 4.8 16 80 M M 9 18 21 80
27 78 68 73 -2 0 8 0.01 0.0 0 10.8 21 50 M M 9 1 26 50
28 73 65 69 -6 0 4 0.00 0.0 0 9.3 15 20 M M 10 19 10
29 85 65 75 1 0 10 0.00 0.0 0 6.2 14 30 M M 4 1 19 30
30 85 64 75 1 0 10 0.00 0.0 0 6.5 15 50 M M 6 12 20 60
================================================================================
SM 2618 2039 0 385 1.85 0.0 185.5 M 145
================================================================================
AV 87.3 68.0 6.2 FASTST M M 5 MAX(MPH)
MISC ----> 24 340 # 29 160
================================================================================
NOTES:
# LAST OF SEVERAL OCCURRENCES
COLUMN 17 PEAK WIND IN M.P.H.
PRELIMINARY LOCAL CLIMATOLOGICAL DATA (WS FORM: F-6) , PAGE 2
STATION: SAVANNAH GA
MONTH: SEPTEMBER
YEAR: 2023
LATITUDE: 32 7 N
LONGITUDE: 81 12 W
[TEMPERATURE DATA] [PRECIPITATION DATA] SYMBOLS USED IN COLUMN 16
AVERAGE MONTHLY: 77.6 TOTAL FOR MONTH: 1.85 1 = FOG OR MIST
DPTR FM NORMAL: -0.1 DPTR FM NORMAL: -2.50 2 = FOG REDUCING VISIBILITY
HIGHEST: 95 ON 11 GRTST 24HR 0.70 ON 17-17 TO 1/4 MILE OR LESS
LOWEST: 60 ON 19 3 = THUNDER
SNOW, ICE PELLETS, HAIL 4 = ICE PELLETS
TOTAL MONTH: 0.0 INCH 5 = HAIL
GRTST 24HR 0.0 6 = FREEZING RAIN OR DRIZZLE
GRTST DEPTH: 0 7 = DUSTSTORM OR SANDSTORM:
VSBY 1/2 MILE OR LESS
8 = SMOKE OR HAZE
[NO. OF DAYS WITH] [WEATHER - DAYS WITH] 9 = BLOWING SNOW
X = TORNADO
MAX 32 OR BELOW: 0 0.01 INCH OR MORE: 8
MAX 90 OR ABOVE: 11 0.10 INCH OR MORE: 4
MIN 32 OR BELOW: 0 0.50 INCH OR MORE: 1
MIN 0 OR BELOW: 0 1.00 INCH OR MORE: 0
[HDD (BASE 65) ]
TOTAL THIS MO. 0 CLEAR (SCALE 0-3) 5
DPTR FM NORMAL -1 PTCLDY (SCALE 4-7) 22
TOTAL FM JUL 1 0 CLOUDY (SCALE 8-10) 3
DPTR FM NORMAL 0
[CDD (BASE 65) ]
TOTAL THIS MO. 385
DPTR FM NORMAL 3 [PRESSURE DATA]
TOTAL FM JAN 1 2548 HIGHEST SLP 30.20 ON 2
DPTR FM NORMAL 164 LOWEST SLP 29.82 ON 23
[REMARKS]
#FINAL-09-23#