000
CXUS53 KMKX 010910
CF6SBM
PRELIMINARY LOCAL CLIMATOLOGICAL DATA (WS FORM: F-6)
STATION: SHEBOYGAN WI
MONTH: JULY
YEAR: 2020
LATITUDE: 43 46 N
LONGITUDE: 87 51 W
TEMPERATURE IN F: :PCPN: SNOW: WIND :SUNSHINE: SKY :PK WND
================================================================================
1 2 3 4 5 6A 6B 7 8 9 10 11 12 13 14 15 16 17 18
12Z AVG MX 2MIN
DY MAX MIN AVG DEP HDD CDD WTR SNW DPTH SPD SPD DIR MIN PSBL S-S WX SPD DR
================================================================================
1 86 62 74 5 0 9 0.00 0.0 0 4.6 12 190 M M 0 18 17 130
2 91 61 76 7 0 11 0.00 0.0 0 2.2 10 330 M M 0 1 14 330
3 89 67 78 9 0 13 0.00 0.0 0 2.7 12 60 M M 0 18 80
4 87 67 77 8 0 12 0.00 0.0 0 3.6 10 70 M M 0 1 14 60
5 91 68 80 11 0 15 0.01 0.0 0 3.5 15 140 M M 2 138 22 130
6 92 70 81 12 0 16 1.01 0.0 0 5.2 36 310 M M 1 13 50 310
7 91 68 80 11 0 15 0.90 0.0 0 5.3 18 250 M M 4 13 32 200
8 87 65 76 7 0 11 0.00 0.0 0 4.2 13 180 M M 1 12 19 130
9 88 71 80 10 0 15 2.01 0.0 0 6.6 24 30 M M 3 13 37 220
10 84 70 77 7 0 12 0.34 0.0 0 8.1 20 350 M M 4 1 27 350
11 86 68 77 7 0 12 0.00 0.0 0 7.0 20 40 M M 1 26 40
12 78 61 70 0 0 5 0.00 0.0 0 6.3 17 40 M M 4 24 40
13 77 59 68 -2 0 3 0.00 0.0 0 3.4 12 110 M M 1 128 17 120
14 83 63 73 3 0 8 0.01 0.0 0 10.0 21 180 M M 1 1 27 180
15 75 66 71 1 0 6 0.89 0.0 0 7.1 17 40 M M 8 13 22 30
16 83 65 74 4 0 9 0.00 0.0 M 5.4 9 180 M M 4 1 14 10
17 88 64 76 6 0 11 0.00 0.0 0 6.6 15 160 M M 1 20 220
18 88 69 79 9 0 14 T 0.0 0 10.5 22 210 M M 2 3 29 210
19 84 66 75 5 0 10 0.03 0.0 0 11.6 30 280 M M 2 3 50 280
20 77 60 69 -1 0 4 0.00 0.0 0 4.8 12 60 M M 1 17 100
21 76 57 67 -3 0 2 0.00 0.0 0 4.5 13 150 M M 2 1 18 100
22 81 66 74 4 0 9 0.00 0.0 0 6.4 14 310 M M 6 1 21 300
23 76 61 69 0 0 4 0.00 0.0 0 7.9 17 50 M M 4 21 40
24 82 58 70 1 0 5 0.00 0.0 0 4.5 12 180 M M 1 8 17 140
25 91 67 79 10 0 14 0.00 0.0 0 7.5 17 170 M M 0 23 180
26 94 74 84 15 0 19 1.84 0.0 0 9.4 25 300 M M 2 13 40 300
27 83 66 75 6 0 10 0.00 0.0 0 7.6 18 310 M M 1 27 310
28 83 64 74 5 0 9 0.66 0.0 0 7.4 23 310 M M 3 13 39 310
29 82 65 74 5 0 9 0.00 0.0 0 5.4 12 70 M M 2 18 300
30 76 63 70 1 0 5 0.00 0.0 0 8.1 17 50 M M 2 22 50
31 78 58 68 -1 0 3 0.00 0.0 0 5.9 14 60 M M 0 18 70
================================================================================
SM 2607 2009 0 300 7.70 0.0 193.3 M 63
================================================================================
AV 84.1 64.8 6.2 FASTST M M 2 MAX(MPH)
MISC ----> # 36 310 # 50 310
================================================================================
NOTES:
# LAST OF SEVERAL OCCURRENCES
COLUMN 17 PEAK WIND IN M.P.H.
PRELIMINARY LOCAL CLIMATOLOGICAL DATA (WS FORM: F-6) , PAGE 2
STATION: SHEBOYGAN WI
MONTH: JULY
YEAR: 2020
LATITUDE: 43 46 N
LONGITUDE: 87 51 W
[TEMPERATURE DATA] [PRECIPITATION DATA] SYMBOLS USED IN COLUMN 16
AVERAGE MONTHLY: 74.5 TOTAL FOR MONTH: 7.70 1 = FOG OR MIST
DPTR FM NORMAL: 5.1 DPTR FM NORMAL: 3.96 2 = FOG REDUCING VISIBILITY
HIGHEST: 94 ON 26 GRTST 24HR 2.01 ON 9- 9 TO 1/4 MILE OR LESS
LOWEST: 57 ON 21 3 = THUNDER
SNOW, ICE PELLETS, HAIL 4 = ICE PELLETS
TOTAL MONTH: 0.0 INCH 5 = HAIL
GRTST 24HR 0.0 6 = FREEZING RAIN OR DRIZZLE
GRTST DEPTH: 0 7 = DUSTSTORM OR SANDSTORM:
VSBY 1/2 MILE OR LESS
8 = SMOKE OR HAZE
[NO. OF DAYS WITH] [WEATHER - DAYS WITH] 9 = BLOWING SNOW
X = TORNADO
MAX 32 OR BELOW: 0 0.01 INCH OR MORE: 10
MAX 90 OR ABOVE: 6 0.10 INCH OR MORE: 7
MIN 32 OR BELOW: 0 0.50 INCH OR MORE: 6
MIN 0 OR BELOW: 0 1.00 INCH OR MORE: 3
[HDD (BASE 65) ]
TOTAL THIS MO. 0 CLEAR (SCALE 0-3) 23
DPTR FM NORMAL -21 PTCLDY (SCALE 4-7) 8
TOTAL FM JUL 1 0 CLOUDY (SCALE 8-10) 0
DPTR FM NORMAL -21
[CDD (BASE 65) ]
TOTAL THIS MO. 300
DPTR FM NORMAL 144 [PRESSURE DATA]
TOTAL FM JAN 1 469 HIGHEST SLP 30.19 ON 24
DPTR FM NORMAL 224 LOWEST SLP 29.63 ON 19
[REMARKS]
#FINAL-07-20#