000
CXUS53 KIWX 010810
CF6SBN
PRELIMINARY LOCAL CLIMATOLOGICAL DATA (WS FORM: F-6)
STATION: SOUTH BEND
MONTH: JUNE
YEAR: 2023
LATITUDE: 41 42 N
LONGITUDE: 86 19 W
TEMPERATURE IN F: :PCPN: SNOW: WIND :SUNSHINE: SKY :PK WND
================================================================================
1 2 3 4 5 6A 6B 7 8 9 10 11 12 13 14 15 16 17 18
12Z AVG MX 2MIN
DY MAX MIN AVG DEP HDD CDD WTR SNW DPTH SPD SPD DIR MIN PSBL S-S WX SPD DR
================================================================================
1 88 63 76 12 0 11 0.08 0.0 0 3.5 15 160 M M 2 3 21 170
2 92 59 76 11 0 11 0.00 0.0 0 6.5 17 340 M M 1 25 70
3 92 62 77 12 0 12 T 0.0 0 5.3 21 350 M M 1 38 25 350
4 84 56 70 4 0 5 0.00 0.0 0 7.8 15 100 M M 0 22 100
5 82 50 66 0 0 1 0.00 0.0 0 4.3 16 310 M M 0 22 290
6 79 56 68 2 0 3 T 0.0 0 6.6 16 330 M M 3 18 20 310
7 75 47 61 -5 4 0 0.00 0.0 0 7.7 22 360 M M 0 18 31 310
8 74 44 59 -8 6 0 0.00 0.0 0 7.1 20 300 M M 0 8 32 20
9 77 48 63 -4 2 0 0.00 0.0 0 5.1 15 350 M M 0 8 21 330
10 86 54 70 3 0 5 0.00 0.0 0 4.8 17 300 M M 1 26 300
11 67 58 63 -5 2 0 0.24 0.0 0 6.9 17 350 M M 9 18 23 350
12 64 53 59 -9 6 0 T 0.0 0 10.3 17 300 M M 7 18 22 300
13 64 52 58 -10 7 0 0.79 0.0 0 10.3 28 300 M M 9 18 40 290
14 70 55 63 -6 2 0 0.00 0.0 0 5.5 14 350 M M 7 17 340
15 78 52 65 -4 0 0 0.00 0.0 0 11.0 25 350 M M 1 128 33 350
16 73 53 63 -6 2 0 0.00 0.0 0 9.0 18 300 M M 6 1 24 310
17 79 48 64 -5 1 0 0.00 0.0 0 3.9 14 310 M M 0 18 18 320
18 84 53 69 -1 0 4 0.00 0.0 0 4.2 17 190 M M 0 18 22 190
19 87 63 75 5 0 10 0.00 0.0 0 7.4 15 90 M M 1 22 80
20 90 60 75 5 0 10 0.00 0.0 0 9.1 20 110 M M 1 28 100
21 91 64 78 8 0 13 0.00 0.0 0 8.4 23 110 M M 1 31 130
22 85 63 74 3 0 9 0.00 0.0 0 6.2 16 120 M M 3 22 130
23 83 66 75 4 0 10 T 0.0 0 4.7 13 20 M M 8 20 360
24 89 61 75 4 0 10 0.00 0.0 0 4.4 12 320 M M 3 16 330
25 86 63 75 4 0 10 0.78 0.0 0 11.9 25 110 M M 6 13 37 290
26 72 63 68 -3 0 3 0.28 0.0 0 12.8 24 310 M M 10 1 33 300
27 69 56 63 -9 2 0 0.00 0.0 0 10.5 20 320 M M 9 18 26 320
28 83 51 67 -5 0 2 0.00 0.0 0 4.9 13 150 M M 4 18 17 140
29 87 67 77 5 0 12 0.08 0.0 0 10.2 31 140 M M 4 138 38 130
30 88 67 78 6 0 13 T 0.0 0 5.5 15 120 M M 7 128 19 280
================================================================================
SM 2418 1707 34 154 2.25 0.0 215.8 M 104
================================================================================
AV 80.6 56.9 7.2 FASTST M M 3 MAX(MPH)
MISC ----> 31 140 40 290
================================================================================
NOTES:
# LAST OF SEVERAL OCCURRENCES
COLUMN 17 PEAK WIND IN M.P.H.
PRELIMINARY LOCAL CLIMATOLOGICAL DATA (WS FORM: F-6) , PAGE 2
STATION: SOUTH BEND
MONTH: JUNE
YEAR: 2023
LATITUDE: 41 42 N
LONGITUDE: 86 19 W
[TEMPERATURE DATA] [PRECIPITATION DATA] SYMBOLS USED IN COLUMN 16
AVERAGE MONTHLY: 68.8 TOTAL FOR MONTH: 2.25 1 = FOG OR MIST
DPTR FM NORMAL: -0.1 DPTR FM NORMAL: -1.79 2 = FOG REDUCING VISIBILITY
HIGHEST: 92 ON 3, 2 GRTST 24HR 0.79 ON 13-13 TO 1/4 MILE OR LESS
LOWEST: 44 ON 8 3 = THUNDER
SNOW, ICE PELLETS, HAIL 4 = ICE PELLETS
TOTAL MONTH: 0.0 INCH 5 = HAIL
GRTST 24HR 0.0 6 = FREEZING RAIN OR DRIZZLE
GRTST DEPTH: 0 7 = DUSTSTORM OR SANDSTORM:
VSBY 1/2 MILE OR LESS
8 = SMOKE OR HAZE
[NO. OF DAYS WITH] [WEATHER - DAYS WITH] 9 = BLOWING SNOW
X = TORNADO
MAX 32 OR BELOW: 0 0.01 INCH OR MORE: 6
MAX 90 OR ABOVE: 4 0.10 INCH OR MORE: 4
MIN 32 OR BELOW: 0 0.50 INCH OR MORE: 2
MIN 0 OR BELOW: 0 1.00 INCH OR MORE: 0
[HDD (BASE 65) ]
TOTAL THIS MO. 34 CLEAR (SCALE 0-3) 18
DPTR FM NORMAL -10 PTCLDY (SCALE 4-7) 8
TOTAL FM JUL 1 5467 CLOUDY (SCALE 8-10) 4
DPTR FM NORMAL -935
[CDD (BASE 65) ]
TOTAL THIS MO. 154
DPTR FM NORMAL -2 [PRESSURE DATA]
TOTAL FM JAN 1 218 HIGHEST SLP 30.13 ON 21
DPTR FM NORMAL 6 LOWEST SLP 29.53 ON 13
[REMARKS]
#FINAL-06-23#