000
CXUS53 KIWX 010910
CF6SBN
PRELIMINARY LOCAL CLIMATOLOGICAL DATA (WS FORM: F-6)
STATION: SOUTH BEND
MONTH: NOVEMBER
YEAR: 2023
LATITUDE: 41 42 N
LONGITUDE: 86 19 W
TEMPERATURE IN F: :PCPN: SNOW: WIND :SUNSHINE: SKY :PK WND
================================================================================
1 2 3 4 5 6A 6B 7 8 9 10 11 12 13 14 15 16 17 18
12Z AVG MX 2MIN
DY MAX MIN AVG DEP HDD CDD WTR SNW DPTH SPD SPD DIR MIN PSBL S-S WX SPD DR
================================================================================
1 44 24 34 -12 31 0 T T 1 6.6 17 250 M M 4 12 24 250
2 53 34 44 -1 21 0 0.00 0.0 0 12.1 21 220 M M 4 30 200
3 56 42 49 4 16 0 T 0.0 0 13.0 23 180 M M 3 32 210
4 62 36 49 5 16 0 T 0.0 0 4.2 17 310 M M 4 1 22 310
5 59 31 45 1 20 0 0.00 0.0 0 5.0 13 210 M M 2 12 17 240
6 67 48 58 14 7 0 T 0.0 0 14.0 25 240 M M 4 36 250
7 56 44 50 7 15 0 0.00 0.0 0 9.2 16 330 M M 4 22 320
8 56 44 50 7 15 0 0.12 0.0 0 14.2 26 120 M M 8 13 35 120
9 56 40 48 6 17 0 0.00 0.0 0 12.0 24 290 M M 3 33 320
10 51 37 44 2 21 0 0.00 0.0 0 10.1 22 310 M M 5 30 330
11 52 35 44 2 21 0 T 0.0 0 3.4 9 130 M M 4 13 150
12 56 37 47 6 18 0 0.00 0.0 0 9.5 18 150 M M 3 24 150
13 60 33 47 6 18 0 0.00 0.0 0 8.4 22 300 M M 0 30 290
14 61 28 45 5 20 0 0.00 0.0 0 5.4 15 190 M M 0 8 20 190
15 65 33 49 9 16 0 0.00 0.0 0 6.9 18 230 M M 0 25 230
16 67 38 53 13 12 0 0.00 0.0 0 10.5 24 190 M M 1 33 210
17 63 29 46 7 19 0 0.01 0.0 0 12.7 23 350 M M 6 1 29 360
18 52 25 39 0 26 0 0.00 0.0 0 6.1 16 250 M M 0 1 22 260
19 57 28 43 5 22 0 0.00 0.0 0 3.9 10 80 M M 0 14 80
20 49 38 44 6 21 0 T 0.0 0 14.2 25 110 M M 3 36 110
21 45 39 42 4 23 0 0.51 0.0 0 9.6 21 100 M M 10 1 33 100
22 47 37 42 5 23 0 0.01 0.0 0 6.6 15 310 M M 8 1 21 290
23 49 33 41 4 24 0 0.00 0.0 0 10.6 16 20 M M 3 24 200
24 36 24 30 -6 35 0 0.00 0.0 0 6.5 17 360 M M 3 23 10
25 36 19 28 -8 37 0 0.00 0.0 0 3.2 9 180 M M 1 11 150
26 33 24 29 -7 36 0 0.13 1.1 0 7.0 20 250 M M 8 18 28 250
27 30 20 25 -10 40 0 T T 1 14.7 21 240 M M 10 18 32 280
28 24 15 20 -15 45 0 0.03 1.0 1 11.3 23 320 M M 7 18 31 310
29 42 16 29 -5 36 0 0.00 0.0 1 11.0 17 230 M M 2 24 230
30 54 31 43 9 22 0 T 0.0 0 12.5 23 220 M M 2 1 30 220
================================================================================
SM 1538 962 693 0 0.81 2.1 274.4 M 112
================================================================================
AV 51.3 32.1 9.1 FASTST M M 4 MAX(MPH)
MISC ----> 26 120 # 36 250
================================================================================
NOTES:
# LAST OF SEVERAL OCCURRENCES
COLUMN 17 PEAK WIND IN M.P.H.
PRELIMINARY LOCAL CLIMATOLOGICAL DATA (WS FORM: F-6) , PAGE 2
STATION: SOUTH BEND
MONTH: NOVEMBER
YEAR: 2023
LATITUDE: 41 42 N
LONGITUDE: 86 19 W
[TEMPERATURE DATA] [PRECIPITATION DATA] SYMBOLS USED IN COLUMN 16
AVERAGE MONTHLY: 41.7 TOTAL FOR MONTH: 0.81 1 = FOG OR MIST
DPTR FM NORMAL: 1.9 DPTR FM NORMAL: -1.97 2 = FOG REDUCING VISIBILITY
HIGHEST: 67 ON 16, 6 GRTST 24HR 0.51 ON 20-21 TO 1/4 MILE OR LESS
LOWEST: 15 ON 28 3 = THUNDER
SNOW, ICE PELLETS, HAIL 4 = ICE PELLETS
TOTAL MONTH: 3.5 INCHES 5 = HAIL
GRTST 24HR 1.1 ON 26-26 6 = FREEZING RAIN OR DRIZZLE
GRTST DEPTH: 1 ON 29,28 7 = DUSTSTORM OR SANDSTORM:
VSBY 1/2 MILE OR LESS
8 = SMOKE OR HAZE
[NO. OF DAYS WITH] [WEATHER - DAYS WITH] 9 = BLOWING SNOW
X = TORNADO
MAX 32 OR BELOW: 2 0.01 INCH OR MORE: 6
MAX 90 OR ABOVE: 0 0.10 INCH OR MORE: 3
MIN 32 OR BELOW: 13 0.50 INCH OR MORE: 1
MIN 0 OR BELOW: 0 1.00 INCH OR MORE: 0
[HDD (BASE 65) ]
TOTAL THIS MO. 693 CLEAR (SCALE 0-3) 12
DPTR FM NORMAL -65 PTCLDY (SCALE 4-7) 14
TOTAL FM JUL 1 1097 CLOUDY (SCALE 8-10) 4
DPTR FM NORMAL -212
[CDD (BASE 65) ]
TOTAL THIS MO. 0
DPTR FM NORMAL 0 [PRESSURE DATA]
TOTAL FM JAN 1 820 HIGHEST SLP 30.51 ON 24
DPTR FM NORMAL 97 LOWEST SLP 29.62 ON 8
[REMARKS]
#FINAL-11-23#