000
CXUS56 KLOX 011155
CF6SBP
PRELIMINARY LOCAL CLIMATOLOGICAL DATA (WS FORM: F-6)
STATION: SAN LUIS OBISPO AIRPORT CA
MONTH: JUNE
YEAR: 2021
LATITUDE: 35 13 N
LONGITUDE: 120 38 W
TEMPERATURE IN F: :PCPN: SNOW: WIND :SUNSHINE: SKY :PK WND
================================================================================
1 2 3 4 5 6A 6B 7 8 9 10 11 12 13 14 15 16 17 18
12Z AVG MX 2MIN
DY MAX MIN AVG DEP HDD CDD WTR SNW DPTH SPD SPD DIR MIN PSBL S-S WX SPD DR
================================================================================
1 75 52 64 2 1 0 0.00 M M 4.7 16 310 M M 4 1 M M
2 75 52 64 2 1 0 0.00 M M 6.9 14 310 M M 5 12 M M
3 73 52 63 1 2 0 0.00 M M 5.3 14 310 M M 6 1 M M
4 72 53 63 1 2 0 0.00 M M 6.1 15 310 M M 5 1 M M
5 72 54 63 1 2 0 0.00 M M 6.2 14 300 M M 5 16 99
6 65 54 60 -2 5 0 0.00 M M 7.1 13 220 M M 10 18 M M
7 69 55 62 0 3 0 0.00 M M 6.6 20 310 M M 8 22 300
8 70 50 60 -2 5 0 0.00 M M 11.2 26 310 M M 3 8 32 320
9 71 48 60 -2 5 0 0.00 M M 10.5 29 320 M M 2 35 300
10 72 47 60 -2 5 0 0.00 M M 16.0 32 310 M M 0 38 300
11 74 52 63 0 2 0 0.00 M M 18.1 29 320 M M 0 36 320
12 90 55 73 10 0 8 0.00 M M 15.2 30 320 M M 0 38 320
13 74 53 64 1 1 0 0.00 M M 9.2 22 310 M M 3 12 M M
14 77 54 66 3 0 1 0.00 M M 13.6 26 320 M M 2 1 38 320
15 95 54 75 12 0 10 0.00 M M 13.7 26 310 M M 0 32 320
16 109 62 86 23 0 21 0.00 M M 8.0 21 310 M M 0 25 310
17 92 60 76 13 0 11 0.00 M M 4.8 12 210 M M 0 15 220
18 82 56 69 6 0 4 0.00 M M 4.2 13 280 M M 0 18 17 270
19 79 54 67 3 0 2 0.00 M M 4.6 13 320 M M 3 18 17 330
20 78 55 67 3 0 2 0.00 M M 5.2 15 310 M M 5 1 19 310
21 71 57 64 0 1 0 0.00 M M 5.4 13 220 M M 7 1 16 210
22 77 58 68 4 0 3 0.00 M M 5.9 17 300 M M 4 23 300
23 76 58 67 3 0 2 0.00 M M 7.1 20 310 M M 5 23 310
24 76 59 68 4 0 3 0.00 M M 9.3 22 310 M M 5 28 300
25 74 58 66 2 0 1 0.00 M M 12.3 24 300 M M 4 28 300
26 74 57 66 2 0 1 0.00 M M 13.6 26 300 M M 4 1 31 310
27 75 56 66 1 0 1 0.00 M M 12.8 25 310 M M 4 1 29 310
28 79 55 67 2 0 2 0.00 M M 12.2 25 310 M M 3 31 310
29 83 57 70 5 0 5 0.00 M M 5.6 12 180 M M 4 15 300
30 79 58 69 4 0 4 0.00 M M 8.7 20 310 M M 5 18 23 290
================================================================================
SM 2328 1645 35 81 0.00 M 270.1 M 106
================================================================================
AV 77.6 54.8 9.0 FASTST M M 4 MAX(MPH)
MISC ----> 32 310 38 300
================================================================================
NOTES:
# LAST OF SEVERAL OCCURRENCES
COLUMN 17 PEAK WIND IN M.P.H.
PRELIMINARY LOCAL CLIMATOLOGICAL DATA (WS FORM: F-6) , PAGE 2
STATION: SAN LUIS OBISPO AIRPORT CA
MONTH: JUNE
YEAR: 2021
LATITUDE: 35 13 N
LONGITUDE: 120 38 W
[TEMPERATURE DATA] [PRECIPITATION DATA] SYMBOLS USED IN COLUMN 16
AVERAGE MONTHLY: 66.2 TOTAL FOR MONTH: 0.00 1 = FOG OR MIST
DPTR FM NORMAL: 3.0 DPTR FM NORMAL: -0.10 2 = FOG REDUCING VISIBILITY
HIGHEST: 109 ON 16 GRTST 24HR 0.00 ON 1- 1 TO 1/4 MILE OR LESS
LOWEST: 47 ON 10 3 = THUNDER
SNOW, ICE PELLETS, HAIL 4 = ICE PELLETS
TOTAL MONTH: M 5 = HAIL
GRTST 24HR M ON M 6 = FREEZING RAIN OR DRIZZLE
GRTST DEPTH: M ON M 7 = DUSTSTORM OR SANDSTORM:
VSBY 1/2 MILE OR LESS
8 = SMOKE OR HAZE
[NO. OF DAYS WITH] [WEATHER - DAYS WITH] 9 = BLOWING SNOW
X = TORNADO
MAX 32 OR BELOW: 0 0.01 INCH OR MORE: 0
MAX 90 OR ABOVE: 4 0.10 INCH OR MORE: 0
MIN 32 OR BELOW: 0 0.50 INCH OR MORE: 0
MIN 0 OR BELOW: 0 1.00 INCH OR MORE: 0
[HDD (BASE 65) ]
TOTAL THIS MO. 35 CLEAR (SCALE 0-3) 12
DPTR FM NORMAL -45 PTCLDY (SCALE 4-7) 16
TOTAL FM JUL 1 1939 CLOUDY (SCALE 8-10) 2
DPTR FM NORMAL -329
[CDD (BASE 65) ]
TOTAL THIS MO. 81
DPTR FM NORMAL 56 [PRESSURE DATA]
TOTAL FM JAN 1 97 HIGHEST SLP 30.21 ON 10
DPTR FM NORMAL 45 LOWEST SLP 29.69 ON 28
[REMARKS]
#FINAL-06-21#