000
CXUS56 KSTO 011400
CF6SCK
PRELIMINARY LOCAL CLIMATOLOGICAL DATA (WS FORM: F-6)
STATION: STOCKTON AIRPORT CA
MONTH: JANUARY
YEAR: 2023
LATITUDE: 37 54 N
LONGITUDE: 121 15 W
TEMPERATURE IN F: :PCPN: SNOW: WIND :SUNSHINE: SKY :PK WND
================================================================================
1 2 3 4 5 6A 6B 7 8 9 10 11 12 13 14 15 16 17 18
12Z AVG MX 2MIN
DY MAX MIN AVG DEP HDD CDD WTR SNW DPTH SPD SPD DIR MIN PSBL S-S WX SPD DR
================================================================================
1 60 42 51 4 14 0 T 0.0 M 15.5 26 340 M M 2 33 330
2 49 37 43 -4 22 0 0.57 0.0 M 9.5 23 130 M M 5 1 29 140
3 49 42 46 -1 19 0 T M M 3.6 9 270 M M 8 12 12 280
4 62 42 52 5 13 0 0.41 M M 19.2 37 160 M M 7 12 49 150
5 60 48 54 7 11 0 0.25 M M 13.9 36 150 M M 8 1 42 150
6 60 48 54 7 11 0 0.00 M M 9.3 16 150 M M 5 20 150
7 58 49 54 7 11 0 0.13 M M 17.9 46 130 M M 7 58 140
8 60 51 56 9 9 0 0.17 M M 15.9 41 140 M M 5 1 55 150
9 61 49 55 8 10 0 1.00 0.0 M 11.1 35 160 M M 6 1 44 130
10 58 47 53 6 12 0 0.32 M M 12.3 35 210 M M 7 18 46 220
11 55 49 52 4 13 0 0.16 M M 15.5 28 150 M M 9 1 34 140
12 65 49 57 9 8 0 0.00 M M 11.7 24 140 M M 2 29 150
13 61 54 58 10 7 0 0.06 M M 11.9 24 140 M M 5 1 29 140
14 60 50 55 7 10 0 0.81 M M 13.5 37 150 M M 9 1 46 140
15 54 47 51 3 14 0 0.41 M M 12.2 25 150 M M 8 1 31 150
16 58 46 52 4 13 0 1.23 M M 12.0 29 340 M M 7 1 35 330
17 55 40 48 0 17 0 0.00 M M 5.3 15 330 M M 4 12 19 320
18 55 37 46 -2 19 0 0.05 M M 8.5 16 150 M M 2 19 150
19 53 40 47 -1 18 0 0.16 M M 8.3 17 320 M M 5 1 23 320
20 53 34 44 -4 21 0 0.00 M M 4.7 18 350 M M 0 26 340
21 56 32 44 -4 21 0 0.00 M M 2.5 8 260 M M 0 10 290
22 58 33 46 -2 19 0 0.00 M M 12.3 30 330 M M 0 1 38 330
23 59 36 48 -1 17 0 0.00 M M 7.9 20 340 M M 0 24 340
24 60 34 47 -2 18 0 0.00 M M 2.7 9 90 M M 0 18 11 90
25 63 35 49 0 16 0 0.00 M M 3.6 9 110 M M 0 18 12 330
26 62 35 49 0 16 0 0.00 M M 2.5 9 90 M M 0 128 11 90
27 63 37 50 1 15 0 0.00 M M 3.1 8 120 M M 0 18 10 80
28 62 36 49 0 16 0 0.00 M M 4.0 12 250 M M 0 18 14 250
29 53 38 46 -3 19 0 0.03 M M 7.1 16 300 M M 6 1 19 300
30 54 32 43 -7 22 0 0.00 M M 9.4 17 320 M M 0 21 320
31 54 30 42 -8 23 0 0.00 M M 3.0 9 300 M M 0 10 300
================================================================================
SM 1790 1279 474 0 5.76 0.0 289.9 M 117
================================================================================
AV 57.7 41.3 9.4 FASTST M M 4 MAX(MPH)
MISC ----> 46 130 58 140
================================================================================
NOTES:
# LAST OF SEVERAL OCCURRENCES
COLUMN 17 PEAK WIND IN M.P.H.
PRELIMINARY LOCAL CLIMATOLOGICAL DATA (WS FORM: F-6) , PAGE 2
STATION: STOCKTON AIRPORT CA
MONTH: JANUARY
YEAR: 2023
LATITUDE: 37 54 N
LONGITUDE: 121 15 W
[TEMPERATURE DATA] [PRECIPITATION DATA] SYMBOLS USED IN COLUMN 16
AVERAGE MONTHLY: 49.5 TOTAL FOR MONTH: 5.76 1 = FOG OR MIST
DPTR FM NORMAL: 1.5 DPTR FM NORMAL: 3.09 2 = FOG REDUCING VISIBILITY
HIGHEST: 65 ON 12 GRTST 24HR 1.47 ON 31- 1 TO 1/4 MILE OR LESS
LOWEST: 30 ON 31 3 = THUNDER
SNOW, ICE PELLETS, HAIL 4 = ICE PELLETS
TOTAL MONTH: 0.0 INCH 5 = HAIL
GRTST 24HR 0.0 6 = FREEZING RAIN OR DRIZZLE
GRTST DEPTH: M ON M 7 = DUSTSTORM OR SANDSTORM:
VSBY 1/2 MILE OR LESS
8 = SMOKE OR HAZE
[NO. OF DAYS WITH] [WEATHER - DAYS WITH] 9 = BLOWING SNOW
X = TORNADO
MAX 32 OR BELOW: 0 0.01 INCH OR MORE: 15
MAX 90 OR ABOVE: 0 0.10 INCH OR MORE: 12
MIN 32 OR BELOW: 3 0.50 INCH OR MORE: 4
MIN 0 OR BELOW: 0 1.00 INCH OR MORE: 2
[HDD (BASE 65) ]
TOTAL THIS MO. 474 CLEAR (SCALE 0-3) 14
DPTR FM NORMAL -51 PTCLDY (SCALE 4-7) 14
TOTAL FM JUL 1 1523 CLOUDY (SCALE 8-10) 3
DPTR FM NORMAL 84
[CDD (BASE 65) ]
TOTAL THIS MO. 0
DPTR FM NORMAL 0 [PRESSURE DATA]
TOTAL FM JAN 1 0 HIGHEST SLP 30.48 ON 26
DPTR FM NORMAL 0 LOWEST SLP 29.39 ON 16
[REMARKS]
#FINAL-01-23#