000
CXUS55 KPSR 011005
CF6SDL
PRELIMINARY LOCAL CLIMATOLOGICAL DATA (WS FORM: F-6)
STATION: SCOTTSDALE AZ
MONTH: NOVEMBER
YEAR: 2021
LATITUDE: 33 37 N
LONGITUDE: 111 54 W
TEMPERATURE IN F: :PCPN: SNOW: WIND :SUNSHINE: SKY :PK WND
================================================================================
1 2 3 4 5 6A 6B 7 8 9 10 11 12 13 14 15 16 17 18
12Z AVG MX 2MIN
DY MAX MIN AVG DEP HDD CDD WTR SNW DPTH SPD SPD DIR MIN PSBL S-S WX SPD DR
================================================================================
1 82 61 72 3 0 7 0.00 M M 2.3 9 210 M M 0 8 13 210
2 83 58 71 2 0 6 0.00 M M 1.8 7 40 M M 0 11 190
3 85 56 71 3 0 6 0.00 M M 1.9 9 250 M M 0 8 13 260
4 88 57 73 5 0 8 0.00 M M 1.9 8 20 M M 0 11 20
5 88 57 73 6 0 8 0.00 M M 2.4 7 190 M M 0 11 170
6 88 58 73 6 0 8 0.00 M M 1.4 7 210 M M 0 10 170
7 85 57 71 5 0 6 0.00 M M 1.8 8 200 M M 0 11 140
8 86 56 71 5 0 6 0.00 M M 1.8 10 160 M M 0 16 160
9 83 56 70 4 0 5 0.00 M M 1.8 9 240 M M 0 13 210
10 82 54 68 3 0 3 0.00 M M 2.1 10 220 M M 0 15 200
11 86 54 70 5 0 5 0.00 M M M M M M M 0 M M
12 87 54 71 7 0 6 0.00 M M 2.9 8 180 M M 0 12 210
13 87 55 71 7 0 6 0.00 M M 1.7 7 360 M M 0 9 10
14 86 54 70 7 0 5 0.00 M M 1.2 7 360 M M 0 10 10
15 86 53 70 7 0 5 0.00 M M 1.3 6 30 M M 0 8 290
16 80 52 66 4 0 1 0.00 M M 0.6 6 150 M M 0 8 10 110
17 79 50 65 3 0 0 0.00 M M 1.2 7 150 M M 0 10 170
18 81 49 65 3 0 0 0.00 M M 2.8 12 110 M M 0 16 100
19 81 55 68 7 0 3 0.00 M M 2.4 10 80 M M 0 17 170
20 78 51 65 4 0 0 0.00 M M 1.6 7 240 M M 0 10 230
21 81 55 68 8 0 3 0.00 M M 8.0 21 50 M M 0 27 70
22 81 59 70 10 0 5 0.00 M M 4.5 16 30 M M 0 23 20
23 76 62 69 10 0 4 T M M 2.0 8 270 M M 4 10 270
24 73 57 65 6 0 0 0.00 M M 3.2 23 40 M M 2 28 50
25 76 59 68 10 0 3 0.00 M M 8.4 22 40 M M 0 32 40
26 76 50 63 5 2 0 0.00 M M 2.5 18 80 M M 0 8 27 70
27 75 49 62 4 3 0 0.00 M M 1.2 8 260 M M 0 11 180
28 81 47 64 7 1 0 0.00 M M 1.1 6 150 M M 0 7 220
29 82 51 67 10 0 2 0.00 M M 2.3 7 270 M M 0 10 290
30 80 50 65 9 0 0 0.00 M M 2.2 8 10 M M 0 10 190
================================================================================
SM 2462 1636 6 111 T M 70.3 M 6
================================================================================
AV 82.1 54.5 2.4 FASTST M M 0 MAX(MPH)
MISC ----> 23 40 32 40
================================================================================
NOTES:
# LAST OF SEVERAL OCCURRENCES
COLUMN 17 PEAK WIND IN M.P.H.
PRELIMINARY LOCAL CLIMATOLOGICAL DATA (WS FORM: F-6) , PAGE 2
STATION: SCOTTSDALE AZ
MONTH: NOVEMBER
YEAR: 2021
LATITUDE: 33 37 N
LONGITUDE: 111 54 W
[TEMPERATURE DATA] [PRECIPITATION DATA] SYMBOLS USED IN COLUMN 16
AVERAGE MONTHLY: 68.3 TOTAL FOR MONTH: T 1 = FOG OR MIST
DPTR FM NORMAL: 5.6 DPTR FM NORMAL: -0.79 2 = FOG REDUCING VISIBILITY
HIGHEST: 88 ON 6, 5 GRTST 24HR T ON 23-23 TO 1/4 MILE OR LESS
LOWEST: 47 ON 28 3 = THUNDER
SNOW, ICE PELLETS, HAIL 4 = ICE PELLETS
TOTAL MONTH: M 5 = HAIL
GRTST 24HR M ON M 6 = FREEZING RAIN OR DRIZZLE
GRTST DEPTH: M ON M 7 = DUSTSTORM OR SANDSTORM:
VSBY 1/2 MILE OR LESS
8 = SMOKE OR HAZE
[NO. OF DAYS WITH] [WEATHER - DAYS WITH] 9 = BLOWING SNOW
X = TORNADO
MAX 32 OR BELOW: 0 0.01 INCH OR MORE: 0
MAX 90 OR ABOVE: 0 0.10 INCH OR MORE: 0
MIN 32 OR BELOW: 0 0.50 INCH OR MORE: 0
MIN 0 OR BELOW: 0 1.00 INCH OR MORE: 0
[HDD (BASE 65) ]
TOTAL THIS MO. 6 CLEAR (SCALE 0-3) 29
DPTR FM NORMAL -118 PTCLDY (SCALE 4-7) 1
TOTAL FM JUL 1 14 CLOUDY (SCALE 8-10) 0
DPTR FM NORMAL -118
[CDD (BASE 65) ]
TOTAL THIS MO. 111
DPTR FM NORMAL 56 [PRESSURE DATA]
TOTAL FM JAN 1 4352 HIGHEST SLP 30.24 ON 25
DPTR FM NORMAL 182 LOWEST SLP 29.81 ON 23
[REMARKS]
#FINAL-11-21#