000
CXUS55 KPSR 011005
CF6SDL
PRELIMINARY LOCAL CLIMATOLOGICAL DATA (WS FORM: F-6)
STATION: SCOTTSDALE AZ
MONTH: OCTOBER
YEAR: 2023
LATITUDE: 33 37 N
LONGITUDE: 111 54 W
TEMPERATURE IN F: :PCPN: SNOW: WIND :SUNSHINE: SKY :PK WND
================================================================================
1 2 3 4 5 6A 6B 7 8 9 10 11 12 13 14 15 16 17 18
12Z AVG MX 2MIN
DY MAX MIN AVG DEP HDD CDD WTR SNW DPTH SPD SPD DIR MIN PSBL S-S WX SPD DR
================================================================================
1 84 69 77 -4 0 12 0.00 0.0 0 5.3 14 270 M M 2 22 170
2 83 65 74 -6 0 9 0.00 0.0 0 2.8 12 270 M M 1 19 170
3 86 62 74 -6 0 9 0.00 M M 2.3 9 270 M M 0 14 230
4 92 63 78 -2 0 13 0.00 M M 2.5 10 230 M M 0 15 230
5 97 65 81 2 0 16 0.00 M M 3.0 8 180 M M 0 12 180
6 102 67 85 6 0 20 0.00 M M 3.2 14 120 M M 0 20 120
7 99 84 92 14 0 27 0.00 M M 9.2 21 90 M M 0 31 100
8 98 74 86 8 0 21 0.00 M M 5.4 17 40 M M 0 24 50
9 97 74 86 8 0 21 0.00 M M 3.4 17 40 M M 0 3 23 50
10 94 70 82 5 0 17 0.00 M M 2.6 13 260 M M 0 17 250
11 89 71 80 3 0 15 0.00 M M 5.6 17 260 M M 0 24 260
12 87 65 76 0 0 11 0.00 M M 2.8 13 250 M M 0 19 270
13 88 61 75 -1 0 10 0.00 0.0 M 2.2 8 230 M M 0 13 210
14 90 63 77 1 0 12 0.00 0.0 M 1.7 7 10 M M 0 11 210
15 99 63 81 6 0 16 0.00 0.0 M 2.3 10 10 M M 0 15 10
16 101 69 85 10 0 20 0.00 M M 1.0 7 10 M M 0 12 150
17 98 70 84 9 0 19 0.00 M M 3.3 10 240 M M 0 15 250
18 98 67 83 9 0 18 0.00 M M 1.7 9 250 M M 0 14 260
19 102 66 84 10 0 19 0.00 M M 1.5 7 360 M M 0 10 360
20 101 66 84 10 0 19 0.00 M M 2.1 9 230 M M 0 8 14 270
21 98 67 83 10 0 18 0.00 M M 2.1 9 240 M M 0 13 220
22 94 67 81 8 0 16 0.00 M M 2.9 10 150 M M 0 18 120
23 86 69 78 6 0 13 0.00 M M 2.9 13 280 M M 0 19 290
24 83 66 75 3 0 10 0.00 M M 3.8 9 240 M M 1 15 160
25 81 62 72 0 0 7 0.00 M M 2.4 12 160 M M M 18 170
26 81 64 73 2 0 8 0.00 M M 2.2 9 270 M M M 14 260
27 85 59 72 1 0 7 0.00 M M 1.2 8 280 M M M 13 170
28 82 62 72 2 0 7 0.00 M M 3.0 15 230 M M M 19 220
29 77 53 65 -5 0 0 0.00 M M 3.2 12 230 M M M 18 220
30 78 56 67 -3 0 2 0.00 M M 3.7 13 30 M M M 23 360
31 79 53 66 -3 0 1 0.00 M M 5.9 17 110 M M 0 25 100
================================================================================
SM 2809 2032 0 413 0.00 0.0 97.2 M 4
================================================================================
AV 90.6 65.5 3.1 FASTST M M 0 MAX(MPH)
MISC ----> 21 90 31 100
================================================================================
NOTES:
# LAST OF SEVERAL OCCURRENCES
COLUMN 17 PEAK WIND IN M.P.H.
PRELIMINARY LOCAL CLIMATOLOGICAL DATA (WS FORM: F-6) , PAGE 2
STATION: SCOTTSDALE AZ
MONTH: OCTOBER
YEAR: 2023
LATITUDE: 33 37 N
LONGITUDE: 111 54 W
[TEMPERATURE DATA] [PRECIPITATION DATA] SYMBOLS USED IN COLUMN 16
AVERAGE MONTHLY: 78.1 TOTAL FOR MONTH: 0.00 1 = FOG OR MIST
DPTR FM NORMAL: 3.1 DPTR FM NORMAL: -0.62 2 = FOG REDUCING VISIBILITY
HIGHEST: 102 ON 19, 6 GRTST 24HR T ON 30- 1 TO 1/4 MILE OR LESS
LOWEST: 53 ON 31,29 3 = THUNDER
SNOW, ICE PELLETS, HAIL 4 = ICE PELLETS
TOTAL MONTH: 0.0 INCH 5 = HAIL
GRTST 24HR 0.0 6 = FREEZING RAIN OR DRIZZLE
GRTST DEPTH: 0 7 = DUSTSTORM OR SANDSTORM:
VSBY 1/2 MILE OR LESS
8 = SMOKE OR HAZE
[NO. OF DAYS WITH] [WEATHER - DAYS WITH] 9 = BLOWING SNOW
X = TORNADO
MAX 32 OR BELOW: 0 0.01 INCH OR MORE: 0
MAX 90 OR ABOVE: 16 0.10 INCH OR MORE: 0
MIN 32 OR BELOW: 0 0.50 INCH OR MORE: 0
MIN 0 OR BELOW: 0 1.00 INCH OR MORE: 0
[HDD (BASE 65) ]
TOTAL THIS MO. 0 CLEAR (SCALE 0-3) 25
DPTR FM NORMAL -8 PTCLDY (SCALE 4-7) 0
TOTAL FM JUL 1 0 CLOUDY (SCALE 8-10) 6
DPTR FM NORMAL -5
[CDD (BASE 65) ]
TOTAL THIS MO. 413
DPTR FM NORMAL 95 [PRESSURE DATA]
TOTAL FM JAN 1 4431 HIGHEST SLP 30.15 ON 31
DPTR FM NORMAL 316 LOWEST SLP 29.41 ON 11
[REMARKS]
#FINAL-10-23#