000
CXUS56 KSGX 011045
CF6SDM
PRELIMINARY LOCAL CLIMATOLOGICAL DATA (WS FORM: F-6)
STATION: SAN DIEGO/BROWN
MONTH: MAY
YEAR: 2021
LATITUDE: 32 34 N
LONGITUDE: 116 59 W
TEMPERATURE IN F: :PCPN: SNOW: WIND :SUNSHINE: SKY :PK WND
================================================================================
1 2 3 4 5 6A 6B 7 8 9 10 11 12 13 14 15 16 17 18
12Z AVG MX 2MIN
DY MAX MIN AVG DEP HDD CDD WTR SNW DPTH SPD SPD DIR MIN PSBL S-S WX SPD DR
================================================================================
1 73 58 66 4 0 1 0.00 M M 6.4 14 220 M M 6 18 18 210
2 68 56 62 0 3 0 0.05 M M 7.7 21 190 M M 10 8 27 180
3 73 57 65 3 0 0 0.00 M M 3.7 15 270 M M 4 20 280
4 76 56 66 4 0 1 0.00 M M 3.6 10 290 M M 3 8 14 310
5 78 56 67 5 0 2 0.00 M M 3.8 13 250 M M 4 128 16 300
6 71 57 64 2 1 0 0.00 M M 4.9 14 260 M M 7 8 18 270
7 72 58 65 3 0 0 0.00 M M 5.4 13 250 M M 6 20 300
8 71 57 64 2 1 0 0.00 M M 4.8 13 280 M M 5 19 260
9 73 57 65 3 0 0 0.00 M M 4.5 14 260 M M 6 8 18 280
10 71 56 64 2 1 0 0.00 M M 5.0 14 280 M M 7 20 250
11 72 56 64 2 1 0 0.00 M M 4.1 13 270 M M 5 19 270
12 74 59 67 5 0 2 0.00 M M 3.9 14 260 M M 7 20 280
13 75 58 67 4 0 2 0.00 M M 4.2 13 280 M M 5 20 270
14 73 60 67 4 0 2 0.00 M M 5.0 14 280 M M 8 8 19 280
15 71 59 65 2 0 0 T M M 6.9 17 270 M M 9 20 280
16 67 57 62 -1 3 0 T M M 7.2 14 260 M M 9 20 280
17 70 58 64 1 1 0 0.00 M M 5.7 15 280 M M 10 8 19 280
18 72 59 66 3 0 1 0.00 M M 4.6 15 260 M M 8 8 20 260
19 76 60 68 5 0 3 0.00 M M 5.1 16 270 M M 7 8 22 250
20 70 54 62 -1 3 0 0.00 M M 7.8 17 220 M M 8 8 23 200
21 69 53 61 -2 4 0 0.00 M M 7.5 16 240 M M 7 8 24 260
22 69 50 60 -3 5 0 0.00 M M 4.5 16 270 M M 3 22 230
23 74 47 61 -2 4 0 0.00 M M 5.7 16 280 M M 0 8 22 280
24 80 50 65 2 0 0 0.00 M M 4.6 15 270 M M 0 8 19 260
25 83 55 69 5 0 4 0.00 M M 3.5 12 280 M M 1 128 16 280
26 78 57 68 4 0 3 0.00 M M 5.6 16 240 M M 2 8 20 250
27 71 57 64 0 1 0 0.00 M M 4.2 14 270 M M 4 8 20 270
28 72 58 65 1 0 0 0.00 M M 4.3 14 270 M M 4 8 19 260
29 69 58 64 0 1 0 0.00 M M 5.8 16 250 M M 8 8 21 250
30 71 58 65 1 0 0 0.00 M M 4.9 14 250 M M 6 18 240
31 74 58 66 2 0 1 0.00 M M 3.7 13 280 M M 5 19 290
================================================================================
SM 2256 1749 29 22 0.05 M 158.6 M 174
================================================================================
AV 72.8 56.4 5.1 FASTST M M 6 MAX(MPH)
MISC ----> 21 190 27 180
================================================================================
NOTES:
# LAST OF SEVERAL OCCURRENCES
COLUMN 17 PEAK WIND IN M.P.H.
PRELIMINARY LOCAL CLIMATOLOGICAL DATA (WS FORM: F-6) , PAGE 2
STATION: SAN DIEGO/BROWN
MONTH: MAY
YEAR: 2021
LATITUDE: 32 34 N
LONGITUDE: 116 59 W
[TEMPERATURE DATA] [PRECIPITATION DATA] SYMBOLS USED IN COLUMN 16
AVERAGE MONTHLY: 64.6 TOTAL FOR MONTH: 0.05 1 = FOG OR MIST
DPTR FM NORMAL: 1.8 DPTR FM NORMAL: -0.22 2 = FOG REDUCING VISIBILITY
HIGHEST: 83 ON 25 GRTST 24HR 0.05 ON 2- 2 TO 1/4 MILE OR LESS
LOWEST: 47 ON 23 3 = THUNDER
SNOW, ICE PELLETS, HAIL 4 = ICE PELLETS
TOTAL MONTH: M 5 = HAIL
GRTST 24HR M ON M 6 = FREEZING RAIN OR DRIZZLE
GRTST DEPTH: M ON M 7 = DUSTSTORM OR SANDSTORM:
VSBY 1/2 MILE OR LESS
8 = SMOKE OR HAZE
[NO. OF DAYS WITH] [WEATHER - DAYS WITH] 9 = BLOWING SNOW
X = TORNADO
MAX 32 OR BELOW: 0 0.01 INCH OR MORE: 1
MAX 90 OR ABOVE: 0 0.10 INCH OR MORE: 0
MIN 32 OR BELOW: 0 0.50 INCH OR MORE: 0
MIN 0 OR BELOW: 0 1.00 INCH OR MORE: 0
[HDD (BASE 65) ]
TOTAL THIS MO. 29 CLEAR (SCALE 0-3) 5
DPTR FM NORMAL -62 PTCLDY (SCALE 4-7) 22
TOTAL FM JUL 1 1396 CLOUDY (SCALE 8-10) 4
DPTR FM NORMAL -181
[CDD (BASE 65) ]
TOTAL THIS MO. 22
DPTR FM NORMAL 0 [PRESSURE DATA]
TOTAL FM JAN 1 61 HIGHEST SLP 30.12 ON 23
DPTR FM NORMAL 13 LOWEST SLP 29.82 ON 3
[REMARKS]
#FINAL-05-21#