000
CXUS53 KLSX 011400
CF6SET
PRELIMINARY LOCAL CLIMATOLOGICAL DATA (WS FORM: F-6)
STATION: ST_CHARLES MO
MONTH: JUNE
YEAR: 2023
LATITUDE: 38 55 N
LONGITUDE: 90 26 W
TEMPERATURE IN F: :PCPN: SNOW: WIND :SUNSHINE: SKY :PK WND
================================================================================
1 2 3 4 5 6A 6B 7 8 9 10 11 12 13 14 15 16 17 18
12Z AVG MX 2MIN
DY MAX MIN AVG DEP HDD CDD WTR SNW DPTH SPD SPD DIR MIN PSBL S-S WX SPD DR
================================================================================
1 91 64 78 6 0 13 T 0.0 0 4.6 21 210 M M 1 3 26 210
2 94 66 80 8 0 15 0.00 0.0 0 4.9 16 90 M M 0 22 110
3 94 59 77 5 0 12 0.00 0.0 0 3.6 17 40 M M 0 23 90
4 93 69 81 8 0 16 0.00 0.0 0 7.1 16 30 M M 1 25 20
5 87 58 73 0 0 8 0.00 0.0 0 6.0 15 70 M M 0 23 70
6 89 53 71 -2 0 6 0.00 0.0 0 3.3 10 210 M M 0 1 16 290
7 80 60 70 -4 0 5 0.19 0.0 0 3.4 14 70 M M 4 138 19 40
8 80 54 67 -7 0 2 0.00 0.0 0 4.0 12 30 M M 0 15 20
9 83 51 67 -7 0 2 0.00 0.0 0 3.5 12 60 M M 0 16 80
10 89 58 74 0 0 9 0.15 0.0 0 6.7 16 230 M M 2 1 23 230
11 73 61 67 -8 0 2 1.09 0.0 0 10.7 22 10 M M 10 13 28 30
12 74 55 65 -10 0 0 0.00 0.0 0 7.3 16 320 M M 4 25 290
13 83 52 68 -7 0 3 0.00 0.0 0 9.9 22 260 M M 0 29 250
14 88 57 73 -2 0 8 0.00 0.0 0 5.6 12 290 M M 0 17 300
15 90 59 75 -1 0 10 0.00 0.0 0 4.1 12 300 M M 1 18 280
16 82 61 72 -4 0 7 0.00 0.0 0 7.7 15 50 M M 0 21 50
17 84 58 71 -5 0 6 0.00 0.0 0 4.7 12 120 M M 0 16 10
18 81 65 73 -3 0 8 0.39 0.0 0 8.0 20 80 M M 4 13 24 80
19 M M M M M M 0.00 0.0 M 5.6 12 30 M M 2 1 17 40
20 M M M M M M 0.00 0.0 0 8.4 17 20 M M 0 22 30
21 88 66 77 0 0 12 0.00 0.0 0 8.4 18 80 M M 2 25 80
22 90 63 77 0 0 12 0.00 0.0 0 4.1 15 60 M M 1 25 50
23 91 63 77 0 0 12 0.00 0.0 0 3.4 14 350 M M 2 1 18 30
24 96 65 81 4 0 16 0.00 0.0 0 6.1 16 190 M M 2 23 190
25 93 73 83 5 0 18 0.00 0.0 0 11.8 25 280 M M 0 37 270
26 86 67 77 -1 0 12 0.00 0.0 0 10.2 21 300 M M 1 28 310
27 88 62 75 -3 0 10 0.00 0.0 0 5.4 13 310 M M 0 8 19 330
28 91 63 77 -1 0 12 T 0.0 0 8.4 20 170 M M 1 138 28 180
29 93 73 83 5 0 18 0.00 0.0 0 6.9 33 340 M M 1 3 47 330
30 93 70 82 4 0 17 0.00 0.0 0 4.8 17 40 M M 1 3 24 60
================================================================================
SM 2444 1725 0 271 1.82 0.0 188.6 M 40
================================================================================
AV 87.3 61.6 6.3 FASTST M M 1 MAX(MPH)
MISC ----> 33 340 47 330
================================================================================
NOTES:
# LAST OF SEVERAL OCCURRENCES
COLUMN 17 PEAK WIND IN M.P.H.
PRELIMINARY LOCAL CLIMATOLOGICAL DATA (WS FORM: F-6) , PAGE 2
STATION: ST_CHARLES MO
MONTH: JUNE
YEAR: 2023
LATITUDE: 38 55 N
LONGITUDE: 90 26 W
[TEMPERATURE DATA] [PRECIPITATION DATA] SYMBOLS USED IN COLUMN 16
AVERAGE MONTHLY: 74.4 TOTAL FOR MONTH: 1.82 1 = FOG OR MIST
DPTR FM NORMAL: -1.0 DPTR FM NORMAL: -2.73 2 = FOG REDUCING VISIBILITY
HIGHEST: 96 ON 24 GRTST 24HR 1.24 ON 10-11 TO 1/4 MILE OR LESS
LOWEST: 51 ON 9 3 = THUNDER
SNOW, ICE PELLETS, HAIL 4 = ICE PELLETS
TOTAL MONTH: 0.0 INCH 5 = HAIL
GRTST 24HR 0.0 6 = FREEZING RAIN OR DRIZZLE
GRTST DEPTH: 0 7 = DUSTSTORM OR SANDSTORM:
VSBY 1/2 MILE OR LESS
8 = SMOKE OR HAZE
[NO. OF DAYS WITH] [WEATHER - DAYS WITH] 9 = BLOWING SNOW
X = TORNADO
MAX 32 OR BELOW: 0 0.01 INCH OR MORE: 4
MAX 90 OR ABOVE: 12 0.10 INCH OR MORE: 4
MIN 32 OR BELOW: 0 0.50 INCH OR MORE: 1
MIN 0 OR BELOW: 0 1.00 INCH OR MORE: 1
[HDD (BASE 65) ]
TOTAL THIS MO. 0 CLEAR (SCALE 0-3) 26
DPTR FM NORMAL -5 PTCLDY (SCALE 4-7) 3
TOTAL FM JUL 1 3917 CLOUDY (SCALE 8-10) 1
DPTR FM NORMAL -760
[CDD (BASE 65) ]
TOTAL THIS MO. 271
DPTR FM NORMAL -46 [PRESSURE DATA]
TOTAL FM JAN 1 429 HIGHEST SLP 30.03 ON 5
DPTR FM NORMAL -44 LOWEST SLP 29.61 ON 11
[REMARKS]
#FINAL-06-23#