000
CXUS53 KLSX 011400
CF6SET
PRELIMINARY LOCAL CLIMATOLOGICAL DATA (WS FORM: F-6)
STATION: ST_CHARLES MO
MONTH: MAY
YEAR: 2022
LATITUDE: 38 55 N
LONGITUDE: 90 26 W
TEMPERATURE IN F: :PCPN: SNOW: WIND :SUNSHINE: SKY :PK WND
================================================================================
1 2 3 4 5 6A 6B 7 8 9 10 11 12 13 14 15 16 17 18
12Z AVG MX 2MIN
DY MAX MIN AVG DEP HDD CDD WTR SNW DPTH SPD SPD DIR MIN PSBL S-S WX SPD DR
================================================================================
1 72 52 62 0 3 0 0.00 0.0 0 13.1 24 290 M M 3 32 260
2 66 43 55 -7 10 0 0.30 0.0 0 6.8 18 110 M M 4 13 24 110
3 64 51 58 -4 7 0 0.50 0.0 0 12.3 25 270 M M 10 138 39 160
4 61 50 56 -7 9 0 0.02 0.0 0 7.0 14 80 M M 10 1 17 30
5 59 54 57 -6 8 0 1.72 0.0 0 6.2 18 100 M M 10 18 23 100
6 57 53 55 -9 10 0 0.27 0.0 0 10.0 17 360 M M 10 18 24 10
7 72 49 61 -3 4 0 0.00 0.0 0 7.9 15 40 M M 2 22 40
8 75 53 64 0 1 0 0.00 0.0 0 15.0 25 130 M M 2 35 150
9 86 63 75 11 0 10 0.00 0.0 0 15.9 28 170 M M 2 37 160
10 90 68 79 14 0 14 0.00 0.0 0 9.7 17 160 M M 2 1 23 150
11 94 69 82 17 0 17 0.00 0.0 0 5.8 17 140 M M 2 18 24 180
12 94 71 83 18 0 18 0.00 0.0 0 8.8 18 160 M M 0 18 24 120
13 89 66 78 12 0 13 0.01 0.0 0 7.5 23 120 M M 1 3 29 110
14 90 66 78 12 0 13 0.00 0.0 0 4.3 14 280 M M 1 18 280
15 84 61 73 7 0 8 0.00 0.0 0 7.8 18 20 M M 2 27 30
16 83 53 68 1 0 3 0.00 0.0 0 7.6 21 290 M M 0 28 320
17 85 54 70 3 0 5 0.21 0.0 0 7.2 18 330 M M 2 3 25 180
18 83 64 74 7 0 9 0.35 0.0 0 7.4 23 130 M M 5 13 30 120
19 82 59 71 3 0 6 0.05 0.0 0 6.8 28 160 M M 4 123 37 200
20 89 64 77 9 0 12 0.05 0.0 0 12.2 23 210 M M 2 38 32 180
21 67 56 62 -6 3 0 1.13 0.0 0 9.8 28 10 M M 9 13 37 360
22 63 51 57 -11 8 0 0.00 0.0 0 8.2 16 350 M M 0 21 10
23 69 47 58 -11 7 0 0.00 0.0 0 8.5 18 60 M M 3 27 120
24 72 53 63 -6 2 0 0.00 0.0 0 12.3 22 100 M M 7 26 110
25 82 67 75 6 0 10 0.58 0.0 0 13.1 32 170 M M 7 13 49 160
26 74 59 67 -3 0 2 0.16 0.0 0 8.5 21 190 M M 7 1 30 210
27 67 53 60 -10 5 0 0.02 0.0 0 8.6 18 290 M M 8 1 26 310
28 81 50 66 -4 0 1 0.00 0.0 0 7.1 16 150 M M 3 12 22 160
29 87 63 75 4 0 10 0.00 0.0 0 15.3 26 160 M M 0 36 170
30 88 65 77 6 0 12 0.00 0.0 0 15.3 28 180 M M 0 39 170
31 89 72 81 10 0 16 0.00 0.0 0 10.8 23 190 M M 2 30 210
================================================================================
SM 2414 1799 77 179 5.37 0.0 296.8 M 120
================================================================================
AV 77.9 58.0 9.6 FASTST M M 4 MAX(MPH)
MISC ----> 32 170 49 160
================================================================================
NOTES:
# LAST OF SEVERAL OCCURRENCES
COLUMN 17 PEAK WIND IN M.P.H.
PRELIMINARY LOCAL CLIMATOLOGICAL DATA (WS FORM: F-6) , PAGE 2
STATION: ST_CHARLES MO
MONTH: MAY
YEAR: 2022
LATITUDE: 38 55 N
LONGITUDE: 90 26 W
[TEMPERATURE DATA] [PRECIPITATION DATA] SYMBOLS USED IN COLUMN 16
AVERAGE MONTHLY: 68.0 TOTAL FOR MONTH: 5.37 1 = FOG OR MIST
DPTR FM NORMAL: 1.4 DPTR FM NORMAL: 0.77 2 = FOG REDUCING VISIBILITY
HIGHEST: 94 ON 12,11 GRTST 24HR 1.74 ON 4- 5 TO 1/4 MILE OR LESS
LOWEST: 43 ON 2 3 = THUNDER
SNOW, ICE PELLETS, HAIL 4 = ICE PELLETS
TOTAL MONTH: 0.0 INCH 5 = HAIL
GRTST 24HR 0.0 6 = FREEZING RAIN OR DRIZZLE
GRTST DEPTH: 0 7 = DUSTSTORM OR SANDSTORM:
VSBY 1/2 MILE OR LESS
8 = SMOKE OR HAZE
[NO. OF DAYS WITH] [WEATHER - DAYS WITH] 9 = BLOWING SNOW
X = TORNADO
MAX 32 OR BELOW: 0 0.01 INCH OR MORE: 14
MAX 90 OR ABOVE: 4 0.10 INCH OR MORE: 9
MIN 32 OR BELOW: 0 0.50 INCH OR MORE: 4
MIN 0 OR BELOW: 0 1.00 INCH OR MORE: 2
[HDD (BASE 65) ]
TOTAL THIS MO. 77 CLEAR (SCALE 0-3) 17
DPTR FM NORMAL 0 PTCLDY (SCALE 4-7) 9
TOTAL FM JUL 1 4337 CLOUDY (SCALE 8-10) 5
DPTR FM NORMAL -339
[CDD (BASE 65) ]
TOTAL THIS MO. 179
DPTR FM NORMAL 52 [PRESSURE DATA]
TOTAL FM JAN 1 203 HIGHEST SLP 30.35 ON 22
DPTR FM NORMAL 47 LOWEST SLP 29.44 ON 19
[REMARKS]
#FINAL-05-22#