000
CXUS52 KMLB 010626
CF6SFB
PRELIMINARY LOCAL CLIMATOLOGICAL DATA (WS FORM: F-6)
STATION: SANFORD
MONTH: AUGUST
YEAR: 2023
LATITUDE: 28 46 N
LONGITUDE: 81 15 W
TEMPERATURE IN F: :PCPN: SNOW: WIND :SUNSHINE: SKY :PK WND
================================================================================
1 2 3 4 5 6A 6B 7 8 9 10 11 12 13 14 15 16 17 18
12Z AVG MX 2MIN
DY MAX MIN AVG DEP HDD CDD WTR SNW DPTH SPD SPD DIR MIN PSBL S-S WX SPD DR
================================================================================
1 93 73 83 -1 0 18 0.00 0.0 0 4.9 17 60 M M 1 3 22 50
2 93 77 85 1 0 20 0.00 0.0 0 6.3 18 80 M M 4 23 110
3 92 76 84 0 0 19 0.00 0.0 0 6.9 17 140 M M 1 25 110
4 95 76 86 2 0 21 0.04 0.0 0 5.1 25 40 M M 2 3 37 10
5 93 76 85 1 0 20 0.19 0.0 0 4.1 35 290 M M 2 13 44 290
6 92 78 85 1 0 20 T 0.0 0 6.1 25 300 M M 1 13 31 300
7 97 78 88 4 0 23 0.00 0.0 0 5.8 13 250 M M 1 19 250
8 98 81 90 6 0 25 0.00 0.0 0 7.1 17 300 M M 1 27 270
9 99 79 89 5 0 24 0.00 0.0 0 5.7 14 300 M M 1 3 18 340
10 97 81 89 5 0 24 0.03 0.0 0 7.5 22 300 M M 1 3 27 290
11 100 80 90 6 0 25 0.02 0.0 0 5.2 15 130 M M 3 13 23 140
12 99 79 89 5 0 24 0.34 0.0 0 4.9 24 160 M M 2 13 32 160
13 97 79 88 4 0 23 T 0.0 0 5.7 15 120 M M 1 21 130
14 93 78 86 2 0 21 1.04 0.0 0 6.6 21 210 M M 3 13 25 220
15 96 76 86 2 0 21 0.59 0.0 0 6.0 23 130 M M 1 13 35 120
16 97 76 87 3 0 22 0.01 0.0 0 6.7 22 140 M M 2 13 30 130
17 94 77 86 2 0 21 0.02 0.0 0 6.3 25 300 M M 1 3 36 300
18 93 75 84 0 0 19 0.00 0.0 0 7.2 17 160 M M 1 3 23 150
19 93 74 84 0 0 19 0.00 0.0 0 5.4 16 110 M M 0 21 110
20 92 77 85 1 0 20 0.07 0.0 0 7.8 28 120 M M 2 3 39 120
21 93 77 85 2 0 20 0.00 0.0 0 9.2 18 110 M M 1 25 80
22 93 76 85 2 0 20 0.00 0.0 0 6.6 15 80 M M 1 20 70
23 94 77 86 3 0 21 0.00 0.0 0 5.7 16 60 M M 1 22 70
24 92 77 85 2 0 20 T 0.0 0 8.4 20 70 M M 3 25 70
25 93 76 85 2 0 20 0.00 0.0 0 7.0 16 60 M M 2 21 70
26 93 76 85 2 0 20 0.00 0.0 0 5.9 15 80 M M 0 22 80
27 94 74 84 1 0 19 0.00 0.0 0 6.4 21 80 M M 2 27 90
28 94 77 86 3 0 21 0.00 0.0 0 6.8 18 160 M M 2 3 22 160
29 95 76 86 3 0 21 0.45 0.0 0 6.9 24 170 M M 1 13 36 150
30 82 78 80 -3 0 15 1.54 0.0 0 14.6 30 230 M M 5 13 46 220
31 93 78 86 3 0 21 0.02 0.0 0 4.5 23 140 M M 5 13 29 130
================================================================================
SM 2919 2388 0 647 4.36 0.0 203.3 M 54
================================================================================
AV 94.2 77.0 6.6 FASTST M M 2 MAX(MPH)
MISC ----> 35 290 46 220
================================================================================
NOTES:
# LAST OF SEVERAL OCCURRENCES
COLUMN 17 PEAK WIND IN M.P.H.
PRELIMINARY LOCAL CLIMATOLOGICAL DATA (WS FORM: F-6) , PAGE 2
STATION: SANFORD
MONTH: AUGUST
YEAR: 2023
LATITUDE: 28 46 N
LONGITUDE: 81 15 W
[TEMPERATURE DATA] [PRECIPITATION DATA] SYMBOLS USED IN COLUMN 16
AVERAGE MONTHLY: 85.6 TOTAL FOR MONTH: 4.36 1 = FOG OR MIST
DPTR FM NORMAL: 2.0 DPTR FM NORMAL: -2.41 2 = FOG REDUCING VISIBILITY
HIGHEST: 100 ON 11 GRTST 24HR 1.54 ON 30-30 TO 1/4 MILE OR LESS
LOWEST: 73 ON 1 3 = THUNDER
SNOW, ICE PELLETS, HAIL 4 = ICE PELLETS
TOTAL MONTH: 0.0 INCH 5 = HAIL
GRTST 24HR 0.0 6 = FREEZING RAIN OR DRIZZLE
GRTST DEPTH: 0 7 = DUSTSTORM OR SANDSTORM:
VSBY 1/2 MILE OR LESS
8 = SMOKE OR HAZE
[NO. OF DAYS WITH] [WEATHER - DAYS WITH] 9 = BLOWING SNOW
X = TORNADO
MAX 32 OR BELOW: 0 0.01 INCH OR MORE: 13
MAX 90 OR ABOVE: 30 0.10 INCH OR MORE: 6
MIN 32 OR BELOW: 0 0.50 INCH OR MORE: 3
MIN 0 OR BELOW: 0 1.00 INCH OR MORE: 2
[HDD (BASE 65) ]
TOTAL THIS MO. 0 CLEAR (SCALE 0-3) 27
DPTR FM NORMAL 0 PTCLDY (SCALE 4-7) 4
TOTAL FM JUL 1 0 CLOUDY (SCALE 8-10) 0
DPTR FM NORMAL 0
[CDD (BASE 65) ]
TOTAL THIS MO. 647
DPTR FM NORMAL 72 [PRESSURE DATA]
TOTAL FM JAN 1 2927 HIGHEST SLP M ON M
DPTR FM NORMAL 413 LOWEST SLP 29.64 ON 30
[REMARKS]
#FINAL-08-23#
USED SFNF1 FOR PRECIP ON 8/30 DUE TO ASOS ISSUES