000
CXUS56 KMFR 280930
CF6SIY
PRELIMINARY LOCAL CLIMATOLOGICAL DATA (WS FORM: F-6)
STATION: MONTAGUE CA
MONTH: MARCH
YEAR: 2024
LATITUDE: 41 46 N
LONGITUDE: 122 28 W
TEMPERATURE IN F: :PCPN: SNOW: WIND :SUNSHINE: SKY :PK WND
================================================================================
1 2 3 4 5 6A 6B 7 8 9 10 11 12 13 14 15 16 17 18
12Z AVG MX 2MIN
DY MAX MIN AVG DEP HDD CDD WTR SNW DPTH SPD SPD DIR MIN PSBL S-S WX SPD DR
================================================================================
1 48 33 41 -1 24 0 0.08 M M 11.7 28 160 M M 9 1 37 240
2 41 24 33 -10 32 0 0.02 M M 8.2 26 270 M M 7 12 33 270
3 39 28 34 -9 31 0 T M M 3.0 20 230 M M 8 1 25 230
4 43 25 34 -9 31 0 T M M 7.3 21 170 M M 9 1 26 190
5 47 34 41 -2 24 0 0.11 M M 5.0 22 190 M M 9 1 27 200
6 54 33 44 1 21 0 T M M 6.3 18 10 M M 6 24 330
7 52 26 39 -5 26 0 0.00 M M 5.8 12 350 M M 0 15 10
8 59 21 40 -4 25 0 0.00 M M 4.6 25 190 M M 0 33 180
9 55 37 46 2 19 0 T M M 15.0 26 240 M M 5 35 240
10 48 40 44 0 21 0 T M M 16.8 40 160 M M 9 51 170
11 49 33 41 -3 24 0 0.01 M M 9.7 24 170 M M 8 31 170
12 55 34 45 1 20 0 0.03 M M 8.0 18 300 M M 6 24 300
13 53 26 40 -4 25 0 0.00 M M 8.4 18 10 M M 1 23 30
14 61 30 46 2 19 0 0.00 M M 7.0 21 360 M M 0 31 360
15 67 28 48 4 17 0 0.00 M M 6.4 18 120 M M 0 24 130
16 69 24 47 2 18 0 0.00 M M 1.8 8 20 M M 0 9 20
17 70 26 48 3 17 0 0.00 M M 1.9 10 120 M M 0 12 150
18 75 30 53 8 12 0 0.00 M M 1.6 7 40 M M 0 8 100
19 74 31 53 8 12 0 0.00 M M 1.9 9 310 M M 0 13 310
20 65 35 50 5 15 0 0.00 M M 9.4 24 150 M M 3 30 160
21 65 35 50 5 15 0 0.00 M M 9.9 23 150 M M 2 28 150
22 58 36 47 2 18 0 0.06 M M 13.4 31 170 M M 6 41 180
23 53 35 44 -1 21 0 T M M 11.6 31 170 M M 9 40 170
24 54 34 44 -1 21 0 0.02 M M 4.5 18 290 M M 8 22 300
25 57 34 46 1 19 0 0.00 M M 6.5 20 260 M M 6 26 280
26 60 24 42 -3 23 0 0.00 M M 2.9 10 190 M M 3 15 180
27 51 34 43 -3 22 0 0.20 M M 11.1 32 180 M M 8 39 170
================================================================================
SM 1522 830 572 0 0.53 M 199.7 M 122
================================================================================
AV 56.4 30.7 7.4 FASTST M M 5 MAX(MPH)
MISC ----> 40 160 51 170
================================================================================
NOTES:
# LAST OF SEVERAL OCCURRENCES
COLUMN 17 PEAK WIND IN M.P.H.
PRELIMINARY LOCAL CLIMATOLOGICAL DATA (WS FORM: F-6) , PAGE 2
STATION: MONTAGUE CA
MONTH: MARCH
YEAR: 2024
LATITUDE: 41 46 N
LONGITUDE: 122 28 W
[TEMPERATURE DATA] [PRECIPITATION DATA] SYMBOLS USED IN COLUMN 16
AVERAGE MONTHLY: 43.6 TOTAL FOR MONTH: 0.53 1 = FOG OR MIST
DPTR FM NORMAL: -0.7 DPTR FM NORMAL: -0.58 2 = FOG REDUCING VISIBILITY
HIGHEST: 75 ON 18 GRTST 24HR 0.20 ON 27-27 TO 1/4 MILE OR LESS
LOWEST: 21 ON 8 3 = THUNDER
SNOW, ICE PELLETS, HAIL 4 = ICE PELLETS
TOTAL MONTH: M 5 = HAIL
GRTST 24HR M ON M 6 = FREEZING RAIN OR DRIZZLE
GRTST DEPTH: M ON M 7 = DUSTSTORM OR SANDSTORM:
VSBY 1/2 MILE OR LESS
8 = SMOKE OR HAZE
[NO. OF DAYS WITH] [WEATHER - DAYS WITH] 9 = BLOWING SNOW
X = TORNADO
MAX 32 OR BELOW: 0 0.01 INCH OR MORE: 8
MAX 90 OR ABOVE: 0 0.10 INCH OR MORE: 2
MIN 32 OR BELOW: 13 0.50 INCH OR MORE: 0
MIN 0 OR BELOW: 0 1.00 INCH OR MORE: 0
[HDD (BASE 65) ]
TOTAL THIS MO. 572 CLEAR (SCALE 0-3) 11
DPTR FM NORMAL 10 PTCLDY (SCALE 4-7) 9
TOTAL FM JUL 1 3866 CLOUDY (SCALE 8-10) 7
DPTR FM NORMAL -354
[CDD (BASE 65) ]
TOTAL THIS MO. 0
DPTR FM NORMAL 0 [PRESSURE DATA]
TOTAL FM JAN 1 0 HIGHEST SLP M ON M
DPTR FM NORMAL 0 LOWEST SLP 29.40 ON 1
[REMARKS]