000
CXUS56 KMFR 022220
CF6SIY
PRELIMINARY LOCAL CLIMATOLOGICAL DATA (WS FORM: F-6)
STATION: MONTAGUE CA
MONTH: MARCH
YEAR: 2022
LATITUDE: 41 46 N
LONGITUDE: 122 28 W
TEMPERATURE IN F: :PCPN: SNOW: WIND :SUNSHINE: SKY :PK WND
================================================================================
1 2 3 4 5 6A 6B 7 8 9 10 11 12 13 14 15 16 17 18
12Z AVG MX 2MIN
DY MAX MIN AVG DEP HDD CDD WTR SNW DPTH SPD SPD DIR MIN PSBL S-S WX SPD DR
================================================================================
1 67 37 52 10 13 0 0.00 M M 5.9 14 50 M M 2 16 50
2 70 33 52 9 13 0 0.00 M M 11.7 25 170 M M 2 31 160
3 49 36 43 0 22 0 0.11 M M 10.6 17 20 M M 10 23 20
4 46 25 36 -7 29 0 0.00 M M 9.1 23 360 M M 4 28 360
5 50 28 39 -4 26 0 0.00 M M 9.6 22 320 M M 8 29 320
6 56 20 38 -5 27 0 0.00 M M 3.8 13 360 M M 0 17 40
7 64 20 42 -2 23 0 0.00 M M 7.2 23 360 M M 0 30 360
8 59 28 44 0 21 0 0.00 M M 8.6 23 10 M M 5 30 10
9 57 30 44 0 21 0 0.00 M M 9.8 24 340 M M 7 39 350
10 57 24 41 -3 24 0 0.00 M M 5.7 16 350 M M 0 20 350
11 66 16 41 -3 24 0 0.00 M M 2.6 7 20 M M 0 10 120
12 64 25 45 1 20 0 0.10 M M 19.0 40 190 M M 3 64 170
13 53 34 44 0 21 0 T M M 6.3 18 210 M M 7 24 210
14 69 32 51 7 14 0 0.02 M M 9.3 32 170 M M 7 39 170
15 56 35 46 2 19 0 0.10 M M 7.1 17 310 M M 6 1 22 310
16 61 28 45 0 20 0 0.00 M M 3.3 12 340 M M 0 14 70
17 64 32 48 3 17 0 0.00 M M 4.5 18 20 M M 2 22 360
18 65 25 45 0 20 0 0.00 M M 3.2 10 340 M M 1 13 70
19 52 31 42 -3 23 0 0.03 M M 9.7 24 360 M M 7 29 360
20 55 19 37 -8 28 0 0.00 M M 5.1 14 340 M M 2 16 340
21 56 37 47 2 18 0 0.00 M M 3.0 10 350 M M 10 13 350
22 75 33 54 9 11 0 0.00 M M 2.4 9 60 M M 2 1 11 10
23 76 35 56 11 9 0 0.00 M M 5.4 15 340 M M 0 19 10
24 75 30 53 8 12 0 0.00 M M 2.5 9 60 M M 0 10 60
25 77 38 58 13 7 0 0.00 M M 8.4 15 350 M M 0 19 350
26 78 32 55 10 10 0 0.00 M M 6.6 26 170 M M 0 33 160
27 70 40 55 9 10 0 0.00 M M 12.1 35 170 M M 0 48 160
28 62 47 55 9 10 0 T M M 8.7 22 350 M M 9 26 320
29 71 35 53 7 12 0 0.00 M M 5.8 15 10 M M 2 19 10
30 59 35 47 1 18 0 0.00 M M 12.1 23 20 M M 0 30 30
31 62 27 45 -1 20 0 0.00 M M 8.3 21 10 M M 0 25 10
================================================================================
SM 1941 947 562 0 0.36 M 227.4 M 96
================================================================================
AV 62.6 30.5 7.3 FASTST M M 3 MAX(MPH)
MISC ----> 40 190 64 170
================================================================================
NOTES:
# LAST OF SEVERAL OCCURRENCES
COLUMN 17 PEAK WIND IN M.P.H.
PRELIMINARY LOCAL CLIMATOLOGICAL DATA (WS FORM: F-6) , PAGE 2
STATION: MONTAGUE CA
MONTH: MARCH
YEAR: 2022
LATITUDE: 41 46 N
LONGITUDE: 122 28 W
[TEMPERATURE DATA] [PRECIPITATION DATA] SYMBOLS USED IN COLUMN 16
AVERAGE MONTHLY: 46.6 TOTAL FOR MONTH: 0.36 1 = FOG OR MIST
DPTR FM NORMAL: 2.2 DPTR FM NORMAL: -0.89 2 = FOG REDUCING VISIBILITY
HIGHEST: 78 ON 26 GRTST 24HR 0.12 ON 14-15 TO 1/4 MILE OR LESS
LOWEST: 16 ON 11 3 = THUNDER
SNOW, ICE PELLETS, HAIL 4 = ICE PELLETS
TOTAL MONTH: M 5 = HAIL
GRTST 24HR M ON M 6 = FREEZING RAIN OR DRIZZLE
GRTST DEPTH: M ON M 7 = DUSTSTORM OR SANDSTORM:
VSBY 1/2 MILE OR LESS
8 = SMOKE OR HAZE
[NO. OF DAYS WITH] [WEATHER - DAYS WITH] 9 = BLOWING SNOW
X = TORNADO
MAX 32 OR BELOW: 0 0.01 INCH OR MORE: 5
MAX 90 OR ABOVE: 0 0.10 INCH OR MORE: 3
MIN 32 OR BELOW: 18 0.50 INCH OR MORE: 0
MIN 0 OR BELOW: 0 1.00 INCH OR MORE: 0
[HDD (BASE 65) ]
TOTAL THIS MO. 562 CLEAR (SCALE 0-3) 20
DPTR FM NORMAL -77 PTCLDY (SCALE 4-7) 8
TOTAL FM JUL 1 4145 CLOUDY (SCALE 8-10) 3
DPTR FM NORMAL -151
[CDD (BASE 65) ]
TOTAL THIS MO. 0
DPTR FM NORMAL 0 [PRESSURE DATA]
TOTAL FM JAN 1 0 HIGHEST SLP 30.62 ON 7
DPTR FM NORMAL 0 LOWEST SLP 29.61 ON 27
[REMARKS]
#FINAL-03-22#