000
CXUS56 KMFR 010930
CF6SIY
PRELIMINARY LOCAL CLIMATOLOGICAL DATA (WS FORM: F-6)
STATION: MONTAGUE CA
MONTH: APRIL
YEAR: 2021
LATITUDE: 41 46 N
LONGITUDE: 122 28 W
TEMPERATURE IN F: :PCPN: SNOW: WIND :SUNSHINE: SKY :PK WND
================================================================================
1 2 3 4 5 6A 6B 7 8 9 10 11 12 13 14 15 16 17 18
12Z AVG MX 2MIN
DY MAX MIN AVG DEP HDD CDD WTR SNW DPTH SPD SPD DIR MIN PSBL S-S WX SPD DR
================================================================================
1 75 31 53 9 12 0 0.00 M M 6.1 17 250 M M 0 8 25 260
2 74 29 52 8 13 0 0.00 M M 7.4 24 170 M M 0 8 31 150
3 73 31 52 8 13 0 0.00 M M 7.9 22 170 M M 0 25 170
4 73 32 53 9 12 0 0.00 M M 7.9 20 350 M M 0 23 360
5 64 32 48 4 17 0 0.00 M M 7.2 16 350 M M 0 18 360
6 72 23 48 4 17 0 0.00 M M 2.6 12 360 M M 0 14 20
7 70 32 51 6 14 0 0.00 M M 6.5 17 310 M M 0 23 320
8 63 36 50 5 15 0 0.00 M M 10.2 17 360 M M 1 21 350
9 70 25 48 3 17 0 0.00 M M 5.6 20 10 M M 0 23 20
10 62 27 45 0 20 0 0.00 M M 13.1 23 10 M M 0 27 20
11 68 26 47 1 18 0 0.00 M M 6.9 18 360 M M 0 25 340
12 70 33 52 6 13 0 0.00 M M 9.0 18 360 M M 0 22 350
13 64 39 52 6 13 0 0.00 M M 13.8 31 20 M M 2 8 40 10
14 66 36 51 5 14 0 0.00 M M 9.8 23 10 M M 0 27 20
15 69 24 47 1 18 0 0.00 M M 4.5 13 20 M M 0 8 17 40
16 75 29 52 5 13 0 0.00 M M 5.1 16 20 M M 0 8 22 360
17 78 36 57 10 8 0 0.00 M M 5.3 15 40 M M 0 29 340
18 82 30 56 8 9 0 0.00 M M 5.1 18 20 M M 0 22 10
19 78 35 57 9 8 0 T M M 6.7 22 360 M M 1 26 360
20 64 45 55 7 10 0 0.04 M M 11.2 25 360 M M 5 31 360
21 73 33 53 5 12 0 0.00 M M 10.8 23 350 M M 0 28 350
22 74 28 51 2 14 0 0.00 M M 7.7 23 350 M M 0 35 360
23 74 28 51 2 14 0 0.10 M M 6.0 21 290 M M 3 26 290
24 60 43 52 2 13 0 0.08 M M 6.6 28 260 M M 8 32 250
25 49 38 44 -6 21 0 0.16 M M 4.9 23 300 M M 9 27 290
26 56 32 44 -6 21 0 0.00 M M 5.6 16 320 M M 7 19 330
27 70 26 48 -2 17 0 0.00 M M 3.9 14 10 M M 0 15 350
28 80 28 54 3 11 0 0.00 M M 3.7 12 30 M M 0 15 40
29 89 39 64 13 1 0 0.00 M M 4.7 15 20 M M 0 20 10
30 82 42 62 10 3 0 0.00 M M 5.9 18 360 M M 0 22 10
================================================================================
SM 2117 968 401 0 0.38 M 211.7 M 36
================================================================================
AV 70.6 32.3 7.1 FASTST M M 1 MAX(MPH)
MISC ----> 31 20 40 10
================================================================================
NOTES:
# LAST OF SEVERAL OCCURRENCES
COLUMN 17 PEAK WIND IN M.P.H.
PRELIMINARY LOCAL CLIMATOLOGICAL DATA (WS FORM: F-6) , PAGE 2
STATION: MONTAGUE CA
MONTH: APRIL
YEAR: 2021
LATITUDE: 41 46 N
LONGITUDE: 122 28 W
[TEMPERATURE DATA] [PRECIPITATION DATA] SYMBOLS USED IN COLUMN 16
AVERAGE MONTHLY: 51.4 TOTAL FOR MONTH: 0.38 1 = FOG OR MIST
DPTR FM NORMAL: 4.3 DPTR FM NORMAL: -1.18 2 = FOG REDUCING VISIBILITY
HIGHEST: 89 ON 29 GRTST 24HR 0.18 ON 23-24 TO 1/4 MILE OR LESS
LOWEST: 23 ON 6 3 = THUNDER
SNOW, ICE PELLETS, HAIL 4 = ICE PELLETS
TOTAL MONTH: M 5 = HAIL
GRTST 24HR M ON M 6 = FREEZING RAIN OR DRIZZLE
GRTST DEPTH: M ON M 7 = DUSTSTORM OR SANDSTORM:
VSBY 1/2 MILE OR LESS
8 = SMOKE OR HAZE
[NO. OF DAYS WITH] [WEATHER - DAYS WITH] 9 = BLOWING SNOW
X = TORNADO
MAX 32 OR BELOW: 0 0.01 INCH OR MORE: 4
MAX 90 OR ABOVE: 0 0.10 INCH OR MORE: 2
MIN 32 OR BELOW: 18 0.50 INCH OR MORE: 0
MIN 0 OR BELOW: 0 1.00 INCH OR MORE: 0
[HDD (BASE 65) ]
TOTAL THIS MO. 401 CLEAR (SCALE 0-3) 26
DPTR FM NORMAL -138 PTCLDY (SCALE 4-7) 2
TOTAL FM JUL 1 4558 CLOUDY (SCALE 8-10) 2
DPTR FM NORMAL -540
[CDD (BASE 65) ]
TOTAL THIS MO. 0
DPTR FM NORMAL 0 [PRESSURE DATA]
TOTAL FM JAN 1 0 HIGHEST SLP M ON M
DPTR FM NORMAL 0 LOWEST SLP 29.76 ON 25
[REMARKS]
#FINAL-04-21#