000
CXUS56 KFGZ 010900
CF6SJN
PRELIMINARY LOCAL CLIMATOLOGICAL DATA (WS FORM: F-6)
STATION: SAINT JOHNS AZ AIRPORT
MONTH: FEBRUARY
YEAR: 2020
LATITUDE: 34 31 N
LONGITUDE: 109 23 W
TEMPERATURE IN F: :PCPN: SNOW: WIND :SUNSHINE: SKY :PK WND
================================================================================
1 2 3 4 5 6A 6B 7 8 9 10 11 12 13 14 15 16 17 18
12Z AVG MX 2MIN
DY MAX MIN AVG DEP HDD CDD WTR SNW DPTH SPD SPD DIR MIN PSBL S-S WX SPD DR
================================================================================
1 56 19 38 0 27 0 0.00 M M 3.1 9 310 M M 0 12 310
2 66 20 43 5 22 0 0.00 M M 6.5 26 230 M M 0 8 34 240
3 56 27 42 4 23 0 T M 0 23.8 53 220 M M 3 8 71 230
4 35 14 25 -13 40 0 T M 0 7.2 16 280 M M 5 20 280
5 34 10 22 -16 43 0 0.00 M M 9.6 22 290 M M 0 27 320
6 52 18 35 -4 30 0 0.00 M M 8.8 22 280 M M 0 28 270
7 59 30 45 6 20 0 0.00 M M 8.2 20 290 M M 0 27 270
8 67 22 45 6 20 0 0.00 M M 8.7 25 250 M M 0 34 250
9 60 27 44 5 21 0 0.00 M M 6.3 23 250 M M 0 30 220
10 52 33 43 4 22 0 0.54 M M 4.8 15 270 M M 9 1 18 300
11 36 30 33 -6 32 0 0.10 M M 6.9 16 280 M M 10 1 20 240
12 44 28 36 -3 29 0 0.00 M M 7.5 18 310 M M 4 23 320
13 52 19 36 -4 29 0 0.00 M M 3.1 13 340 M M 0 18 15 340
14 58 19 39 -1 26 0 0.00 M M 4.4 20 260 M M 1 24 270
15 58 22 40 0 25 0 0.00 M M 5.8 15 300 M M 0 19 270
16 66 22 44 4 21 0 0.00 M M 8.1 21 240 M M 0 27 270
17 61 26 44 4 21 0 0.00 M M 6.8 20 310 M M 0 26 310
18 60 27 44 4 21 0 0.00 M M 4.2 14 320 M M 0 16 320
19 64 26 45 5 20 0 0.00 M M 6.0 24 290 M M 2 32 310
20 61 23 42 1 23 0 0.00 0.0 0 3.7 15 310 M M 0 20 310
21 60 35 48 7 17 0 0.00 M M 2.7 8 310 M M 4 8 10 310
22 54 37 46 5 19 0 0.16 M M 5.3 20 220 M M 7 1 26 250
23 45 32 39 -2 26 0 0.07 M M 12.7 25 240 M M 7 1 34 260
24 56 29 43 2 22 0 0.00 M M 10.8 25 300 M M 0 33 290
25 42 18 30 -11 35 0 0.00 0.0 0 10.1 25 340 M M 1 32 340
26 48 11 30 -12 35 0 0.00 M M 3.5 9 310 M M 0 12 310
27 57 17 37 -5 28 0 0.00 M M 4.5 13 40 M M 0 20 330
28 63 18 41 -1 24 0 0.00 M M 5.2 14 40 M M 0 19 50
29 63 26 45 3 20 0 T M M 10.0 29 240 M M 1 36 240
================================================================================
SM 1585 685 741 0 0.87 0.0 208.3 M 54
================================================================================
AV 54.7 23.6 7.2 FASTST M M 2 MAX(MPH)
MISC ----> # 53 220 # 71 230
================================================================================
NOTES:
# LAST OF SEVERAL OCCURRENCES
COLUMN 17 PEAK WIND IN M.P.H.
PRELIMINARY LOCAL CLIMATOLOGICAL DATA (WS FORM: F-6) , PAGE 2
STATION: SAINT JOHNS AZ AIRPORT
MONTH: FEBRUARY
YEAR: 2020
LATITUDE: 34 31 N
LONGITUDE: 109 23 W
[TEMPERATURE DATA] [PRECIPITATION DATA] SYMBOLS USED IN COLUMN 16
AVERAGE MONTHLY: 39.1 TOTAL FOR MONTH: 0.87 1 = FOG OR MIST
DPTR FM NORMAL: -0.7 DPTR FM NORMAL: 0.34 2 = FOG REDUCING VISIBILITY
HIGHEST: 67 ON 8 GRTST 24HR 0.54 ON 10-10 TO 1/4 MILE OR LESS
LOWEST: 10 ON 5 3 = THUNDER
SNOW, ICE PELLETS, HAIL 4 = ICE PELLETS
TOTAL MONTH: 0.0 INCH 5 = HAIL
GRTST 24HR 0.0 6 = FREEZING RAIN OR DRIZZLE
GRTST DEPTH: 0 7 = DUSTSTORM OR SANDSTORM:
VSBY 1/2 MILE OR LESS
8 = SMOKE OR HAZE
[NO. OF DAYS WITH] [WEATHER - DAYS WITH] 9 = BLOWING SNOW
X = TORNADO
MAX 32 OR BELOW: 0 0.01 INCH OR MORE: 4
MAX 90 OR ABOVE: 0 0.10 INCH OR MORE: 3
MIN 32 OR BELOW: 26 0.50 INCH OR MORE: 1
MIN 0 OR BELOW: 0 1.00 INCH OR MORE: 0
[HDD (BASE 65) ]
TOTAL THIS MO. 741 CLEAR (SCALE 0-3) 22
DPTR FM NORMAL 12 PTCLDY (SCALE 4-7) 5
TOTAL FM JUL 1 3655 CLOUDY (SCALE 8-10) 2
DPTR FM NORMAL 37
[CDD (BASE 65) ]
TOTAL THIS MO. 0
DPTR FM NORMAL 0 [PRESSURE DATA]
TOTAL FM JAN 1 0 HIGHEST SLP M ON M
DPTR FM NORMAL 0 LOWEST SLP 29.45 ON 3
[REMARKS]
#FINAL-02-20#