000
CXUS56 KSLC 301832
CF6SLC
PRELIMINARY LOCAL CLIMATOLOGICAL DATA (WS FORM: F-6)
STATION: SALT LAKE CITY UT
MONTH: APRIL
YEAR: 2021
LATITUDE: 40 46 N
LONGITUDE: 111 58 W
TEMPERATURE IN F: :PCPN: SNOW: WIND :SUNSHINE: SKY :PK WND
================================================================================
1 2 3 4 5 6A 6B 7 8 9 10 11 12 13 14 15 16 17 18
12Z AVG MX 2MIN
DY MAX MIN AVG DEP HDD CDD WTR SNW DPTH SPD SPD DIR MIN PSBL S-S WX SPD DR
================================================================================
1 66 33 50 1 15 0 0.00 0.0 0 6.0 14 280 M M 0 17 280
2 75 39 57 8 8 0 0.00 0.0 0 5.4 14 340 M M 0 16 340
3 79 46 63 14 2 0 0.00 0.0 0 7.0 13 340 M M 0 M M
4 79 52 66 17 0 1 0.00 0.0 0 6.5 16 330 M M 1 21 320
5 74 41 58 8 7 0 0.05 0.0 0 12.1 38 310 M M 4 8 45 310
6 50 34 42 -8 23 0 0.09 T 0 9.0 23 260 M M 6 18 28 290
7 64 36 50 0 15 0 0.00 0.0 0 6.6 13 170 M M 0 16 150
8 65 43 54 4 11 0 0.00 0.0 0 9.5 22 330 M M 1 28 330
9 57 34 46 -4 19 0 0.00 0.0 0 7.2 15 340 M M 0 17 350
10 69 39 54 4 11 0 0.00 0.0 0 6.7 22 290 M M 0 28 290
11 54 39 47 -4 18 0 0.00 0.0 0 10.1 20 350 M M 0 25 330
12 55 32 44 -7 21 0 0.00 0.0 0 6.8 16 360 M M 0 25 320
13 57 36 47 -4 18 0 T 0.0 0 12.7 33 90 M M 5 43 90
14 50 38 44 -7 21 0 0.31 0.0 0 8.4 23 120 M M 10 1 29 100
15 47 34 41 -10 24 0 0.28 0.0 0 4.9 18 350 M M 9 1 23 340
16 52 36 44 -8 21 0 0.26 0.0 0 5.5 16 260 M M 8 1 19 280
17 57 39 48 -4 17 0 0.00 0.0 0 11.5 23 280 M M 0 31 280
18 64 37 51 -1 14 0 0.00 0.0 0 5.2 14 330 M M 0 17 270
19 66 40 53 1 12 0 T 0.0 0 15.0 43 320 M M 1 8 54 330
20 59 33 46 -7 19 0 0.00 0.0 0 5.7 14 120 M M 0 16 120
21 58 44 51 -2 14 0 0.00 0.0 0 8.5 17 340 M M 5 22 50
22 64 37 51 -2 14 0 0.00 0.0 0 5.1 15 330 M M 1 20 330
23 65 47 56 2 9 0 T 0.0 0 7.9 20 320 M M 3 27 310
24 69 49 59 5 6 0 0.00 0.0 0 10.8 23 180 M M 7 29 160
25 62 49 56 2 9 0 0.00 0.0 0 9.5 21 330 M M 6 25 330
26 49 39 44 -10 21 0 0.80 0.0 0 6.0 15 350 M M 10 1 17 350
27 56 37 47 -8 18 0 0.00 0.0 0 10.9 21 300 M M 5 1 26 320
28 64 40 52 -3 13 0 0.00 0.0 0 7.5 21 280 M M 1 1 27 280
29 73 43 58 2 7 0 0.00 0.0 0 6.6 14 310 M M 1 19 320
30 84 50 67 11 0 2 0.00 0.0 0 6.7 12 140 M M 1 16 350
================================================================================
SM 1883 1196 407 3 1.79 T 241.3 M 85
================================================================================
AV 62.8 39.9 8.0 FASTST M M 3 MAX(MPH)
MISC ----> 43 320 54 330
================================================================================
NOTES:
# LAST OF SEVERAL OCCURRENCES
COLUMN 17 PEAK WIND IN M.P.H.
PRELIMINARY LOCAL CLIMATOLOGICAL DATA (WS FORM: F-6) , PAGE 2
STATION: SALT LAKE CITY UT
MONTH: APRIL
YEAR: 2021
LATITUDE: 40 46 N
LONGITUDE: 111 58 W
[TEMPERATURE DATA] [PRECIPITATION DATA] SYMBOLS USED IN COLUMN 16
AVERAGE MONTHLY: 51.3 TOTAL FOR MONTH: 1.79 1 = FOG OR MIST
DPTR FM NORMAL: -0.5 DPTR FM NORMAL: -0.37 2 = FOG REDUCING VISIBILITY
HIGHEST: 84 ON 30 GRTST 24HR 0.80 ON 26-26 TO 1/4 MILE OR LESS
LOWEST: 32 ON 12 3 = THUNDER
SNOW, ICE PELLETS, HAIL 4 = ICE PELLETS
TOTAL MONTH: T 5 = HAIL
GRTST 24HR T ON 6- 6 6 = FREEZING RAIN OR DRIZZLE
GRTST DEPTH: 0 7 = DUSTSTORM OR SANDSTORM:
VSBY 1/2 MILE OR LESS
8 = SMOKE OR HAZE
[NO. OF DAYS WITH] [WEATHER - DAYS WITH] 9 = BLOWING SNOW
X = TORNADO
MAX 32 OR BELOW: 0 0.01 INCH OR MORE: 6
MAX 90 OR ABOVE: 0 0.10 INCH OR MORE: 4
MIN 32 OR BELOW: 1 0.50 INCH OR MORE: 1
MIN 0 OR BELOW: 0 1.00 INCH OR MORE: 0
[HDD (BASE 65) ]
TOTAL THIS MO. 407 CLEAR (SCALE 0-3) 18
DPTR FM NORMAL 7 PTCLDY (SCALE 4-7) 9
TOTAL FM JUL 1 4899 CLOUDY (SCALE 8-10) 3
DPTR FM NORMAL -48
[CDD (BASE 65) ]
TOTAL THIS MO. 3
DPTR FM NORMAL -2 [PRESSURE DATA]
TOTAL FM JAN 1 3 HIGHEST SLP 30.35 ON 1
DPTR FM NORMAL -2 LOWEST SLP 29.45 ON 5
[REMARKS]
#FINAL-04-21#