128
CXUS51 KBTV 010700
CF6SLK
PRELIMINARY LOCAL CLIMATOLOGICAL DATA (WS FORM: F-6)
STATION: SARANAC LAKE NY
MONTH: JULY
YEAR: 2020
LATITUDE: 44 23 N
LONGITUDE: 74 12 W
TEMPERATURE IN F: :PCPN: SNOW: WIND :SUNSHINE: SKY :PK WND
================================================================================
1 2 3 4 5 6A 6B 7 8 9 10 11 12 13 14 15 16 17 18
12Z AVG MX 2MIN
DY MAX MIN AVG DEP HDD CDD WTR SNW DPTH SPD SPD DIR MIN PSBL S-S WX SPD DR
================================================================================
1 78 54 66 3 0 1 0.00 M M 3.3 15 30 M M 7 1 18 20
2 86 55 71 8 0 6 T M M 3.8 12 270 M M 5 12 18 270
3 81 54 68 5 0 3 T M M 3.2 16 30 M M 5 1 22 40
4 82 46 64 1 1 0 0.00 M M 2.6 12 10 M M 2 12 18 30
5 81 45 63 -1 2 0 0.34 M M 3.0 17 330 M M 3 1 29 330
6 81 46 64 0 1 0 0.00 M M 2.7 10 60 M M 1 12 14 50
7 86 46 66 2 0 1 0.05 M M 4.5 20 210 M M 1 13 24 200
8 86 65 76 12 0 11 T M M 6.8 16 220 M M 3 22 220
9 90 57 74 10 0 9 0.00 M M 3.1 14 240 M M 1 12 19 230
10 89 57 73 9 0 8 T M M 5.3 18 190 M M 2 12 26 200
11 81 64 73 9 0 8 1.27 M M 7.0 22 150 M M 7 138 28 140
12 76 63 70 6 0 5 1.04 M M 5.0 15 280 M M 7 1 24 270
13 70 59 65 1 0 0 0.39 M M 3.0 10 20 M M 8 138 14 20
14 75 53 64 0 1 0 0.07 M M 3.6 15 40 M M 6 123 24 30
15 80 48 64 0 1 0 0.00 M M 3.4 13 60 M M 3 12 16 50
16 75 51 63 -1 2 0 0.03 M M 6.6 21 190 M M 7 1 27 180
17 77 58 68 4 0 3 0.26 M M 6.6 15 230 M M 6 138 21 220
18 83 53 68 4 0 3 0.00 M M 5.6 16 240 M M 1 1 25 240
19 87 56 72 8 0 7 0.34 M M 8.1 24 210 M M 2 13 33 210
20 80 63 72 8 0 7 0.02 M M 8.6 17 250 M M 5 1 26 260
21 75 52 64 0 1 0 0.00 M M 2.0 10 290 M M 5 25 230
22 76 51 64 0 1 0 T M M 1.4 10 220 M M 4 12 14 220
23 77 54 66 3 0 1 0.52 M M 3.5 13 260 M M 7 12 17 270
24 80 52 66 3 0 1 0.00 M M 1.8 13 50 M M 4 12 16 40
25 81 48 65 2 0 0 0.00 M M 3.5 15 230 M M 2 12 22 240
26 82 55 69 6 0 4 0.00 M M 9.3 20 240 M M 3 27 260
27 83 68 76 13 0 11 0.05 M M 9.3 20 220 M M 7 1 29 240
28 79 57 68 5 0 3 T M M 8.3 18 230 M M 2 28 220
29 78 50 64 1 1 0 0.01 M M 6.7 28 220 M M 4 34 220
30 77 51 64 1 1 0 0.00 M M 5.3 15 220 M M 6 1 20 230
31 80 48 64 1 1 0 0.00 M M 2.9 10 20 M M 3 12 15 10
================================================================================
SM 2492 1679 13 92 4.39 M 149.8 M 129
================================================================================
AV 80.4 54.2 4.8 FASTST M M 4 MAX(MPH)
MISC ----> 28 220 34 220
================================================================================
NOTES:
# LAST OF SEVERAL OCCURRENCES
COLUMN 17 PEAK WIND IN M.P.H.
PRELIMINARY LOCAL CLIMATOLOGICAL DATA (WS FORM: F-6) , PAGE 2
STATION: SARANAC LAKE NY
MONTH: JULY
YEAR: 2020
LATITUDE: 44 23 N
LONGITUDE: 74 12 W
[TEMPERATURE DATA] [PRECIPITATION DATA] SYMBOLS USED IN COLUMN 16
AVERAGE MONTHLY: 67.3 TOTAL FOR MONTH: 4.39 1 = FOG OR MIST
DPTR FM NORMAL: 3.8 DPTR FM NORMAL: 0.20 2 = FOG REDUCING VISIBILITY
HIGHEST: 90 ON 9 GRTST 24HR 2.26 ON 11-12 TO 1/4 MILE OR LESS
LOWEST: 45 ON 5 3 = THUNDER
SNOW, ICE PELLETS, HAIL 4 = ICE PELLETS
TOTAL MONTH: M 5 = HAIL
GRTST 24HR M ON M 6 = FREEZING RAIN OR DRIZZLE
GRTST DEPTH: M ON M 7 = DUSTSTORM OR SANDSTORM:
VSBY 1/2 MILE OR LESS
8 = SMOKE OR HAZE
[NO. OF DAYS WITH] [WEATHER - DAYS WITH] 9 = BLOWING SNOW
X = TORNADO
MAX 32 OR BELOW: 0 0.01 INCH OR MORE: 13
MAX 90 OR ABOVE: 1 0.10 INCH OR MORE: 7
MIN 32 OR BELOW: 0 0.50 INCH OR MORE: 3
MIN 0 OR BELOW: 0 1.00 INCH OR MORE: 2
[HDD (BASE 65) ]
TOTAL THIS MO. 13 CLEAR (SCALE 0-3) 12
DPTR FM NORMAL -81 PTCLDY (SCALE 4-7) 19
TOTAL FM JUL 1 13 CLOUDY (SCALE 8-10) 0
DPTR FM NORMAL -80
[CDD (BASE 65) ]
TOTAL THIS MO. 92
DPTR FM NORMAL 46 [PRESSURE DATA]
TOTAL FM JAN 1 142 HIGHEST SLP M ON M
DPTR FM NORMAL 67 LOWEST SLP 29.49 ON 12
[REMARKS]
#FINAL-07-20#