000
CXAK56 PAFC 290635
CF6SNP
PRELIMINARY LOCAL CLIMATOLOGICAL DATA (WS FORM: F-6)
STATION: SAINT PAUL ISLAND
MONTH: JUNE
YEAR: 2020
LATITUDE: 57 9 N
LONGITUDE: 170 13 W
TEMPERATURE IN F: :PCPN: SNOW: WIND :SUNSHINE: SKY :PK WND
================================================================================
1 2 3 4 5 6A 6B 7 8 9 10 11 12 13 14 15 16 17 18
12Z AVG MX 2MIN
DY MAX MIN AVG DEP HDD CDD WTR SNW DPTH SPD SPD DIR MIN PSBL S-S WX SPD DR
================================================================================
1 54 41 48 9 17 0 0.00 M M 17.6 22 50 M M 1 32 50
2 59 40 50 10 15 0 0.00 M M 11.2 16 10 M M 1 19 10
3 57 40 49 9 16 0 0.00 M M 14.6 22 260 M M 6 18 24 250
4 50 37 44 4 21 0 0.00 M M 10.4 15 270 M M 7 1 M M
5 49 43 46 6 19 0 0.00 M M 3.2 7 240 M M 10 18 M M
6 50 43 47 7 18 0 0.00 M M 5.2 9 310 M M 10 1 M M
7 50 42 46 5 19 0 0.00 M M 15.2 22 340 M M 10 1 31 360
8 54 41 48 7 17 0 0.00 M M 21.1 27 350 M M 6 18 32 350
9 50 40 45 4 20 0 0.00 M M 11.7 15 330 M M 9 18 M M
10 50 38 44 3 21 0 0.00 M M 9.8 15 80 M M 7 1 M M
11 49 45 47 6 18 0 0.00 M M 8.6 15 110 M M 10 1 M M
12 51 45 48 6 17 0 0.00 M M 10.8 14 120 M M 10 1 M M
13 52 46 49 7 16 0 0.00 M M 13.3 20 50 M M 9 1 25 50
14 56 45 51 9 14 0 0.00 M M 7.4 10 200 M M 10 18 M M
15 54 44 49 7 16 0 0.00 M M 9.5 16 30 M M 10 12 M M
16 54 45 50 7 15 0 0.00 M M 12.2 18 350 M M 10 12 M M
17 53 44 49 6 16 0 0.00 M M 20.1 27 340 M M 9 18 33 330
18 58 46 52 9 13 0 0.00 M M 10.9 15 350 M M 8 18 M M
19 60 37 49 6 16 0 0.00 M M 6.8 10 190 M M 5 12 M M
20 60 46 53 10 12 0 0.00 M M 14.8 23 320 M M 6 1 30 310
21 58 45 52 8 13 0 0.00 M M 10.8 17 330 M M 6 1 20 320
22 60 41 51 7 14 0 0.00 M M 7.2 13 10 M M 5 1 M M
23 53 47 50 6 15 0 0.00 M M 11.9 18 280 M M 10 1 24 280
24 M M M M M M 0.00 M M 17.5 23 10 M M 9 1 31 360
25 M M M M M M 0.00 M M 7.4 13 350 M M 10 18 M M
26 M M M M M M 0.00 M M 10.1 14 220 M M 10 8 M M
27 M M M M M M 0.00 M M 7.1 10 140 M M 10 M M
28 M M M M M M 0.00 M M 12.9 21 240 M M 10 18 26 240
29 67 66 67 22 0 2 0.00 M M 9.3 16 210 M M 10 18 20 210
30 M M M M M M 0.00 M M 14.4 18 170 M M 10 18 M M
================================================================================
SM 1308 1047 378 2 0.00 M 342.9 M 244
================================================================================
AV 54.5 43.6 11.4 FASTST M M 8 MAX(MPH)
MISC ----> # 27 350 33 330
================================================================================
NOTES:
# LAST OF SEVERAL OCCURRENCES
COLUMN 17 PEAK WIND IN M.P.H.
PRELIMINARY LOCAL CLIMATOLOGICAL DATA (WS FORM: F-6) , PAGE 2
STATION: SAINT PAUL ISLAND
MONTH: JUNE
YEAR: 2020
LATITUDE: 57 9 N
LONGITUDE: 170 13 W
[TEMPERATURE DATA] [PRECIPITATION DATA] SYMBOLS USED IN COLUMN 16
AVERAGE MONTHLY: 49.1 TOTAL FOR MONTH: 0.00 1 = FOG OR MIST
DPTR FM NORMAL: 6.7 DPTR FM NORMAL: -1.35 2 = FOG REDUCING VISIBILITY
HIGHEST: 67 ON 29 GRTST 24HR 0.00 ON 18-18 TO 1/4 MILE OR LESS
LOWEST: 37 ON 19, 4 3 = THUNDER
SNOW, ICE PELLETS, HAIL 4 = ICE PELLETS
TOTAL MONTH: M 5 = HAIL
GRTST 24HR M ON M 6 = FREEZING RAIN OR DRIZZLE
GRTST DEPTH: M ON M 7 = DUSTSTORM OR SANDSTORM:
VSBY 1/2 MILE OR LESS
8 = SMOKE OR HAZE
[NO. OF DAYS WITH] [WEATHER - DAYS WITH] 9 = BLOWING SNOW
X = TORNADO
MAX 32 OR BELOW: 0 0.01 INCH OR MORE: 0
MAX 90 OR ABOVE: 0 0.10 INCH OR MORE: 0
MIN 32 OR BELOW: 0 0.50 INCH OR MORE: 0
MIN 0 OR BELOW: 0 1.00 INCH OR MORE: 0
[HDD (BASE 65) ]
TOTAL THIS MO. 378 CLEAR (SCALE 0-3) 2
DPTR FM NORMAL -300 PTCLDY (SCALE 4-7) 9
TOTAL FM JUL 1 8202 CLOUDY (SCALE 8-10) 19
DPTR FM NORMAL -2606
[CDD (BASE 65) ]
TOTAL THIS MO. 2
DPTR FM NORMAL 2 [PRESSURE DATA]
TOTAL FM JAN 1 2 HIGHEST SLP M ON M
DPTR FM NORMAL 2 LOWEST SLP 29.60 ON 2
[REMARKS]
#FINAL-06-20#