000
CXUS55 KPIH 281100
CF6SNT
PRELIMINARY LOCAL CLIMATOLOGICAL DATA (WS FORM: F-6)
STATION: STANLEY
MONTH: MARCH
YEAR: 2024
LATITUDE: 44 10 N
LONGITUDE: 114 56 W
TEMPERATURE IN F: :PCPN: SNOW: WIND :SUNSHINE: SKY :PK WND
================================================================================
1 2 3 4 5 6A 6B 7 8 9 10 11 12 13 14 15 16 17 18
12Z AVG MX 2MIN
DY MAX MIN AVG DEP HDD CDD WTR SNW DPTH SPD SPD DIR MIN PSBL S-S WX SPD DR
================================================================================
1 32 24 28 3 37 0 0.37 M M 7.4 15 140 M M 0 27 150
2 31 5 18 -7 47 0 0.43 M M 6.1 15 200 M M 0 26 190
3 21 -13 4 -21 61 0 0.04 M M 2.1 9 110 M M 0 14 120
4 24 3 14 -12 51 0 0.10 M M 4.0 15 270 M M 0 25 300
5 28 16 22 -4 43 0 0.39 M M 6.6 17 140 M M 0 29 150
6 31 -5 13 -13 52 0 0.00 M M 2.3 6 120 M M 0 9 150
7 30 -17 7 -19 58 0 0.00 M M 2.3 9 330 M M 0 17 330
8 37 -20 9 -18 56 0 0.00 M M 1.4 7 110 M M 0 10 110
9 47 -10 19 -8 46 0 0.00 M M 3.4 20 150 M M 0 29 160
10 42 30 36 9 29 0 0.00 M M 8.2 18 180 M M 0 33 190
11 40 27 34 6 31 0 0.02 M M 4.5 13 130 M M 0 21 140
12 39 25 32 4 33 0 0.11 M M 4.2 13 330 M M 0 22 330
13 31 13 22 -6 43 0 0.05 M M 5.4 14 330 M M 0 23 330
14 42 -2 20 -8 45 0 0.00 M M 1.9 9 320 M M 0 14 310
15 49 -2 24 -4 41 0 0.00 M M 2.1 6 350 M M 0 M M
16 53 2 28 0 37 0 0.00 M M 2.6 8 180 M M 0 11 130
17 55 11 33 4 32 0 0.00 M M 1.9 7 170 M M 0 9 150
18 58 11 35 6 30 0 0.00 M M 2.4 8 180 M M 0 10 130
19 55 8 32 3 33 0 0.00 M M 2.4 7 160 M M 0 10 150
20 56 14 35 6 30 0 0.00 M M 2.2 12 270 M M 0 20 270
21 47 27 37 8 28 0 0.02 M M 5.2 15 300 M M 0 26 330
22 51 22 37 7 28 0 0.00 M M 4.1 12 170 M M 0 19 140
23 39 25 32 2 33 0 0.21 M M 2.7 12 170 M M 0 17 160
24 40 20 30 0 35 0 0.06 M M 2.9 14 310 M M 0 22 310
25 37 15 26 -4 39 0 0.00 M M 3.5 10 350 M M 0 16 10
26 37 13 25 -5 40 0 0.02 M M 4.6 12 250 M M 0 18 300
27 40 11 26 -4 39 0 0.03 M M 6.8 18 120 M M 0 31 120
================================================================================
SM 1092 253 1077 0 1.85 M 103.2 M 0
================================================================================
AV 40.4 9.4 3.8 FASTST M M 0 MAX(MPH)
MISC ----> 20 150 33 190
================================================================================
NOTES:
# LAST OF SEVERAL OCCURRENCES
COLUMN 17 PEAK WIND IN M.P.H.
PRELIMINARY LOCAL CLIMATOLOGICAL DATA (WS FORM: F-6) , PAGE 2
STATION: STANLEY
MONTH: MARCH
YEAR: 2024
LATITUDE: 44 10 N
LONGITUDE: 114 56 W
[TEMPERATURE DATA] [PRECIPITATION DATA] SYMBOLS USED IN COLUMN 16
AVERAGE MONTHLY: 24.9 TOTAL FOR MONTH: 1.85 1 = FOG OR MIST
DPTR FM NORMAL: -3.0 DPTR FM NORMAL: -0.05 2 = FOG REDUCING VISIBILITY
HIGHEST: 58 ON 18 GRTST 24HR 0.65 ON 29- 1 TO 1/4 MILE OR LESS
LOWEST: -20 ON 8 3 = THUNDER
SNOW, ICE PELLETS, HAIL 4 = ICE PELLETS
TOTAL MONTH: M 5 = HAIL
GRTST 24HR M ON M 6 = FREEZING RAIN OR DRIZZLE
GRTST DEPTH: M ON M 7 = DUSTSTORM OR SANDSTORM:
VSBY 1/2 MILE OR LESS
8 = SMOKE OR HAZE
[NO. OF DAYS WITH] [WEATHER - DAYS WITH] 9 = BLOWING SNOW
X = TORNADO
MAX 32 OR BELOW: 8 0.01 INCH OR MORE: 13
MAX 90 OR ABOVE: 0 0.10 INCH OR MORE: 6
MIN 32 OR BELOW: 27 0.50 INCH OR MORE: 0
MIN 0 OR BELOW: 7 1.00 INCH OR MORE: 0
[HDD (BASE 65) ]
TOTAL THIS MO. 1077 CLEAR (SCALE 0-3) 27
DPTR FM NORMAL 76 PTCLDY (SCALE 4-7) 0
TOTAL FM JUL 1 7596 CLOUDY (SCALE 8-10) 0
DPTR FM NORMAL -398
[CDD (BASE 65) ]
TOTAL THIS MO. 0
DPTR FM NORMAL 0 [PRESSURE DATA]
TOTAL FM JAN 1 0 HIGHEST SLP M ON M
DPTR FM NORMAL 0 LOWEST SLP 29.19 ON 2
[REMARKS]