497
CXUS52 KTBW 110227
CF6SPG
PRELIMINARY LOCAL CLIMATOLOGICAL DATA (WS FORM: F-6)
STATION: SAINT PETERSBURG
MONTH: JANUARY
YEAR: 2021
LATITUDE: 27 46 N
LONGITUDE: 82 38 W
TEMPERATURE IN F: :PCPN: SNOW: WIND :SUNSHINE: SKY :PK WND
================================================================================
1 2 3 4 5 6A 6B 7 8 9 10 11 12 13 14 15 16 17 18
12Z AVG MX 2MIN
DY MAX MIN AVG DEP HDD CDD WTR SNW DPTH SPD SPD DIR MIN PSBL S-S WX SPD DR
================================================================================
1 81 65 73 11 0 8 0.00 0.0 0 9.6 21 200 M M 3 1 26 200
2 76 65 71 9 0 6 0.00 0.0 0 9.9 21 190 M M 5 18 25 190
3 70 60 65 3 0 0 0.01 0.0 0 9.4 17 180 M M 9 1 22 180
4 64 53 59 -3 6 0 0.00 0.0 0 8.7 15 350 M M 0 19 330
5 68 54 61 -1 4 0 0.00 0.0 0 6.2 15 260 M M 1 19 270
6 67 53 60 -2 5 0 0.00 0.0 0 6.9 13 360 M M 0 16 10
7 71 57 64 3 1 0 0.05 0.0 0 12.1 20 200 M M 2 1 25 190
8 67 57 62 1 3 0 T 0.0 0 8.7 20 270 M M 7 27 310
9 57 51 54 -7 11 0 0.00 0.0 0 9.7 18 350 M M 9 24 290
10 58 44 51 -10 14 0 0.00 0.0 0 8.7 16 100 M M 4 19 110
11 72 55 64 3 1 0 0.00 0.0 0 7.7 17 200 M M 2 22 180
12 66 55 61 0 4 0 T 0.0 0 8.3 14 350 M M 8 1 20 260
13 55 52 54 -7 11 0 0.01 0.0 0 7.7 15 360 M M 8 17 360
14 64 53 59 -2 6 0 0.00 0.0 0 4.2 15 60 M M 5 18 50
15 67 51 59 -2 6 0 0.04 0.0 0 8.0 20 190 M M 3 1 24 190
16 63 55 59 -2 6 0 0.00 0.0 0 7.8 21 310 M M 7 31 280
17 60 56 58 -3 7 0 0.00 0.0 0 3.4 16 50 M M 9 17 50
18 66 54 60 -1 5 0 0.00 0.0 0 4.0 14 340 M M 2 19 350
19 70 51 61 0 4 0 0.00 0.0 0 5.9 13 30 M M 0 14 30
20 69 54 62 0 3 0 0.00 0.0 0 5.8 12 260 M M 0 13 250
21 69 53 61 -1 4 0 0.00 0.0 0 4.6 13 270 M M 0 16 260
22 71 59 65 3 0 0 0.00 0.0 0 7.5 15 220 M M 0 18 230
23 83 63 73 11 0 8 0.00 0.0 0 6.3 14 70 M M 6 12 17 160
24 76 61 69 7 0 4 0.00 0.0 0 4.0 12 100 M M 5 1 14 100
25 75 62 69 7 0 4 0.00 0.0 0 7.3 18 200 M M 2 128 26 200
26 70 61 66 4 0 1 0.00 0.0 0 4.1 14 180 M M 6 128 16 230
27 72 63 68 6 0 3 0.13 0.0 0 9.7 16 290 M M 7 1238 22 270
28 67 53 60 -2 5 0 0.00 0.0 0 13.3 23 340 M M 2 1 29 330
29 64 48 56 -6 9 0 0.00 0.0 0 9.1 22 30 M M 0 27 40
30 72 55 64 2 1 0 0.00 0.0 0 8.4 17 140 M M 1 21 150
31 75 59 67 5 0 2 0.18 0.0 0 12.7 24 200 M M 3 13 31 200
================================================================================
SM 2125 1732 116 36 0.42 0.0 239.7 M 116
================================================================================
AV 68.5 55.9 7.7 FASTST M M 4 MAX(MPH)
MISC ----> 24 200 # 31 280
================================================================================
NOTES:
# LAST OF SEVERAL OCCURRENCES
COLUMN 17 PEAK WIND IN M.P.H.
PRELIMINARY LOCAL CLIMATOLOGICAL DATA (WS FORM: F-6) , PAGE 2
STATION: SAINT PETERSBURG
MONTH: JANUARY
YEAR: 2021
LATITUDE: 27 46 N
LONGITUDE: 82 38 W
[TEMPERATURE DATA] [PRECIPITATION DATA] SYMBOLS USED IN COLUMN 16
AVERAGE MONTHLY: 62.2 TOTAL FOR MONTH: 0.42 1 = FOG OR MIST
DPTR FM NORMAL: 0.6 DPTR FM NORMAL: -2.15 2 = FOG REDUCING VISIBILITY
HIGHEST: 83 ON 23 GRTST 24HR 0.18 ON 31-31 TO 1/4 MILE OR LESS
LOWEST: 44 ON 10 3 = THUNDER
SNOW, ICE PELLETS, HAIL 4 = ICE PELLETS
TOTAL MONTH: 0.0 INCH 5 = HAIL
GRTST 24HR 0.0 6 = FREEZING RAIN OR DRIZZLE
GRTST DEPTH: 0 7 = DUSTSTORM OR SANDSTORM:
VSBY 1/2 MILE OR LESS
8 = SMOKE OR HAZE
[NO. OF DAYS WITH] [WEATHER - DAYS WITH] 9 = BLOWING SNOW
X = TORNADO
MAX 32 OR BELOW: 0 0.01 INCH OR MORE: 6
MAX 90 OR ABOVE: 0 0.10 INCH OR MORE: 2
MIN 32 OR BELOW: 0 0.50 INCH OR MORE: 0
MIN 0 OR BELOW: 0 1.00 INCH OR MORE: 0
[HDD (BASE 65) ]
TOTAL THIS MO. 116 CLEAR (SCALE 0-3) 16
DPTR FM NORMAL -35 PTCLDY (SCALE 4-7) 11
TOTAL FM JUL 1 227 CLOUDY (SCALE 8-10) 4
DPTR FM NORMAL -59
[CDD (BASE 65) ]
TOTAL THIS MO. 36
DPTR FM NORMAL -9 [PRESSURE DATA]
TOTAL FM JAN 1 36 HIGHEST SLP 30.36 ON 19
DPTR FM NORMAL -9 LOWEST SLP 29.77 ON 15
[REMARKS]
#FINAL-01-21#