000
CXUS54 KEPZ 011130
CF6SRR
PRELIMINARY LOCAL CLIMATOLOGICAL DATA (WS FORM: F-6)
STATION: RUIDOSO AWOS
MONTH: JANUARY
YEAR: 2024
LATITUDE: 33 28 N
LONGITUDE: 105 32 W
TEMPERATURE IN F: :PCPN: SNOW: WIND :SUNSHINE: SKY :PK WND
================================================================================
1 2 3 4 5 6A 6B 7 8 9 10 11 12 13 14 15 16 17 18
12Z AVG MX 2MIN
DY MAX MIN AVG DEP HDD CDD WTR SNW DPTH SPD SPD DIR MIN PSBL S-S WX SPD DR
================================================================================
1 52 27 40 M 25 0 0.00 M M 5.2 16 190 M M 0 22 190
2 46 30 38 M 27 0 0.00 M M 8.7 18 290 M M 5 25 310
3 50 27 39 M 26 0 0.00 M M 7.7 14 220 M M 0 20 210
4 36 27 32 M 33 0 0.00 M M 11.8 27 220 M M 5 1 33 230
5 37 27 32 M 33 0 0.00 M M 12.4 20 300 M M 7 33 270
6 36 25 31 M 34 0 0.00 M M 12.2 22 300 M M 2 29 300
7 45 25 35 M 30 0 0.00 M M 22.0 48 230 M M 3 64 230
8 27 18 23 M 42 0 T M M 15.7 24 290 M M 5 38 290
9 37 18 28 M 37 0 0.00 M M 17.3 30 290 M M 0 40 290
10 46 30 38 M 27 0 0.00 M M 17.8 25 300 M M 0 40 300
11 39 18 29 M 36 0 T M M 21.1 36 230 M M 4 8 52 310
12 39 16 28 M 37 0 0.00 M M 15.0 27 310 M M 0 45 300
13 50 32 41 M 24 0 0.00 M M 15.7 28 280 M M 0 41 280
14 54 32 43 M 22 0 0.00 M M 17.5 33 230 M M 1 43 230
15 54 7 31 M 34 0 0.00 M M 10.0 21 280 M M 0 38 280
16 46 1 24 M 41 0 0.00 M M 8.7 23 300 M M 0 35 310
17 55 28 42 M 23 0 0.00 M M 11.6 28 270 M M 0 41 270
18 54 39 47 M 18 0 0.00 M M 14.0 33 270 M M 0 46 270
19 46 19 33 M 32 0 0.00 M M 5.6 12 140 M M 2 12 M M
20 52 23 38 M 27 0 0.00 M M 3.8 12 140 M M 0 M M
21 45 32 39 M 26 0 0.02 M M 13.2 31 220 M M 6 40 240
22 50 32 41 M 24 0 0.00 M M 7.3 21 230 M M 6 24 230
23 41 32 37 M 28 0 T M M 3.1 13 230 M M 8 1 M M
24 43 32 38 M 27 0 0.06 M M 4.9 9 250 M M 8 12 M M
25 46 32 39 M 26 0 0.00 M M 6.1 14 230 M M 2 18 220
26 39 28 34 M 31 0 0.02 M M 8.4 17 280 M M 9 27 350
27 48 25 37 M 28 0 0.00 M M 6.5 14 320 M M 0 20 340
28 55 27 41 M 24 0 0.00 M M 5.8 10 230 M M 0 M M
29 59 34 47 M 18 0 0.00 M M 5.0 9 10 M M 0 M M
30 55 32 44 M 21 0 0.00 M M 4.5 12 140 M M 0 M M
31 54 39 47 M 18 0 0.00 M M 4.2 12 170 M M 9 17 160
================================================================================
SM 1436 814 879 0 0.10 M 322.7 M 82
================================================================================
AV 46.3 26.3 10.4 FASTST M M 3 MAX(MPH)
MISC ----> 48 230 64 230
================================================================================
NOTES:
# LAST OF SEVERAL OCCURRENCES
COLUMN 17 PEAK WIND IN M.P.H.
PRELIMINARY LOCAL CLIMATOLOGICAL DATA (WS FORM: F-6) , PAGE 2
STATION: RUIDOSO AWOS
MONTH: JANUARY
YEAR: 2024
LATITUDE: 33 28 N
LONGITUDE: 105 32 W
[TEMPERATURE DATA] [PRECIPITATION DATA] SYMBOLS USED IN COLUMN 16
AVERAGE MONTHLY: 36.3 TOTAL FOR MONTH: 0.10 1 = FOG OR MIST
DPTR FM NORMAL: 0.0 DPTR FM NORMAL: M 2 = FOG REDUCING VISIBILITY
HIGHEST: 59 ON 29 GRTST 24HR 0.38 ON 23-24 TO 1/4 MILE OR LESS
LOWEST: 1 ON 16 3 = THUNDER
SNOW, ICE PELLETS, HAIL 4 = ICE PELLETS
TOTAL MONTH: M 5 = HAIL
GRTST 24HR M ON M 6 = FREEZING RAIN OR DRIZZLE
GRTST DEPTH: M ON M 7 = DUSTSTORM OR SANDSTORM:
VSBY 1/2 MILE OR LESS
8 = SMOKE OR HAZE
[NO. OF DAYS WITH] [WEATHER - DAYS WITH] 9 = BLOWING SNOW
X = TORNADO
MAX 32 OR BELOW: 1 0.01 INCH OR MORE: 3
MAX 90 OR ABOVE: 0 0.10 INCH OR MORE: 0
MIN 32 OR BELOW: 28 0.50 INCH OR MORE: 0
MIN 0 OR BELOW: 0 1.00 INCH OR MORE: 0
[HDD (BASE 65) ]
TOTAL THIS MO. 879 CLEAR (SCALE 0-3) 20
DPTR FM NORMAL M PTCLDY (SCALE 4-7) 8
TOTAL FM JUL 1 2528 CLOUDY (SCALE 8-10) 3
DPTR FM NORMAL M
[CDD (BASE 65) ]
TOTAL THIS MO. 0
DPTR FM NORMAL M [PRESSURE DATA]
TOTAL FM JAN 1 0 HIGHEST SLP M ON M
DPTR FM NORMAL M LOWEST SLP M ON M
[REMARKS]
#FINAL-01-24#