000
CXUS53 KGRB 240703
CF6STE
PRELIMINARY LOCAL CLIMATOLOGICAL DATA (WS FORM: F-6)
STATION: STEVENS POINT WI
MONTH: JUNE
YEAR: 2021
LATITUDE: 44 32 N
LONGITUDE: 89 32 W
TEMPERATURE IN F: :PCPN: SNOW: WIND :SUNSHINE: SKY :PK WND
================================================================================
1 2 3 4 5 6A 6B 7 8 9 10 11 12 13 14 15 16 17 18
12Z AVG MX 2MIN
DY MAX MIN AVG DEP HDD CDD WTR SNW DPTH SPD SPD DIR MIN PSBL S-S WX SPD DR
================================================================================
1 75 40 58 M 7 0 M M M 2.3 6 120 M M 6 12 16 190
2 79 48 64 M 1 0 M M M 4.2 10 250 M M 4 18 250
3 85 55 70 M 0 5 0.02 M M 5.8 15 300 M M 5 21 360
4 89 57 73 M 0 8 M M M 9.3 17 250 M M 2 29 250
5 92 64 78 M 0 13 M M M 10.5 18 220 M M 0 25 220
6 86 65 76 M 0 11 M M M 10.9 20 210 M M 1 30 190
7 88 65 77 M 0 12 M M M 5.7 10 180 M M 2 17 180
8 91 64 78 M 0 13 M M M 4.3 12 70 M M 2 46 0
9 89 61 75 M 0 10 M M M 5.3 10 100 M M 1 17 110
10 92 62 77 M 0 12 0.52 M M 3.5 10 50 M M 3 3 40 30
11 82 61 72 M 0 7 M M M 3.6 8 140 M M 2 M M
12 80 55 68 M 0 3 M M M 5.2 13 340 M M 1 1 22 290
13 83 50 67 M 0 2 M M M 4.9 17 50 M M 1 31 50
14 79 51 65 M 0 0 M M M 5.9 13 340 M M 2 24 340
15 77 50 64 M 1 0 M M M 4.1 8 20 M M 3 M M
16 77 44 61 M 4 0 M M M 2.6 8 330 M M 0 21 310
17 89 52 71 M 0 6 0.76 M M 8.9 18 210 M M 4 3 24 200
18 83 58 71 M 0 6 M M M 5.7 16 290 M M 2 1 24 290
19 77 55 66 M 0 1 M M M 4.5 13 70 M M 2 16 360
20 68 48 58 M 7 0 0.23 M M 3.5 8 280 M M 6 24 280
21 60 45 53 M 12 0 0.03 M M 9.6 18 320 M M 9 26 320
22 67 42 55 M 10 0 M M M 3.8 13 290 M M 5 20 290
23 73 44 59 M 6 0 M M M 6.2 12 190 M M 6 18 200
================================================================================
SM 1861 1236 48 109 1.56 M 130.3 M 69
================================================================================
AV 80.9 53.7 5.7 FASTST M M 3 MAX(MPH)
MISC ----> 20 210 46 0
================================================================================
NOTES:
# LAST OF SEVERAL OCCURRENCES
COLUMN 17 PEAK WIND IN M.P.H.
PRELIMINARY LOCAL CLIMATOLOGICAL DATA (WS FORM: F-6) , PAGE 2
STATION: STEVENS POINT WI
MONTH: JUNE
YEAR: 2021
LATITUDE: 44 32 N
LONGITUDE: 89 32 W
[TEMPERATURE DATA] [PRECIPITATION DATA] SYMBOLS USED IN COLUMN 16
AVERAGE MONTHLY: 67.3 TOTAL FOR MONTH: 1.56 1 = FOG OR MIST
DPTR FM NORMAL: 0.0 DPTR FM NORMAL: 1.56 2 = FOG REDUCING VISIBILITY
HIGHEST: 92 ON 10, 5 GRTST 24HR 0.76 ON 17-17 TO 1/4 MILE OR LESS
LOWEST: 40 ON 1 3 = THUNDER
SNOW, ICE PELLETS, HAIL 4 = ICE PELLETS
TOTAL MONTH: M 5 = HAIL
GRTST 24HR M ON M 6 = FREEZING RAIN OR DRIZZLE
GRTST DEPTH: M ON M 7 = DUSTSTORM OR SANDSTORM:
VSBY 1/2 MILE OR LESS
8 = SMOKE OR HAZE
[NO. OF DAYS WITH] [WEATHER - DAYS WITH] 9 = BLOWING SNOW
X = TORNADO
MAX 32 OR BELOW: 0 0.01 INCH OR MORE: 5
MAX 90 OR ABOVE: 3 0.10 INCH OR MORE: 3
MIN 32 OR BELOW: 0 0.50 INCH OR MORE: 2
MIN 0 OR BELOW: 0 1.00 INCH OR MORE: 0
[HDD (BASE 65) ]
TOTAL THIS MO. 48 CLEAR (SCALE 0-3) 14
DPTR FM NORMAL M PTCLDY (SCALE 4-7) 8
TOTAL FM JUL 1 8310 CLOUDY (SCALE 8-10) 1
DPTR FM NORMAL 8052
[CDD (BASE 65) ]
TOTAL THIS MO. 109
DPTR FM NORMAL M [PRESSURE DATA]
TOTAL FM JAN 1 129 HIGHEST SLP M ON M
DPTR FM NORMAL 129 LOWEST SLP M ON M
[REMARKS]