000
CXUS53 KEAX 010736
CF6STJ
PRELIMINARY LOCAL CLIMATOLOGICAL DATA (WS FORM: F-6)
STATION: ST. JOSEPH MO
MONTH: MARCH
YEAR: 2023
LATITUDE: 39 46 N
LONGITUDE: 94 55 W
TEMPERATURE IN F: :PCPN: SNOW: WIND :SUNSHINE: SKY :PK WND
================================================================================
1 2 3 4 5 6A 6B 7 8 9 10 11 12 13 14 15 16 17 18
12Z AVG MX 2MIN
DY MAX MIN AVG DEP HDD CDD WTR SNW DPTH SPD SPD DIR MIN PSBL S-S WX SPD DR
================================================================================
1 59 26 43 6 22 0 0.00 M M 7.9 17 350 M M 0 12 23 360
2 44 27 36 -2 29 0 0.00 M M 9.5 17 30 M M 4 22 30
3 57 29 43 5 22 0 0.00 M M 6.5 15 10 M M 3 20 10
4 60 27 44 6 21 0 0.01 M M 7.3 20 260 M M 2 1 30 300
5 72 40 56 17 9 0 0.00 M M 11.4 29 190 M M 3 40 190
6 56 37 47 8 18 0 0.00 M M 14.7 23 40 M M 2 8 31 330
7 50 37 44 4 21 0 0.02 M M 11.8 20 90 M M 8 28 90
8 44 41 43 3 22 0 0.02 M M 6.8 12 70 M M 10 1 16 80
9 42 35 39 -1 26 0 0.20 M M 9.2 23 330 M M 10 18 31 330
10 39 32 36 -5 29 0 0.00 M M 7.7 17 340 M M 8 22 330
11 37 32 35 -6 30 0 0.56 M M 8.7 14 110 M M 7 1 23 100
12 40 28 34 -8 31 0 0.00 M M 13.8 25 310 M M 7 1 39 290
13 33 24 29 -13 36 0 0.00 M M 12.4 22 340 M M 10 31 330
14 49 14 32 -11 33 0 0.00 M M 7.4 20 160 M M 1 1 25 170
15 65 33 49 6 16 0 0.00 M M 18.4 35 170 M M 0 43 170
16 54 27 41 -2 24 0 0.24 M M 18.3 30 330 M M 8 1 41 340
17 42 22 32 -12 33 0 T M M 15.3 32 330 M M 2 1 41 330
18 28 14 21 -23 44 0 T M M 15.5 25 320 M M 6 35 320
19 45 10 28 -17 37 0 0.00 M M 9.4 21 220 M M 0 27 220
20 65 32 49 4 16 0 0.00 M M 17.5 32 220 M M 0 42 220
21 47 43 45 0 20 0 T M M 12.6 23 170 M M 10 1 29 170
22 55 44 50 4 15 0 0.03 0.0 0 7.7 16 60 M M 10 1 22 60
23 49 32 41 -5 24 0 T M M 11.5 23 10 M M 6 1 30 360
24 55 31 43 -4 22 0 T M M 9.4 21 30 M M 5 26 30
25 65 37 51 4 14 0 0.09 M M 7.5 24 250 M M 6 1 31 250
26 47 27 37 -10 28 0 0.00 M M 10.2 22 280 M M 7 18 27 280
27 52 21 37 -11 28 0 0.00 M M 5.0 13 340 M M 2 18 350
28 52 32 42 -6 23 0 0.01 M M 9.0 17 330 M M 4 1 22 320
29 59 32 46 -2 19 0 0.00 M M 7.3 16 90 M M 0 27 90
30 71 37 54 5 11 0 0.00 M M 16.6 31 180 M M 5 42 210
31 80 37 59 10 6 0 T M M 22.5 52 250 M M 5 38 74 250
================================================================================
SM 1613 940 729 0 1.18 0.0 348.8 M 151
================================================================================
AV 52.0 30.3 11.3 FASTST M M 5 MAX(MPH)
MISC ----> 52 250 74 250
================================================================================
NOTES:
# LAST OF SEVERAL OCCURRENCES
COLUMN 17 PEAK WIND IN M.P.H.
PRELIMINARY LOCAL CLIMATOLOGICAL DATA (WS FORM: F-6) , PAGE 2
STATION: ST. JOSEPH MO
MONTH: MARCH
YEAR: 2023
LATITUDE: 39 46 N
LONGITUDE: 94 55 W
[TEMPERATURE DATA] [PRECIPITATION DATA] SYMBOLS USED IN COLUMN 16
AVERAGE MONTHLY: 41.2 TOTAL FOR MONTH: 1.18 1 = FOG OR MIST
DPTR FM NORMAL: -2.1 DPTR FM NORMAL: -0.88 2 = FOG REDUCING VISIBILITY
HIGHEST: 80 ON 31 GRTST 24HR 0.56 ON 11-11 TO 1/4 MILE OR LESS
LOWEST: 10 ON 19 3 = THUNDER
SNOW, ICE PELLETS, HAIL 4 = ICE PELLETS
TOTAL MONTH: 0.0 INCH 5 = HAIL
GRTST 24HR 0.0 6 = FREEZING RAIN OR DRIZZLE
GRTST DEPTH: 0 7 = DUSTSTORM OR SANDSTORM:
VSBY 1/2 MILE OR LESS
8 = SMOKE OR HAZE
[NO. OF DAYS WITH] [WEATHER - DAYS WITH] 9 = BLOWING SNOW
X = TORNADO
MAX 32 OR BELOW: 1 0.01 INCH OR MORE: 9
MAX 90 OR ABOVE: 0 0.10 INCH OR MORE: 3
MIN 32 OR BELOW: 20 0.50 INCH OR MORE: 1
MIN 0 OR BELOW: 0 1.00 INCH OR MORE: 0
[HDD (BASE 65) ]
TOTAL THIS MO. 729 CLEAR (SCALE 0-3) 12
DPTR FM NORMAL 53 PTCLDY (SCALE 4-7) 13
TOTAL FM JUL 1 4954 CLOUDY (SCALE 8-10) 6
DPTR FM NORMAL 41
[CDD (BASE 65) ]
TOTAL THIS MO. 0
DPTR FM NORMAL -3 [PRESSURE DATA]
TOTAL FM JAN 1 0 HIGHEST SLP M ON M
DPTR FM NORMAL -3 LOWEST SLP 29.26 ON 31
[REMARKS]
#FINAL-03-23#