000
CXUS53 KGRB 171635
CF6SUE
PRELIMINARY LOCAL CLIMATOLOGICAL DATA (WS FORM: F-6)
STATION: STURGEON BAY WI
MONTH: NOVEMBER
YEAR: 2021
LATITUDE: 44 55 N
LONGITUDE: 87 25 W
TEMPERATURE IN F: :PCPN: SNOW: WIND :SUNSHINE: SKY :PK WND
================================================================================
1 2 3 4 5 6A 6B 7 8 9 10 11 12 13 14 15 16 17 18
12Z AVG MX 2MIN
DY MAX MIN AVG DEP HDD CDD WTR SNW DPTH SPD SPD DIR MIN PSBL S-S WX SPD DR
================================================================================
1 45 36 41 M 24 0 M M M 14.5 18 270 M M 5 26 290
2 40 34 37 M 28 0 M M M 11.4 15 290 M M 6 23 310
3 40 29 35 M 30 0 M M M 5.9 12 300 M M 8 M M
4 46 33 40 M 25 0 M M M 6.3 12 240 M M 4 M M
5 53 35 44 M 21 0 M M M 12.0 22 220 M M 2 30 220
6 60 42 51 M 14 0 M M M 13.1 17 210 M M 2 23 210
7 60 45 53 M 12 0 M M M 8.4 14 160 M M 0 M M
8 63 46 55 M 10 0 M M M 7.2 14 360 M M 0 18 360
9 51 39 45 M 20 0 M M M 5.4 9 360 M M 0 M M
10 52 30 41 M 24 0 T M M 6.2 14 110 M M 2 23 110
11 53 36 45 M 20 0 0.41 M M 16.4 25 230 M M 7 1 36 140
12 42 35 39 M 26 0 0.01 M M 8.5 15 300 M M 7 17 210
13 41 33 37 M 28 0 0.01 M M 11.7 18 310 M M 9 24 310
14 37 30 34 M 31 0 0.15 M M 10.9 24 350 M M 8 1 39 10
15 38 28 33 M 32 0 M M M 8.8 16 300 M M 4 24 300
16 46 24 35 M 30 0 M M M 8.0 18 140 M M 5 30 130
17 49 36 43 M 22 0 M M M 12.3 22 270 M M 7 1 35 280
18 36 30 33 M 32 0 T M M 15.9 25 260 M M 9 35 260
19 36 27 32 M 33 0 M M M 9.3 16 290 M M 1 23 290
20 42 28 35 M 30 0 M M M 9.1 15 190 M M 4 18 230
21 40 26 33 M 32 0 0.03 M M 12.3 28 310 M M 6 1 40 300
22 31 21 26 M 39 0 M M M 12.7 17 280 M M 1 28 290
23 40 18 29 M 36 0 M M M 11.0 18 180 M M 0 28 180
24 46 36 41 M 24 0 M M M 11.5 20 180 M M 1 31 180
25 42 20 31 M 34 0 M M M 18.1 28 340 M M 10 1 35 340
26 30 18 24 M 41 0 M M M 6.5 18 320 M M 4 23 320
27 34 22 28 M 37 0 M M M 4.6 13 320 M M 9 12 M M
28 35 28 32 M 33 0 M M M 12.7 18 290 M M 9 30 290
29 33 19 26 M 39 0 M M M 5.8 12 160 M M 5 1 M M
30 37 28 33 M 32 0 M M M 10.7 18 270 M M 6 1 25 270
================================================================================
SM 1298 912 839 0 0.61 M 307.2 M 141
================================================================================
AV 43.3 30.4 10.2 FASTST M M 5 MAX(MPH)
MISC ----> 28 310 40 300
================================================================================
NOTES:
# LAST OF SEVERAL OCCURRENCES
COLUMN 17 PEAK WIND IN M.P.H.
PRELIMINARY LOCAL CLIMATOLOGICAL DATA (WS FORM: F-6) , PAGE 2
STATION: STURGEON BAY WI
MONTH: NOVEMBER
YEAR: 2021
LATITUDE: 44 55 N
LONGITUDE: 87 25 W
[TEMPERATURE DATA] [PRECIPITATION DATA] SYMBOLS USED IN COLUMN 16
AVERAGE MONTHLY: 36.8 TOTAL FOR MONTH: 0.61 1 = FOG OR MIST
DPTR FM NORMAL: 0.0 DPTR FM NORMAL: M 2 = FOG REDUCING VISIBILITY
HIGHEST: 63 ON 8 GRTST 24HR 0.41 ON 11-11 TO 1/4 MILE OR LESS
LOWEST: 18 ON 26,23 3 = THUNDER
SNOW, ICE PELLETS, HAIL 4 = ICE PELLETS
TOTAL MONTH: M 5 = HAIL
GRTST 24HR M ON M 6 = FREEZING RAIN OR DRIZZLE
GRTST DEPTH: M ON M 7 = DUSTSTORM OR SANDSTORM:
VSBY 1/2 MILE OR LESS
8 = SMOKE OR HAZE
[NO. OF DAYS WITH] [WEATHER - DAYS WITH] 9 = BLOWING SNOW
X = TORNADO
MAX 32 OR BELOW: 2 0.01 INCH OR MORE: 5
MAX 90 OR ABOVE: 0 0.10 INCH OR MORE: 2
MIN 32 OR BELOW: 17 0.50 INCH OR MORE: 0
MIN 0 OR BELOW: 0 1.00 INCH OR MORE: 0
[HDD (BASE 65) ]
TOTAL THIS MO. 839 CLEAR (SCALE 0-3) 10
DPTR FM NORMAL M PTCLDY (SCALE 4-7) 14
TOTAL FM JUL 1 1248 CLOUDY (SCALE 8-10) 6
DPTR FM NORMAL M
[CDD (BASE 65) ]
TOTAL THIS MO. 0
DPTR FM NORMAL M [PRESSURE DATA]
TOTAL FM JAN 1 537 HIGHEST SLP M ON M
DPTR FM NORMAL 537 LOWEST SLP M ON M
[REMARKS]
#FINAL-11-21#