000
CXUS53 KLSX 011500
CF6SUS
PRELIMINARY LOCAL CLIMATOLOGICAL DATA (WS FORM: F-6)
STATION: SPIRIT OF ST LOUIS MO
MONTH: DECEMBER
YEAR: 2022
LATITUDE: 38 39 N
LONGITUDE: 90 38 W
TEMPERATURE IN F: :PCPN: SNOW: WIND :SUNSHINE: SKY :PK WND
================================================================================
1 2 3 4 5 6A 6B 7 8 9 10 11 12 13 14 15 16 17 18
12Z AVG MX 2MIN
DY MAX MIN AVG DEP HDD CDD WTR SNW DPTH SPD SPD DIR MIN PSBL S-S WX SPD DR
================================================================================
1 43 17 30 -10 35 0 0.00 0.0 0 5.3 15 180 M M 4 25 150
2 57 41 49 10 16 0 0.00 0.0 0 10.5 22 200 M M 9 34 200
3 58 24 41 2 24 0 T 0.0 0 7.9 28 290 M M 1 40 310
4 43 22 33 -6 32 0 0.00 0.0 0 1.9 8 200 M M 0 13 190
5 52 31 42 4 23 0 0.00 0.0 0 2.7 10 90 M M 6 1 13 90
6 46 30 38 0 27 0 0.01 0.0 0 2.6 8 60 M M 9 12 10 60
7 52 41 47 9 18 0 0.00 0.0 0 1.0 8 70 M M 8 18 9 70
8 46 42 44 6 21 0 0.12 0.0 0 5.8 13 90 M M 10 1 18 90
9 53 31 42 5 23 0 0.13 0.0 0 7.3 18 250 M M 8 1 25 260
10 43 28 36 -1 29 0 0.00 0.0 0 1.9 7 280 M M 7 128 10 320
11 39 33 36 -1 29 0 0.00 0.0 0 3.9 9 80 M M 10 18 12 10
12 41 26 34 -3 31 0 0.00 0.0 0 5.3 10 80 M M 7 18 15 90
13 53 37 45 9 20 0 0.83 0.0 0 8.4 17 110 M M 8 138 27 110
14 55 36 46 10 19 0 0.26 0.0 0 4.7 26 290 M M 8 12 35 290
15 38 34 36 0 29 0 0.00 0.0 0 11.4 22 230 M M 10 31 230
16 36 28 32 -4 33 0 0.00 0.0 0 13.2 25 250 M M 7 36 240
17 32 23 28 -7 37 0 0.00 0.0 0 11.5 22 250 M M 8 31 240
18 35 18 27 -8 38 0 0.00 0.0 0 5.3 17 290 M M 0 23 280
19 39 19 29 -6 36 0 0.00 0.0 0 3.5 9 110 M M 5 14 150
20 45 23 34 -1 31 0 0.00 0.0 0 3.3 14 350 M M 4 18 350
21 35 22 29 -5 36 0 0.00 0.0 0 2.7 8 90 M M 8 18 12 70
22 35 -6 15 -19 50 0 M M 0 14.3 31 300 M M 10 189 46 310
23 7 -6 1 -33 64 0 0.00 0.0 M 18.9 29 270 M M 6 39 280
24 22 7 15 -19 50 0 0.00 0.0 M 14.0 20 280 M M 0 32 270
25 25 6 16 -18 49 0 T M M 7.7 16 230 M M 1 1 20 270
26 34 19 27 -6 38 0 T M M 8.3 18 300 M M 10 26 310
27 35 8 22 -11 43 0 0.00 0.0 M 5.3 13 190 M M 1 19 160
28 58 31 45 12 20 0 0.00 0.0 M 10.2 21 180 M M 0 37 170
29 67 55 61 28 4 0 0.00 0.0 M 10.2 18 170 M M 3 32 170
30 62 31 47 14 18 0 0.35 0.0 M 3.7 24 230 M M 7 13 36 220
31 51 31 41 9 24 0 0.00 0.0 M 3.0 13 210 M M 3 18 19 190
================================================================================
SM 1337 782 947 0 1.70 0.0 215.7 M 178
================================================================================
AV 43.1 25.2 7.0 FASTST M M 6 MAX(MPH)
MISC ----> 31 300 46 310
================================================================================
NOTES:
# LAST OF SEVERAL OCCURRENCES
COLUMN 17 PEAK WIND IN M.P.H.
PRELIMINARY LOCAL CLIMATOLOGICAL DATA (WS FORM: F-6) , PAGE 2
STATION: SPIRIT OF ST LOUIS MO
MONTH: DECEMBER
YEAR: 2022
LATITUDE: 38 39 N
LONGITUDE: 90 38 W
[TEMPERATURE DATA] [PRECIPITATION DATA] SYMBOLS USED IN COLUMN 16
AVERAGE MONTHLY: 34.2 TOTAL FOR MONTH: 1.70 1 = FOG OR MIST
DPTR FM NORMAL: -1.5 DPTR FM NORMAL: -0.62 2 = FOG REDUCING VISIBILITY
HIGHEST: 67 ON 29 GRTST 24HR 0.91 ON 13-14 TO 1/4 MILE OR LESS
LOWEST: -6 ON 23,22 3 = THUNDER
SNOW, ICE PELLETS, HAIL 4 = ICE PELLETS
TOTAL MONTH: 0.0 INCH 5 = HAIL
GRTST 24HR 0.0 6 = FREEZING RAIN OR DRIZZLE
GRTST DEPTH: 0 7 = DUSTSTORM OR SANDSTORM:
VSBY 1/2 MILE OR LESS
8 = SMOKE OR HAZE
[NO. OF DAYS WITH] [WEATHER - DAYS WITH] 9 = BLOWING SNOW
X = TORNADO
MAX 32 OR BELOW: 4 0.01 INCH OR MORE: 6
MAX 90 OR ABOVE: 0 0.10 INCH OR MORE: 5
MIN 32 OR BELOW: 23 0.50 INCH OR MORE: 1
MIN 0 OR BELOW: 2 1.00 INCH OR MORE: 0
[HDD (BASE 65) ]
TOTAL THIS MO. 947 CLEAR (SCALE 0-3) 7
DPTR FM NORMAL 40 PTCLDY (SCALE 4-7) 15
TOTAL FM JUL 1 1964 CLOUDY (SCALE 8-10) 9
DPTR FM NORMAL 142
[CDD (BASE 65) ]
TOTAL THIS MO. 0
DPTR FM NORMAL 0 [PRESSURE DATA]
TOTAL FM JAN 1 1509 HIGHEST SLP 30.55 ON 3
DPTR FM NORMAL 63 LOWEST SLP 29.59 ON 14
[REMARKS]
#FINAL-12-22#