000
CXUS53 KLSX 011500
CF6SUS
PRELIMINARY LOCAL CLIMATOLOGICAL DATA (WS FORM: F-6)
STATION: SPIRIT OF ST LOUIS MO
MONTH: OCTOBER
YEAR: 2020
LATITUDE: 38 39 N
LONGITUDE: 90 38 W
TEMPERATURE IN F: :PCPN: SNOW: WIND :SUNSHINE: SKY :PK WND
================================================================================
1 2 3 4 5 6A 6B 7 8 9 10 11 12 13 14 15 16 17 18
12Z AVG MX 2MIN
DY MAX MIN AVG DEP HDD CDD WTR SNW DPTH SPD SPD DIR MIN PSBL S-S WX SPD DR
================================================================================
1 68 42 55 -7 10 0 0.00 0.0 0 7.3 23 310 M M 2 32 330
2 62 37 50 -12 15 0 0.00 0.0 0 2.7 12 320 M M 4 1 15 300
3 57 39 48 -13 17 0 0.04 0.0 0 1.9 8 100 M M 8 1 11 190
4 61 34 48 -13 17 0 T 0.0 0 6.8 18 330 M M 5 1 29 320
5 67 30 49 -12 16 0 0.00 0.0 0 3.3 12 210 M M 1 12 17 120
6 80 43 62 2 3 0 0.00 0.0 0 5.4 18 240 M M 2 12 23 240
7 88 49 69 9 0 4 0.00 0.0 0 4.8 14 240 M M 1 12 22 270
8 84 50 67 7 0 2 0.00 0.0 0 1.0 9 70 M M 4 12 14 90
9 84 50 67 8 0 2 0.00 0.0 0 4.9 14 220 M M 3 128 22 230
10 80 57 69 10 0 4 0.00 0.0 0 1.2 7 40 M M 1 128 11 30
11 84 54 69 10 0 4 0.00 0.0 0 2.7 12 90 M M 4 128 18 70
12 73 42 58 0 7 0 T 0.0 0 8.2 28 280 M M 2 8 42 280
13 82 38 60 2 5 0 0.00 0.0 0 4.1 17 250 M M 0 8 24 200
14 87 42 65 7 0 0 0.00 0.0 0 8.2 23 210 M M 1 37 180
15 71 32 52 -6 13 0 T 0.0 0 7.4 23 330 M M 4 8 32 310
16 64 28 46 -11 19 0 0.00 0.0 0 5.6 25 260 M M 1 36 250
17 71 40 56 -1 9 0 0.00 0.0 0 8.6 24 170 M M 1 38 190
18 65 43 54 -3 11 0 1.02 0.0 0 6.4 17 40 M M 9 13 22 360
19 49 41 45 -11 20 0 0.21 0.0 0 7.6 14 50 M M 10 18 19 30
20 60 45 53 -3 12 0 0.33 0.0 0 4.9 17 330 M M 10 138 21 330
21 59 50 55 -1 10 0 0.36 0.0 0 4.8 12 50 M M 8 13 14 50
22 85 51 68 13 0 3 0.00 0.0 0 6.7 18 200 M M 2 12 27 190
23 71 44 58 3 7 0 0.27 0.0 0 11.2 22 320 M M 8 13 29 320
24 48 42 45 -10 20 0 0.00 0.0 0 9.3 17 50 M M 10 22 50
25 50 46 48 -6 17 0 0.00 0.0 0 6.9 10 320 M M 10 15 340
26 46 37 42 -12 23 0 0.55 0.0 0 7.4 13 10 M M 10 1 18 320
27 41 36 39 -15 26 0 0.07 0.0 M 4.9 12 350 M M 10 16 15 350
28 49 40 45 -8 20 0 0.56 0.0 0 4.6 15 40 M M 10 18 19 40
29 50 34 42 -11 23 0 0.25 M M 9.7 22 320 M M 9 18 31 310
30 57 31 44 -9 21 0 0.00 0.0 0 2.5 8 70 M M 0 11 70
31 66 32 49 -3 16 0 0.00 M M 5.6 15 240 M M 1 1 23 190
================================================================================
SM 2059 1279 357 19 3.66 0.0 176.6 M 151
================================================================================
AV 66.4 41.3 5.7 FASTST M M 5 MAX(MPH)
MISC ----> 28 280 42 280
================================================================================
NOTES:
# LAST OF SEVERAL OCCURRENCES
COLUMN 17 PEAK WIND IN M.P.H.
PRELIMINARY LOCAL CLIMATOLOGICAL DATA (WS FORM: F-6) , PAGE 2
STATION: SPIRIT OF ST LOUIS MO
MONTH: OCTOBER
YEAR: 2020
LATITUDE: 38 39 N
LONGITUDE: 90 38 W
[TEMPERATURE DATA] [PRECIPITATION DATA] SYMBOLS USED IN COLUMN 16
AVERAGE MONTHLY: 53.8 TOTAL FOR MONTH: 3.66 1 = FOG OR MIST
DPTR FM NORMAL: -3.4 DPTR FM NORMAL: -0.09 2 = FOG REDUCING VISIBILITY
HIGHEST: 88 ON 7 GRTST 24HR 1.23 ON 18-19 TO 1/4 MILE OR LESS
LOWEST: 28 ON 16 3 = THUNDER
SNOW, ICE PELLETS, HAIL 4 = ICE PELLETS
TOTAL MONTH: 0.0 INCH 5 = HAIL
GRTST 24HR 0.0 6 = FREEZING RAIN OR DRIZZLE
GRTST DEPTH: 0 7 = DUSTSTORM OR SANDSTORM:
VSBY 1/2 MILE OR LESS
8 = SMOKE OR HAZE
[NO. OF DAYS WITH] [WEATHER - DAYS WITH] 9 = BLOWING SNOW
X = TORNADO
MAX 32 OR BELOW: 0 0.01 INCH OR MORE: 10
MAX 90 OR ABOVE: 0 0.10 INCH OR MORE: 8
MIN 32 OR BELOW: 5 0.50 INCH OR MORE: 3
MIN 0 OR BELOW: 0 1.00 INCH OR MORE: 1
[HDD (BASE 65) ]
TOTAL THIS MO. 357 CLEAR (SCALE 0-3) 14
DPTR FM NORMAL 86 PTCLDY (SCALE 4-7) 8
TOTAL FM JUL 1 403 CLOUDY (SCALE 8-10) 9
DPTR FM NORMAL 73
[CDD (BASE 65) ]
TOTAL THIS MO. 19
DPTR FM NORMAL -11 [PRESSURE DATA]
TOTAL FM JAN 1 1409 HIGHEST SLP 30.36 ON 27
DPTR FM NORMAL 50 LOWEST SLP 29.62 ON 14
[REMARKS]
#FINAL-10-20#