000
CXUS53 KFSD 012226
CF6SUX
PRELIMINARY LOCAL CLIMATOLOGICAL DATA (WS FORM: F-6)
STATION: SIOUX CITY IA
MONTH: AUGUST
YEAR: 2022
LATITUDE: 42 24 N
LONGITUDE: 96 23 W
TEMPERATURE IN F: :PCPN: SNOW: WIND :SUNSHINE: SKY :PK WND
================================================================================
1 2 3 4 5 6A 6B 7 8 9 10 11 12 13 14 15 16 17 18
12Z AVG MX 2MIN
DY MAX MIN AVG DEP HDD CDD WTR SNW DPTH SPD SPD DIR MIN PSBL S-S WX SPD DR
================================================================================
1 92 61 77 3 0 12 T 0.0 0 5.8 16 100 M M 0 1 21 260
2 102 71 87 13 0 22 0.00 0.0 0 11.7 23 200 M M 0 1 31 200
3 98 69 84 10 0 19 0.01 0.0 0 9.3 21 360 M M 1 27 10
4 89 56 73 -1 0 8 0.00 0.0 0 5.7 13 120 M M 0 1 16 120
5 94 63 79 6 0 14 0.00 0.0 0 11.8 24 160 M M 0 31 140
6 94 71 83 10 0 18 0.35 0.0 0 8.1 23 40 M M 4 13 30 30
7 88 67 78 5 0 13 T 0.0 0 11.6 22 320 M M 7 3 29 310
8 81 58 70 -3 0 5 0.00 0.0 0 7.6 17 350 M M 3 21 360
9 87 51 69 -4 0 4 0.00 0.0 0 6.3 14 160 M M 0 12 20 170
10 93 63 78 5 0 13 0.00 0.0 0 7.6 17 140 M M 0 26 130
11 93 66 80 7 0 15 0.00 0.0 0 10.1 18 210 M M 0 29 180
12 94 65 80 8 0 15 0.00 0.0 0 11.8 24 200 M M 0 33 200
13 84 65 75 3 0 10 0.00 0.0 0 8.3 18 350 M M 4 23 10
14 79 55 67 -5 0 2 T 0.0 0 5.2 13 160 M M 1 12 16 170
15 68 61 65 -7 0 0 1.95 0.0 0 7.5 16 100 M M 8 1 20 120
16 80 63 72 0 0 7 T 0.0 0 5.4 12 140 M M 6 M M
17 84 57 71 -1 0 6 0.00 0.0 0 2.4 9 130 M M 2 12 13 130
18 87 60 74 2 0 9 0.00 0.0 0 9.9 24 220 M M 1 3 33 200
19 82 60 71 0 0 6 0.03 0.0 0 10.1 30 330 M M 4 13 38 330
20 83 61 72 1 0 7 0.00 0.0 0 9.5 18 360 M M 5 1 25 360
21 83 55 69 -2 0 4 0.00 0.0 0 4.2 10 70 M M 2 12 15 30
22 87 57 72 1 0 7 0.00 0.0 0 6.8 13 100 M M 2 12 17 110
23 89 60 75 4 0 10 0.00 0.0 0 9.0 17 200 M M 1 25 180
24 87 65 76 6 0 11 0.23 0.0 0 6.2 16 280 M M 4 13 23 280
25 82 66 74 4 0 9 0.00 0.0 0 6.6 13 350 M M 1 23 350
26 79 60 70 0 0 5 0.19 0.0 0 8.4 18 160 M M 2 13 25 170
27 83 69 76 6 0 11 0.02 0.0 0 10.0 18 220 M M 4 27 200
28 90 66 78 8 0 13 0.00 0.0 0 11.9 23 210 M M 2 1 34 190
29 86 55 71 2 0 6 T 0.0 0 5.4 17 300 M M 1 23 290
30 86 50 68 -1 0 3 0.00 0.0 0 5.5 16 330 M M 0 1 22 320
31 92 54 73 4 0 8 0.00 0.0 0 7.9 16 200 M M 0 30 290
================================================================================
SM 2696 1900 0 292 2.78 0.0 247.6 M 65
================================================================================
AV 87.0 61.3 8.0 FASTST M M 2 MAX(MPH)
MISC ----> 30 330 38 330
================================================================================
NOTES:
# LAST OF SEVERAL OCCURRENCES
-COLUMN 17 PEAK WIND IN M.P.H.
-PRECIPITATION AMOUNTS IN COLUMNS 7,8 AND 9 ARE THE OFFICIAL
PRECIPITATION AMOUNTS FOR SIOUX CITY, IA.
-SNOW DEPTH IN COLUMN 9 IS RECORDED AT 6 AM CST (12Z).
PRELIMINARY LOCAL CLIMATOLOGICAL DATA (WS FORM: F-6) , PAGE 2
STATION: SIOUX CITY IA
MONTH: AUGUST
YEAR: 2022
LATITUDE: 42 24 N
LONGITUDE: 96 23 W
[TEMPERATURE DATA] [PRECIPITATION DATA] SYMBOLS USED IN COLUMN 16
AVERAGE MONTHLY: 74.1 TOTAL FOR MONTH: 2.78 1 = FOG OR MIST
DPTR FM NORMAL: 2.4 DPTR FM NORMAL: -1.16 2 = FOG REDUCING VISIBILITY
HIGHEST: 102 ON 2 GRTST 24HR 1.95 ON 15-15 TO 1/4 MILE OR LESS
LOWEST: 50 ON 30 3 = THUNDER
SNOW, ICE PELLETS, HAIL 4 = ICE PELLETS
TOTAL MONTH: 0.0 INCH 5 = HAIL
GRTST 24HR 0.0 6 = FREEZING RAIN OR DRIZZLE
GRTST DEPTH: 0 7 = DUSTSTORM OR SANDSTORM:
VSBY 1/2 MILE OR LESS
8 = SMOKE OR HAZE
[NO. OF DAYS WITH] [WEATHER - DAYS WITH] 9 = BLOWING SNOW
X = TORNADO
MAX 32 OR BELOW: 0 0.01 INCH OR MORE: 7
MAX 90 OR ABOVE: 10 0.10 INCH OR MORE: 4
MIN 32 OR BELOW: 0 0.50 INCH OR MORE: 1
MIN 0 OR BELOW: 0 1.00 INCH OR MORE: 1
[HDD (BASE 65) ]
TOTAL THIS MO. 0 CLEAR (SCALE 0-3) 22
DPTR FM NORMAL -11 PTCLDY (SCALE 4-7) 9
TOTAL FM JUL 1 0 CLOUDY (SCALE 8-10) 0
DPTR FM NORMAL -10
[CDD (BASE 65) ]
TOTAL THIS MO. 292
DPTR FM NORMAL 73 [PRESSURE DATA]
TOTAL FM JAN 1 1010 HIGHEST SLP 30.18 ON 17
DPTR FM NORMAL 242 LOWEST SLP 29.56 ON 28
[REMARKS]
RECORD DAILY PRECIPITATION WAS ESTABLISHED ON THE 15TH WITH 1.95
INCHES. THE PREVIOUS RECORD WAS 1.72 INCHES IN 1908.
#FINAL-08-22#