000
CXUS54 KBMX 011110
CF6TCL
PRELIMINARY LOCAL CLIMATOLOGICAL DATA (WS FORM: F-6)
STATION: TUSCALOOSA
MONTH: NOVEMBER
YEAR: 2022
LATITUDE: 33 13 N
LONGITUDE: 87 37 W
TEMPERATURE IN F: :PCPN: SNOW: WIND :SUNSHINE: SKY :PK WND
================================================================================
1 2 3 4 5 6A 6B 7 8 9 10 11 12 13 14 15 16 17 18
12Z AVG MX 2MIN
DY MAX MIN AVG DEP HDD CDD WTR SNW DPTH SPD SPD DIR MIN PSBL S-S WX SPD DR
================================================================================
1 74 51 63 4 2 0 0.00 0.0 0 2.0 9 30 M M 4 12 12 20
2 80 52 66 8 0 1 T 0.0 0 1.2 9 20 M M 0 18 11 20
3 80 50 65 7 0 0 0.00 0.0 0 2.8 10 80 M M 0 1 13 60
4 80 54 67 9 0 2 0.00 0.0 0 5.9 15 150 M M 0 1 20 180
5 68 60 64 7 1 0 0.36 0.0 0 5.4 15 110 M M 4 13 24 150
6 83 58 71 14 0 6 0.00 0.0 0 1.9 12 200 M M 6 128 15 190
7 88 61 75 18 0 10 0.00 0.0 0 3.4 10 30 M M 2 1 13 30
8 88 61 75 19 0 10 0.00 0.0 0 3.2 10 30 M M 1 12 14 50
9 74 52 63 7 2 0 0.00 0.0 0 5.1 13 60 M M 0 16 60
10 74 48 61 5 4 0 T M 0 5.9 15 20 M M 5 19 10
11 76 58 67 12 0 2 0.05 0.0 0 5.2 14 270 M M 6 1 19 270
12 60 39 50 -5 15 0 T M 0 9.3 18 320 M M 9 1 25 310
13 49 32 41 -14 24 0 0.00 0.0 0 10.5 18 20 M M 4 23 360
14 58 29 44 -10 21 0 0.01 0.0 0 5.0 13 130 M M 1 19 150
15 53 42 48 -6 17 0 0.72 M 0 6.9 14 50 M M 10 1 18 310
16 54 33 44 -10 21 0 0.00 0.0 0 5.2 15 310 M M 3 19 330
17 48 29 39 -15 26 0 0.00 0.0 M 3.4 17 330 M M 0 23 320
18 56 25 41 -12 24 0 0.00 0.0 0 1.3 9 320 M M 0 12 330
19 50 28 39 -14 26 0 0.00 0.0 0 2.1 8 310 M M 0 1 10 320
20 51 27 39 -14 26 0 0.00 0.0 0 4.6 12 20 M M 0 17 10
21 58 25 42 -10 23 0 0.00 0.0 0 1.4 8 320 M M 2 10 310
22 64 40 52 0 13 0 0.00 0.0 0 2.1 9 20 M M 5 11 10
23 70 36 53 1 12 0 0.00 0.0 0 1.8 8 40 M M 3 10 40
24 73 42 58 6 7 0 0.21 0.0 0 3.3 10 80 M M 2 1 15 80
25 69 52 61 9 4 0 0.10 0.0 0 6.3 16 40 M M 6 12 19 40
26 67 48 58 7 7 0 0.29 0.0 0 5.8 17 160 M M 5 1 23 140
27 68 45 57 6 8 0 0.03 0.0 0 8.1 23 230 M M 2 1 32 230
28 65 40 53 2 12 0 0.00 0.0 M 1.1 8 40 M M 0 1 11 340
29 74 39 57 6 8 0 1.19 0.0 0 7.7 23 180 M M 6 13 28 160
30 71 38 55 4 10 0 2.06 0.0 0 9.0 22 330 M M 3 13 31 330
================================================================================
SM 2023 1294 313 31 5.02 0.0 136.9 M 89
================================================================================
AV 67.4 43.1 4.6 FASTST M M 3 MAX(MPH)
MISC ----> # 23 230 32 230
================================================================================
NOTES:
# LAST OF SEVERAL OCCURRENCES
COLUMN 17 PEAK WIND IN M.P.H.
PRELIMINARY LOCAL CLIMATOLOGICAL DATA (WS FORM: F-6) , PAGE 2
STATION: TUSCALOOSA
MONTH: NOVEMBER
YEAR: 2022
LATITUDE: 33 13 N
LONGITUDE: 87 37 W
[TEMPERATURE DATA] [PRECIPITATION DATA] SYMBOLS USED IN COLUMN 16
AVERAGE MONTHLY: 55.3 TOTAL FOR MONTH: 5.02 1 = FOG OR MIST
DPTR FM NORMAL: 1.1 DPTR FM NORMAL: 0.50 2 = FOG REDUCING VISIBILITY
HIGHEST: 88 ON 8, 7 GRTST 24HR 3.25 ON 29-30 TO 1/4 MILE OR LESS
LOWEST: 25 ON 21,18 3 = THUNDER
SNOW, ICE PELLETS, HAIL 4 = ICE PELLETS
TOTAL MONTH: 0.0 INCH 5 = HAIL
GRTST 24HR 0.0 6 = FREEZING RAIN OR DRIZZLE
GRTST DEPTH: 0 7 = DUSTSTORM OR SANDSTORM:
VSBY 1/2 MILE OR LESS
8 = SMOKE OR HAZE
[NO. OF DAYS WITH] [WEATHER - DAYS WITH] 9 = BLOWING SNOW
X = TORNADO
MAX 32 OR BELOW: 0 0.01 INCH OR MORE: 10
MAX 90 OR ABOVE: 0 0.10 INCH OR MORE: 7
MIN 32 OR BELOW: 7 0.50 INCH OR MORE: 3
MIN 0 OR BELOW: 0 1.00 INCH OR MORE: 2
[HDD (BASE 65) ]
TOTAL THIS MO. 313 CLEAR (SCALE 0-3) 18
DPTR FM NORMAL -26 PTCLDY (SCALE 4-7) 10
TOTAL FM JUL 1 417 CLOUDY (SCALE 8-10) 2
DPTR FM NORMAL -27
[CDD (BASE 65) ]
TOTAL THIS MO. 31
DPTR FM NORMAL 16 [PRESSURE DATA]
TOTAL FM JAN 1 2432 HIGHEST SLP 30.50 ON 20
DPTR FM NORMAL 174 LOWEST SLP 29.63 ON 11
[REMARKS]
#FINAL-11-22#