000
CXUS54 KBMX 011010
CF6TCL
PRELIMINARY LOCAL CLIMATOLOGICAL DATA (WS FORM: F-6)
STATION: TUSCALOOSA
MONTH: MARCH
YEAR: 2024
LATITUDE: 33 13 N
LONGITUDE: 87 37 W
TEMPERATURE IN F: :PCPN: SNOW: WIND :SUNSHINE: SKY :PK WND
================================================================================
1 2 3 4 5 6A 6B 7 8 9 10 11 12 13 14 15 16 17 18
12Z AVG MX 2MIN
DY MAX MIN AVG DEP HDD CDD WTR SNW DPTH SPD SPD DIR MIN PSBL S-S WX SPD DR
================================================================================
1 53 47 50 -3 15 0 0.15 0.0 0 5.9 14 90 M M 10 1 22 80
2 65 47 56 2 9 0 0.00 0.0 0 1.8 7 20 M M 7 1 9 300
3 74 47 61 7 4 0 0.00 0.0 0 2.9 10 180 M M 7 1 13 180
4 72 56 64 10 1 0 0.19 0.0 M 4.6 14 180 M M 7 1 20 170
5 67 61 64 10 1 0 0.56 0.0 0 3.9 10 60 M M 9 1 15 80
6 63 60 62 7 3 0 0.00 0.0 0 3.5 10 350 M M 10 1 18 350
7 79 48 64 9 1 0 0.00 0.0 0 1.5 8 260 M M 0 2 12 120
8 66 58 62 7 3 0 1.41 0.0 0 5.5 16 260 M M 7 13 21 50
9 69 50 60 5 5 0 0.00 0.0 M 9.5 20 300 M M 9 1 29 300
10 65 39 52 -4 13 0 0.00 0.0 0 6.7 18 310 M M 0 26 300
11 67 33 50 -6 15 0 0.00 0.0 0 2.0 9 110 M M 0 14 110
12 74 36 55 -1 10 0 0.00 0.0 0 2.5 12 190 M M 0 17 200
13 77 46 62 6 3 0 0.00 0.0 0 4.0 14 190 M M 2 8 18 190
14 84 53 69 13 0 4 T 0.0 0 7.1 15 190 M M 3 1 21 170
15 71 58 65 8 0 0 0.53 0.0 0 6.9 23 30 M M 7 13 35 40
16 64 51 58 1 7 0 0.00 0.0 0 4.7 10 230 M M 6 1 13 350
17 62 52 57 0 8 0 0.11 0.0 0 2.4 8 230 M M 8 1 11 330
18 58 37 48 -10 17 0 0.00 0.0 0 8.7 24 310 M M 2 36 310
19 60 28 44 -14 21 0 0.00 0.0 0 2.4 15 220 M M 0 19 250
20 74 34 54 -4 11 0 0.00 0.0 0 2.9 12 220 M M 0 8 16 230
21 75 42 59 1 6 0 0.00 0.0 0 1.2 7 150 M M 1 8 11 130
22 70 52 61 3 4 0 0.03 0.0 0 6.1 15 80 M M 7 18 24 80
23 70 46 58 0 7 0 0.09 0.0 0 11.7 22 10 M M 4 1 30 10
24 71 37 54 -5 11 0 0.00 0.0 0 6.4 15 170 M M 0 23 180
25 71 57 64 5 1 0 0.07 0.0 M 12.1 21 150 M M 9 3 36 130
26 71 50 61 2 4 0 2.32 M M 4.1 24 290 M M 6 13 36 290
27 68 48 58 -1 7 0 0.00 0.0 0 7.1 14 360 M M 0 18 340
28 70 43 57 -3 8 0 0.00 0.0 0 8.2 20 30 M M 0 28 30
29 73 38 56 -4 9 0 0.00 M 0 2.7 12 180 M M 0 17 180
30 79 47 63 3 2 0 0.00 M 0 4.8 16 220 M M 0 23 190
31 80 56 68 8 0 3 0.00 0.0 0 5.8 16 200 M M 2 23 190
================================================================================
SM 2162 1457 206 7 5.46 0.0 159.6 M 123
================================================================================
AV 69.7 47.0 5.1 FASTST M M 4 MAX(MPH)
MISC ----> # 24 310 # 36 310
================================================================================
NOTES:
# LAST OF SEVERAL OCCURRENCES
COLUMN 17 PEAK WIND IN M.P.H.
PRELIMINARY LOCAL CLIMATOLOGICAL DATA (WS FORM: F-6) , PAGE 2
STATION: TUSCALOOSA
MONTH: MARCH
YEAR: 2024
LATITUDE: 33 13 N
LONGITUDE: 87 37 W
[TEMPERATURE DATA] [PRECIPITATION DATA] SYMBOLS USED IN COLUMN 16
AVERAGE MONTHLY: 58.4 TOTAL FOR MONTH: 5.46 1 = FOG OR MIST
DPTR FM NORMAL: 1.5 DPTR FM NORMAL: 0.64 2 = FOG REDUCING VISIBILITY
HIGHEST: 84 ON 14 GRTST 24HR 2.39 ON 25-26 TO 1/4 MILE OR LESS
LOWEST: 28 ON 19 3 = THUNDER
SNOW, ICE PELLETS, HAIL 4 = ICE PELLETS
TOTAL MONTH: 0.0 INCH 5 = HAIL
GRTST 24HR 0.0 6 = FREEZING RAIN OR DRIZZLE
GRTST DEPTH: 0 7 = DUSTSTORM OR SANDSTORM:
VSBY 1/2 MILE OR LESS
8 = SMOKE OR HAZE
[NO. OF DAYS WITH] [WEATHER - DAYS WITH] 9 = BLOWING SNOW
X = TORNADO
MAX 32 OR BELOW: 0 0.01 INCH OR MORE: 10
MAX 90 OR ABOVE: 0 0.10 INCH OR MORE: 7
MIN 32 OR BELOW: 1 0.50 INCH OR MORE: 4
MIN 0 OR BELOW: 0 1.00 INCH OR MORE: 2
[HDD (BASE 65) ]
TOTAL THIS MO. 206 CLEAR (SCALE 0-3) 16
DPTR FM NORMAL -68 PTCLDY (SCALE 4-7) 10
TOTAL FM JUL 1 2055 CLOUDY (SCALE 8-10) 5
DPTR FM NORMAL -229
[CDD (BASE 65) ]
TOTAL THIS MO. 7
DPTR FM NORMAL -16 [PRESSURE DATA]
TOTAL FM JAN 1 15 HIGHEST SLP 30.34 ON 11
DPTR FM NORMAL -15 LOWEST SLP 29.68 ON 26
[REMARKS]
#FINAL-03-24#