000
CXUS54 KEPZ 011130
CF6TCS
PRELIMINARY LOCAL CLIMATOLOGICAL DATA (WS FORM: F-6)
STATION: TRUTH OR CONSEQUENCES
MONTH: FEBRUARY
YEAR: 2024
LATITUDE: 33 13 N
LONGITUDE: 107 16 W
TEMPERATURE IN F: :PCPN: SNOW: WIND :SUNSHINE: SKY :PK WND
================================================================================
1 2 3 4 5 6A 6B 7 8 9 10 11 12 13 14 15 16 17 18
12Z AVG MX 2MIN
DY MAX MIN AVG DEP HDD CDD WTR SNW DPTH SPD SPD DIR MIN PSBL S-S WX SPD DR
================================================================================
1 68 42 55 10 10 0 0.00 M M 8.2 24 200 M M 1 33 200
2 56 36 46 1 19 0 T M M 12.8 30 270 M M 2 53 270
3 55 34 45 0 20 0 0.00 M M 15.9 37 290 M M 0 48 290
4 58 38 48 3 17 0 0.00 M M 10.1 23 330 M M 0 35 320
5 61 33 47 2 18 0 0.00 M M 6.4 16 180 M M 0 19 170
6 57 38 48 2 17 0 0.10 M M 7.3 22 230 M M 4 31 230
7 56 35 46 0 19 0 0.06 M M 16.3 31 230 M M 3 44 230
8 55 29 42 -4 23 0 0.00 M M 10.7 33 200 M M 0 44 190
9 55 32 44 -2 21 0 0.00 M M 8.1 24 190 M M 1 31 190
10 47 32 40 -6 25 0 0.50 M M 10.2 23 190 M M 7 1 32 170
11 44 27 36 -10 29 0 T M M 6.6 16 310 M M 6 1 21 300
12 51 29 40 -6 25 0 0.00 M M 5.6 13 330 M M 0 17 320
13 58 29 44 -3 21 0 0.00 M M 6.4 14 180 M M 0 20 190
14 66 32 49 2 16 0 0.00 M M 7.9 18 300 M M 0 25 310
15 66 36 51 4 14 0 0.00 M M 8.2 23 180 M M 0 30 190
16 64 39 52 5 13 0 0.00 M M 7.4 14 160 M M 0 21 320
17 61 35 48 0 17 0 0.00 M M 7.4 21 10 M M 2 26 360
18 60 29 45 -3 20 0 0.00 M M 5.6 17 180 M M 0 23 180
19 71 38 55 7 10 0 0.00 M M 8.7 16 160 M M 0 22 310
20 76 39 58 10 7 0 0.00 M M 9.2 22 260 M M 0 28 260
21 71 35 53 5 12 0 0.00 M M 12.7 39 260 M M 0 52 260
22 64 40 52 4 13 0 0.00 M M 7.7 16 310 M M 0 23 320
23 61 36 49 0 16 0 0.00 M M 6.8 13 40 M M 0 19 20
24 68 36 52 3 13 0 0.00 M M 6.1 13 200 M M 0 18 190
25 79 40 60 11 5 0 0.00 M M 8.0 30 270 M M 0 39 260
26 74 45 60 11 5 0 0.00 M M 13.4 39 270 M M 1 55 270
27 69 51 60 10 5 0 0.00 M M 20.2 47 260 M M 0 62 270
28 62 41 52 2 13 0 0.26 M M 11.4 21 150 M M 2 1 28 150
29 55 35 45 -5 20 0 0.29 M M 5.8 16 180 M M 6 1 22 240
================================================================================
SM 1788 1041 463 0 1.21 M 271.1 M 35
================================================================================
AV 61.7 35.9 9.3 FASTST M M 1 MAX(MPH)
MISC ----> 47 260 62 270
================================================================================
NOTES:
# LAST OF SEVERAL OCCURRENCES
COLUMN 17 PEAK WIND IN M.P.H.
PRELIMINARY LOCAL CLIMATOLOGICAL DATA (WS FORM: F-6) , PAGE 2
STATION: TRUTH OR CONSEQUENCES
MONTH: FEBRUARY
YEAR: 2024
LATITUDE: 33 13 N
LONGITUDE: 107 16 W
[TEMPERATURE DATA] [PRECIPITATION DATA] SYMBOLS USED IN COLUMN 16
AVERAGE MONTHLY: 48.8 TOTAL FOR MONTH: 1.21 1 = FOG OR MIST
DPTR FM NORMAL: 1.7 DPTR FM NORMAL: 0.91 2 = FOG REDUCING VISIBILITY
HIGHEST: 79 ON 25 GRTST 24HR 0.56 ON 28-29 TO 1/4 MILE OR LESS
LOWEST: 27 ON 11 3 = THUNDER
SNOW, ICE PELLETS, HAIL 4 = ICE PELLETS
TOTAL MONTH: M 5 = HAIL
GRTST 24HR M ON M 6 = FREEZING RAIN OR DRIZZLE
GRTST DEPTH: M ON M 7 = DUSTSTORM OR SANDSTORM:
VSBY 1/2 MILE OR LESS
8 = SMOKE OR HAZE
[NO. OF DAYS WITH] [WEATHER - DAYS WITH] 9 = BLOWING SNOW
X = TORNADO
MAX 32 OR BELOW: 0 0.01 INCH OR MORE: 5
MAX 90 OR ABOVE: 0 0.10 INCH OR MORE: 4
MIN 32 OR BELOW: 8 0.50 INCH OR MORE: 1
MIN 0 OR BELOW: 0 1.00 INCH OR MORE: 0
[HDD (BASE 65) ]
TOTAL THIS MO. 463 CLEAR (SCALE 0-3) 24
DPTR FM NORMAL -38 PTCLDY (SCALE 4-7) 5
TOTAL FM JUL 1 2241 CLOUDY (SCALE 8-10) 0
DPTR FM NORMAL -308
[CDD (BASE 65) ]
TOTAL THIS MO. 0
DPTR FM NORMAL 0 [PRESSURE DATA]
TOTAL FM JAN 1 0 HIGHEST SLP 30.17 ON 20
DPTR FM NORMAL 0 LOWEST SLP 29.53 ON 2
[REMARKS]
#FINAL-02-24#