000
CXUS52 KMFL 011030
CF6TMB
PRELIMINARY LOCAL CLIMATOLOGICAL DATA (WS FORM: F-6)
STATION: KENDALL-TAMIAMI EXEC ARPT
MONTH: MARCH
YEAR: 2022
LATITUDE: 25 38 N
LONGITUDE: 80 26 W
TEMPERATURE IN F: :PCPN: SNOW: WIND :SUNSHINE: SKY :PK WND
================================================================================
1 2 3 4 5 6A 6B 7 8 9 10 11 12 13 14 15 16 17 18
12Z AVG MX 2MIN
DY MAX MIN AVG DEP HDD CDD WTR SNW DPTH SPD SPD DIR MIN PSBL S-S WX SPD DR
================================================================================
1 83 64 74 4 0 9 0.00 0.0 0 8.4 15 320 M M 5 20 300
2 80 66 73 3 0 8 0.02 0.0 0 6.2 13 340 M M 7 18 18 270
3 83 65 74 4 0 9 T M M 7.1 17 100 M M 4 23 90
4 84 61 73 2 0 8 T M M 11.0 23 90 M M 3 30 50
5 83 75 79 8 0 14 0.00 M M 20.5 28 90 M M 2 34 80
6 84 74 79 8 0 14 0.02 M M 16.8 25 100 M M 7 33 100
7 85 74 80 9 0 15 0.00 0.0 0 13.6 23 130 M M 7 30 140
8 86 75 81 10 0 16 T 0.0 0 9.7 21 130 M M 4 26 130
9 87 73 80 9 0 15 0.00 0.0 0 7.7 20 150 M M 2 24 150
10 90 72 81 10 0 16 0.01 0.0 0 6.3 17 210 M M 3 23 220
11 88 M M M M M 0.00 0.0 M 7.4 17 160 M M 2 1 24 200
12 92 M M M M M T 0.0 0 14.3 35 310 M M 4 43 320
13 77 52 65 -6 0 0 0.00 0.0 0 13.9 26 60 M M 3 30 70
14 79 59 69 -2 0 4 0.06 M M 11.4 24 100 M M 7 18 30 70
15 81 70 76 5 0 11 0.11 M M 9.2 20 110 M M 8 1 23 90
16 86 70 78 7 0 13 0.00 M M 6.2 17 170 M M 4 24 160
17 83 68 76 4 0 11 0.11 M M 4.2 12 150 M M 3 1 16 140
18 86 66 76 4 0 11 0.00 M M 6.5 15 130 M M 3 1 20 110
19 87 68 78 6 0 13 0.00 M M 7.1 16 120 M M 2 1 22 120
20 88 69 79 7 0 14 0.02 M M 6.1 17 70 M M 3 13 22 80
21 81 71 76 4 0 11 0.00 0.0 0 13.8 24 80 M M 4 29 80
22 83 70 77 5 0 12 T 0.0 0 14.4 23 110 M M 5 29 120
23 88 75 82 10 0 17 T 0.0 0 10.8 17 130 M M 4 24 140
24 88 76 82 10 0 17 0.00 0.0 0 9.3 20 150 M M 4 27 200
25 80 62 71 -1 0 6 0.78 0.0 0 8.8 31 330 M M 6 13 36 330
26 80 55 68 -4 0 3 0.00 M M 8.4 17 350 M M 0 23 320
27 83 57 70 -2 0 5 0.00 0.0 M 9.8 22 20 M M 0 28 10
28 84 56 70 -3 0 5 0.00 0.0 M 5.8 14 20 M M 0 18 120
29 84 59 72 -1 0 7 0.00 0.0 M 6.2 15 110 M M 0 19 120
30 82 67 75 2 0 10 0.00 0.0 0 14.5 24 110 M M 3 36 110
31 85 76 81 8 0 16 0.00 0.0 0 12.8 20 140 M M 7 29 140
================================================================================
SM 2610 1945 0 310 1.13 0.0 308.2 M 116
================================================================================
AV 84.2 67.1 9.9 FASTST M M 4 MAX(MPH)
MISC ----> 35 310 43 320
================================================================================
NOTES:
# LAST OF SEVERAL OCCURRENCES
COLUMN 17 PEAK WIND IN M.P.H.
PRELIMINARY LOCAL CLIMATOLOGICAL DATA (WS FORM: F-6) , PAGE 2
STATION: KENDALL-TAMIAMI EXEC ARPT
MONTH: MARCH
YEAR: 2022
LATITUDE: 25 38 N
LONGITUDE: 80 26 W
[TEMPERATURE DATA] [PRECIPITATION DATA] SYMBOLS USED IN COLUMN 16
AVERAGE MONTHLY: 75.6 TOTAL FOR MONTH: 1.13 1 = FOG OR MIST
DPTR FM NORMAL: 4.1 DPTR FM NORMAL: -0.90 2 = FOG REDUCING VISIBILITY
HIGHEST: 92 ON 12 GRTST 24HR 0.78 ON 25-25 TO 1/4 MILE OR LESS
LOWEST: 52 ON 13 3 = THUNDER
SNOW, ICE PELLETS, HAIL 4 = ICE PELLETS
TOTAL MONTH: 0.0 INCH 5 = HAIL
GRTST 24HR 0.0 6 = FREEZING RAIN OR DRIZZLE
GRTST DEPTH: 0 7 = DUSTSTORM OR SANDSTORM:
VSBY 1/2 MILE OR LESS
8 = SMOKE OR HAZE
[NO. OF DAYS WITH] [WEATHER - DAYS WITH] 9 = BLOWING SNOW
X = TORNADO
MAX 32 OR BELOW: 0 0.01 INCH OR MORE: 8
MAX 90 OR ABOVE: 2 0.10 INCH OR MORE: 3
MIN 32 OR BELOW: 0 0.50 INCH OR MORE: 1
MIN 0 OR BELOW: 0 1.00 INCH OR MORE: 0
[HDD (BASE 65) ]
TOTAL THIS MO. 0 CLEAR (SCALE 0-3) 13
DPTR FM NORMAL -13 PTCLDY (SCALE 4-7) 18
TOTAL FM JUL 1 73 CLOUDY (SCALE 8-10) 0
DPTR FM NORMAL -76
[CDD (BASE 65) ]
TOTAL THIS MO. 310
DPTR FM NORMAL 95 [PRESSURE DATA]
TOTAL FM JAN 1 637 HIGHEST SLP 30.28 ON 14
DPTR FM NORMAL 156 LOWEST SLP 29.88 ON 12
[REMARKS]
#FINAL-03-22#