000
CXUS52 KMFL 011030
CF6TMB
PRELIMINARY LOCAL CLIMATOLOGICAL DATA (WS FORM: F-6)
STATION: KENDALL-TAMIAMI EXEC ARPT
MONTH: SEPTEMBER
YEAR: 2023
LATITUDE: 25 38 N
LONGITUDE: 80 26 W
TEMPERATURE IN F: :PCPN: SNOW: WIND :SUNSHINE: SKY :PK WND
================================================================================
1 2 3 4 5 6A 6B 7 8 9 10 11 12 13 14 15 16 17 18
12Z AVG MX 2MIN
DY MAX MIN AVG DEP HDD CDD WTR SNW DPTH SPD SPD DIR MIN PSBL S-S WX SPD DR
================================================================================
1 95 75 85 2 0 20 0.64 0.0 0 4.7 30 40 M M 0 13 38 40
2 87 80 84 1 0 19 0.00 0.0 M 9.5 16 60 M M 0 3 20 60
3 90 73 82 -1 0 17 0.00 M M 10.0 21 90 M M 0 27 50
4 89 79 84 1 0 19 0.00 0.0 0 10.3 18 110 M M 1 24 90
5 91 76 84 1 0 19 0.00 0.0 0 8.6 16 80 M M 0 21 120
6 90 74 82 -1 0 17 0.00 0.0 0 6.7 15 100 M M 0 8 19 100
7 90 73 82 -1 0 17 0.00 0.0 0 5.7 15 110 M M 0 22 110
8 91 72 82 -1 0 17 0.00 0.0 0 5.1 17 340 M M 0 1 22 340
9 90 73 82 0 0 17 0.13 0.0 0 3.8 18 360 M M 1 13 22 360
10 91 74 83 1 0 18 0.18 0.0 0 2.7 16 100 M M 0 13 21 140
11 92 74 83 1 0 18 0.05 0.0 0 2.3 10 100 M M 1 3 13 100
12 91 80 86 4 0 21 0.01 0.0 0 8.0 15 90 M M 1 17 100
13 94 76 85 3 0 20 0.16 0.0 0 5.2 14 100 M M 1 138 20 340
14 94 75 85 3 0 20 0.56 0.0 0 3.8 22 250 M M 1 13 28 240
15 91 75 83 1 0 18 0.66 0.0 0 3.9 18 60 M M 2 3 32 60
16 91 76 84 2 0 19 0.00 0.0 0 4.0 15 230 M M 1 3 20 220
17 90 77 84 2 0 19 0.69 0.0 0 4.0 17 110 M M 0 138 22 130
18 93 73 83 1 0 18 2.13 0.0 0 3.8 17 350 M M 0 13 24 10
19 91 71 81 -1 0 16 0.88 M M 5.9 41 320 M M 1 13 59 320
20 90 74 82 0 0 17 T M M 6.0 17 350 M M 1 38 23 350
21 93 73 83 1 0 18 0.19 M M 3.5 15 140 M M 1 13 23 330
22 91 72 82 0 0 17 0.41 M M 5.4 17 30 M M 0 13 23 40
23 83 72 78 -4 0 13 0.00 M M 6.2 15 90 M M 1 3 19 80
24 89 70 80 -2 0 15 0.35 M M 5.0 32 250 M M 0 13 55 220
25 90 70 80 -2 0 15 0.08 M M 8.5 17 60 M M 0 3 26 50
26 91 77 84 2 0 19 0.79 M M 6.5 17 130 M M 1 138 23 130
27 87 75 81 -1 0 16 0.01 M M 5.8 15 20 M M 1 13 19 20
28 89 75 82 0 0 17 T M M 3.9 13 180 M M 1 24 200
29 90 76 83 1 0 18 1.00 0.0 0 3.0 21 130 M M 1 13 27 120
30 92 76 84 2 0 19 T 0.0 0 4.9 16 350 M M 1 3 25 130
================================================================================
SM 2716 2236 0 533 8.92 0.0 166.7 M 18
================================================================================
AV 90.5 74.5 5.6 FASTST M M 1 MAX(MPH)
MISC ----> 41 320 59 320
================================================================================
NOTES:
# LAST OF SEVERAL OCCURRENCES
COLUMN 17 PEAK WIND IN M.P.H.
PRELIMINARY LOCAL CLIMATOLOGICAL DATA (WS FORM: F-6) , PAGE 2
STATION: KENDALL-TAMIAMI EXEC ARPT
MONTH: SEPTEMBER
YEAR: 2023
LATITUDE: 25 38 N
LONGITUDE: 80 26 W
[TEMPERATURE DATA] [PRECIPITATION DATA] SYMBOLS USED IN COLUMN 16
AVERAGE MONTHLY: 82.5 TOTAL FOR MONTH: 8.92 1 = FOG OR MIST
DPTR FM NORMAL: 0.2 DPTR FM NORMAL: 0.50 2 = FOG REDUCING VISIBILITY
HIGHEST: 95 ON 1 GRTST 24HR 2.25 ON 18-19 TO 1/4 MILE OR LESS
LOWEST: 70 ON 25,24 3 = THUNDER
SNOW, ICE PELLETS, HAIL 4 = ICE PELLETS
TOTAL MONTH: 0.0 INCH 5 = HAIL
GRTST 24HR 0.0 6 = FREEZING RAIN OR DRIZZLE
GRTST DEPTH: 0 7 = DUSTSTORM OR SANDSTORM:
VSBY 1/2 MILE OR LESS
8 = SMOKE OR HAZE
[NO. OF DAYS WITH] [WEATHER - DAYS WITH] 9 = BLOWING SNOW
X = TORNADO
MAX 32 OR BELOW: 0 0.01 INCH OR MORE: 18
MAX 90 OR ABOVE: 24 0.10 INCH OR MORE: 14
MIN 32 OR BELOW: 0 0.50 INCH OR MORE: 8
MIN 0 OR BELOW: 0 1.00 INCH OR MORE: 2
[HDD (BASE 65) ]
TOTAL THIS MO. 0 CLEAR (SCALE 0-3) 30
DPTR FM NORMAL 0 PTCLDY (SCALE 4-7) 0
TOTAL FM JUL 1 0 CLOUDY (SCALE 8-10) 0
DPTR FM NORMAL 0
[CDD (BASE 65) ]
TOTAL THIS MO. 533
DPTR FM NORMAL 15 [PRESSURE DATA]
TOTAL FM JAN 1 3944 HIGHEST SLP 30.09 ON 1
DPTR FM NORMAL 565 LOWEST SLP 29.82 ON 23
[REMARKS]
#FINAL-09-23#