000
CXUS51 KCLE 011412
CLMTOL
CLIMATE REPORT
NATIONAL WEATHER SERVICE CLEVELAND, OH
1012 AM EDT MON MAY 01 2023
...................................
...THE TOLEDO OH CLIMATE SUMMARY FOR THE MONTH OF APRIL 2023...
CLIMATE NORMAL PERIOD 1991 TO 2020
CLIMATE RECORD PERIOD 1873 TO 2023
WEATHER OBSERVED NORMAL DEPART LAST YEAR`S
VALUE DATE(S) VALUE FROM VALUE
NORMAL
..............................................................
TEMPERATURE (F)
RECORD
HIGH 89 04/30/1942
04/26/1915
LOW 8 04/07/1982
HIGHEST 86 04/15
LOWEST 30 04/02
04/25
04/26
AVG. MAXIMUM 64.2 61.5 2.7 58.7
AVG. MINIMUM 39.9 40.3 -0.4 39.3
MEAN 52.1 50.9 1.2 49.0
DAYS MAX >= 90 0 0.0 0.0 0
DAYS MAX <= 32 0 0.1 -0.1 0
DAYS MIN <= 32 8 6.9 1.1 7
DAYS MIN <= 0 0 0.0 0.0 0
PRECIPITATION (INCHES)
RECORD
MAXIMUM 7.13 1929
MINIMUM 0.55 1876
TOTALS 2.19 3.45 -1.26 1.79
DAYS >= .01 11 12.3 -1.3 16
DAYS >= .10 8 7.4 0.6 7
DAYS >= .50 1 2.3 -1.3 0
DAYS >= 1.00 0 0.4 -0.4 0
GREATEST
24 HR. TOTAL 0.71 04/28 TO 04/29 0.33
SNOWFALL (INCHES)
RECORDS
TOTAL 12.0 1957
TOTALS T 1.3 -1.3 0.2
SINCE 7/1 14.3 37.4 -23.1 30.8
DAYS >= 1.0 0 0.3 -0.3 0
GREATEST
24 HR TOTAL T 04/18 TO 04/18
04/17 TO 04/17
DEGREE DAYS
HEATING TOTAL 399 433 -34 491
SINCE 7/1 4839 5459 -620 5218
COOLING TOTAL 16 10 6 15
SINCE 1/1 16 11 5 15
..............................................................
WIND (MPH)
AVERAGE WIND SPEED 8.8
HIGHEST WIND SPEED/DIRECTION 43/240 DATE 04/01
HIGHEST GUST SPEED/DIRECTION 59/250 DATE 04/01
SKY COVER
AVERAGE SKY COVER 0.42
AVERAGE RH (PERCENT) 60
WEATHER CONDITIONS. NUMBER OF DAYS WITH
THUNDERSTORM 2 MIXED PRECIP 0
HEAVY RAIN 4 RAIN 6
LIGHT RAIN 12 FREEZING RAIN 0
LT FREEZING RAIN 0 HAIL 0
HEAVY SNOW 0 SNOW 0
LIGHT SNOW 2 SLEET 0
FOG 12 FOG W/VIS <= 1/4 MILE 4
HAZE 6
- INDICATES NEGATIVE NUMBERS.
R INDICATES RECORD WAS SET OR TIED.
MM INDICATES DATA IS MISSING.
T INDICATES TRACE AMOUNT.
$$