000
CXUS51 KCLE 020414
CLSTOL
CLIMATE REPORT
NATIONAL WEATHER SERVICE CLEVELAND, OH
1214 AM EDT WED SEP 02 2020
...................................
...THE TOLEDO OH CLIMATE SUMMARY FOR THE SEASON, FROM
6/1/2020 TO 8/31/2020...
CLIMATE NORMAL PERIOD 1981 TO 2010
CLIMATE RECORD PERIOD 1873 TO 2020
WEATHER OBSERVED NORMAL DEPART
VALUE DATE(S) VALUE FROM
NORMAL
................................................
TEMPERATURE (F)
RECORD
HIGH 105 07/14/1936
LOW 32 06/11/1972
HIGHEST 98 07/07
LOWEST 43 06/01
AVG. MAXIMUM 86.8 82.5 4.3
AVG. MINIMUM 63.2 60.6 2.6
MEAN 75.0 71.5 3.5
DAYS MAX >= 90 32 13.0
DAYS MAX <= 32 0 0.0
DAYS MIN <= 32 0 0.0
DAYS MIN <= 0 0 0.0
PRECIPITATION (INCHES)
RECORD
MAXIMUM 16.64 1989
MINIMUM 2.78 1894
TOTALS 8.20 9.95 -1.75
DAYS >= .01 21 29.2
DAYS >= .10 15 17.9
DAYS >= .50 6 6.8
DAYS >= 1.00 2 2.2
SNOWFALL (INCHES)
RECORDS
TOTAL T 2012
TOTALS 0.0 0.0
DAYS >= TRACE 0
DAYS >= 1.0 0 0.0
DEGREE DAYS
HEATING TOTAL 16 49 -33
COOLING TOTAL 960 649 311
................................................
WIND (MPH)
HIGHEST GUST SPEED/DIRECTION 58/260 DATE 06/26
SKY COVER
POSSIBLE SUNSHINE (PERCENT) MM
NUMBER OF DAYS FAIR 71
NUMBER OF DAYS PC 19
NUMBER OF DAYS CLOUDY 2
WEATHER CONDITIONS. NUMBER OF DAYS WITH
THUNDERSTORM 15 MIXED PRECIP 0
HEAVY RAIN 12 RAIN 15
LIGHT RAIN 26 FREEZING RAIN 0
LT FREEZING RAIN 0 HAIL 0
HEAVY SNOW 0 SNOW 0
LIGHT SNOW 0 SLEET 0
FOG 25 FOG W/VIS <= 1/4 MILE 3
HAZE 8
- INDICATES NEGATIVE NUMBERS.
R INDICATES RECORD WAS SET OR TIED.
MM INDICATES DATA IS MISSING.
T INDICATES TRACE AMOUNT.
$$