000
CXUS51 KCLE 051812
CLSTOL
CLIMATE REPORT
NATIONAL WEATHER SERVICE CLEVELAND, OH
112 PM EST MON DEC 05 2022
...................................
...THE TOLEDO OH CLIMATE SUMMARY FOR THE SEASON, FROM
9/1/2022 TO 11/30/2022...
CLIMATE NORMAL PERIOD 1991 TO 2020
CLIMATE RECORD PERIOD 1873 TO 2022
WEATHER OBSERVED NORMAL DEPART
VALUE DATE(S) VALUE FROM
NORMAL
................................................
TEMPERATURE (F)
RECORD
HIGH 100 09/02/1953
09/01/1953
09/15/1939
LOW 0 10/10/2008
HIGHEST 89 09/21
LOWEST 18 11/20
AVG. MAXIMUM 65.9 64.6 1.3
AVG. MINIMUM 45.0 44.6 0.4
MEAN 55.4 54.6 0.8
DAYS MAX >= 90 0 1.7
DAYS MAX <= 32 2 1.4
DAYS MIN <= 32 13 18.5
DAYS MIN <= 0 0 0.0
PRECIPITATION (INCHES)
RECORD
MAXIMUM 18.56 1881
MINIMUM 2.50 1908
TOTALS 5.78 8.17 -2.39
DAYS >= .01 26 30.3
DAYS >= .10 9 16.7
DAYS >= .50 4 5.1
DAYS >= 1.00 1 1.8
SNOWFALL (INCHES)
RECORDS
TOTAL 17.9 1996
TOTALS 0.4 1.8
DAYS >= TRACE 8
DAYS >= 1.0 0 0.7
DEGREE DAYS
HEATING TOTAL 998 1077 -79
COOLING TOTAL 148 132 16
................................................
WIND (MPH)
HIGHEST GUST SPEED/DIRECTION 53/220 DATE 11/05
SKY COVER
POSSIBLE SUNSHINE (PERCENT) MM
NUMBER OF DAYS FAIR 50
NUMBER OF DAYS PC 18
NUMBER OF DAYS CLOUDY 23
WEATHER CONDITIONS. NUMBER OF DAYS WITH
THUNDERSTORM 4 MIXED PRECIP 0
HEAVY RAIN 5 RAIN 8
LIGHT RAIN 32 FREEZING RAIN 0
LT FREEZING RAIN 0 HAIL 0
HEAVY SNOW 1 SNOW 0
LIGHT SNOW 8 SLEET 0
FOG 37 FOG W/VIS <= 1/4 MILE 4
HAZE 11
- INDICATES NEGATIVE NUMBERS.
R INDICATES RECORD WAS SET OR TIED.
MM INDICATES DATA IS MISSING.
T INDICATES TRACE AMOUNT.
$$