000
CXUS56 KLKN 020937
CF6TPH
PRELIMINARY LOCAL CLIMATOLOGICAL DATA (WS FORM: F-6)
STATION: TONOPAH AIRPORT NV
MONTH: AUGUST
YEAR: 2021
LATITUDE: 38 3 N
LONGITUDE: 117 5 W
TEMPERATURE IN F: :PCPN: SNOW: WIND :SUNSHINE: SKY :PK WND
================================================================================
1 2 3 4 5 6A 6B 7 8 9 10 11 12 13 14 15 16 17 18
12Z AVG MX 2MIN
DY MAX MIN AVG DEP HDD CDD WTR SNW DPTH SPD SPD DIR MIN PSBL S-S WX SPD DR
================================================================================
1 87 60 74 -2 0 9 0.00 M M 6.2 16 300 M M 1 26 330
2 95 64 80 4 0 15 0.00 M M 8.5 16 20 M M 1 22 220
3 96 67 82 6 0 17 0.00 M M 7.9 17 200 M M 1 23 220
4 100 64 82 6 0 17 0.00 M M 10.4 25 220 M M 0 34 190
5 100 61 81 5 0 16 0.00 M M 14.8 32 200 M M 0 45 220
6 87 55 71 -4 0 6 0.00 M M 10.4 23 320 M M 8 8 27 320
7 92 57 75 0 0 10 0.00 M M 8.2 17 170 M M 10 8 22 170
8 95 55 75 0 0 10 0.00 M M 8.5 17 180 M M 0 8 23 190
9 94 57 76 1 0 11 0.00 M M 6.4 16 210 M M 0 8 21 220
10 95 60 78 3 0 13 0.00 M M 7.6 15 10 M M 0 22 160
11 97 64 81 6 0 16 0.00 M M 10.5 21 30 M M 0 8 28 330
12 98 61 80 6 0 15 0.00 M M 9.4 35 10 M M 0 39 10
13 97 62 80 6 0 15 0.00 M M 8.1 23 360 M M 0 30 310
14 98 65 82 8 0 17 T M M 6.7 32 40 M M 1 41 50
15 101 69 85 11 0 20 0.00 M M 7.6 21 10 M M 0 8 23 10
16 100 68 84 10 0 19 0.00 M M 8.8 30 320 M M 0 8 38 320
17 96 65 81 7 0 16 0.00 M M 14.2 31 210 M M 2 8 41 200
18 80 57 69 -5 0 4 T M M 16.2 33 330 M M 4 8 41 330
19 76 48 62 -11 3 0 0.00 M M 13.8 28 310 M M 0 37 290
20 85 51 68 -5 0 3 0.00 M M 9.8 18 180 M M 0 24 210
21 86 51 69 -4 0 4 0.00 M M 11.0 24 220 M M 2 8 32 220
22 88 54 71 -2 0 6 0.00 M M 9.3 22 210 M M 3 8 32 210
23 88 50 69 -4 0 4 0.00 M M 10.2 23 210 M M 0 31 170
24 88 51 70 -2 0 5 0.00 M M 8.6 25 190 M M 0 38 200
25 90 49 70 -2 0 5 0.00 M M 7.9 20 220 M M 1 8 29 200
26 89 54 72 0 0 7 0.00 M M 8.4 17 290 M M 1 8 34 350
27 92 52 72 0 0 7 0.00 M M 7.2 15 10 M M 0 20 180
28 93 54 74 2 0 9 0.00 M M 6.2 15 140 M M 0 20 150
29 95 57 76 5 0 11 0.00 M M 6.9 20 280 M M 0 23 290
30 94 59 77 6 0 12 0.00 M M 6.2 21 280 M M 1 8 26 270
31 90 56 73 2 0 8 0.00 M M 8.8 17 100 M M 3 38 22 200
================================================================================
SM 2862 1797 3 327 T M 284.7 M 39
================================================================================
AV 92.3 58.0 9.2 FASTST M M 1 MAX(MPH)
MISC ----> 35 10 45 220
================================================================================
NOTES:
# LAST OF SEVERAL OCCURRENCES
COLUMN 17 PEAK WIND IN M.P.H.
PRELIMINARY LOCAL CLIMATOLOGICAL DATA (WS FORM: F-6) , PAGE 2
STATION: TONOPAH AIRPORT NV
MONTH: AUGUST
YEAR: 2021
LATITUDE: 38 3 N
LONGITUDE: 117 5 W
[TEMPERATURE DATA] [PRECIPITATION DATA] SYMBOLS USED IN COLUMN 16
AVERAGE MONTHLY: 75.1 TOTAL FOR MONTH: T 1 = FOG OR MIST
DPTR FM NORMAL: 1.4 DPTR FM NORMAL: -0.39 2 = FOG REDUCING VISIBILITY
HIGHEST: 101 ON 15 GRTST 24HR 0.67 ON 31- 1 TO 1/4 MILE OR LESS
LOWEST: 48 ON 19 3 = THUNDER
SNOW, ICE PELLETS, HAIL 4 = ICE PELLETS
TOTAL MONTH: M 5 = HAIL
GRTST 24HR M ON M 6 = FREEZING RAIN OR DRIZZLE
GRTST DEPTH: M ON M 7 = DUSTSTORM OR SANDSTORM:
VSBY 1/2 MILE OR LESS
8 = SMOKE OR HAZE
[NO. OF DAYS WITH] [WEATHER - DAYS WITH] 9 = BLOWING SNOW
X = TORNADO
MAX 32 OR BELOW: 0 0.01 INCH OR MORE: 0
MAX 90 OR ABOVE: 21 0.10 INCH OR MORE: 0
MIN 32 OR BELOW: 0 0.50 INCH OR MORE: 0
MIN 0 OR BELOW: 0 1.00 INCH OR MORE: 0
[HDD (BASE 65) ]
TOTAL THIS MO. 3 CLEAR (SCALE 0-3) 27
DPTR FM NORMAL 1 PTCLDY (SCALE 4-7) 3
TOTAL FM JUL 1 3 CLOUDY (SCALE 8-10) 1
DPTR FM NORMAL 2
[CDD (BASE 65) ]
TOTAL THIS MO. 327
DPTR FM NORMAL 55 [PRESSURE DATA]
TOTAL FM JAN 1 1112 HIGHEST SLP 30.16 ON 1
DPTR FM NORMAL 308 LOWEST SLP 29.49 ON 17
[REMARKS]
#FINAL-08-21#