000
CXUS53 KOAX 011030
CF6TQE
PRELIMINARY LOCAL CLIMATOLOGICAL DATA (WS FORM: F-6)
STATION: TEKAMAH NE
MONTH: JANUARY
YEAR: 2023
LATITUDE: 41 46 N
LONGITUDE: 96 11 W
TEMPERATURE IN F: :PCPN: SNOW: WIND :SUNSHINE: SKY :PK WND
================================================================================
1 2 3 4 5 6A 6B 7 8 9 10 11 12 13 14 15 16 17 18
12Z AVG MX 2MIN
DY MAX MIN AVG DEP HDD CDD WTR SNW DPTH SPD SPD DIR MIN PSBL S-S WX SPD DR
================================================================================
1 44 28 36 14 29 0 0.00 M M 5.4 12 350 M M 4 1 14 10
2 37 31 34 12 31 0 0.40 M M 12.8 23 20 M M 6 1 32 20
3 36 27 32 10 33 0 0.12 M M 14.4 29 50 M M 10 123 41 40
4 29 26 28 6 37 0 T M M 16.4 23 320 M M 10 30 310
5 31 16 24 2 41 0 T M M 10.4 22 320 M M 4 1 26 320
6 35 14 25 3 40 0 0.00 M M 5.0 15 10 M M 2 1 17 10
7 24 11 18 -4 47 0 0.00 M M 7.5 16 360 M M 0 18 20 350
8 38 10 24 2 41 0 0.00 M M 5.5 12 200 M M 0 18 14 190
9 44 24 34 12 31 0 0.00 M M 8.0 15 240 M M 0 1 18 250
10 44 23 34 12 31 0 0.00 M M 4.5 13 130 M M 2 13 130
11 35 25 30 8 35 0 0.00 M M 13.2 28 360 M M 4 128 36 360
12 27 20 24 2 41 0 0.00 M M 19.1 30 340 M M 10 1 38 340
13 26 16 21 -1 44 0 0.00 M M 7.2 17 350 M M 7 18 21 20
14 41 21 31 9 34 0 0.00 M M 12.0 23 170 M M 0 1 29 180
15 46 30 38 16 27 0 0.00 M M 8.7 17 140 M M 2 21 150
16 43 34 39 17 26 0 0.23 M M 12.6 24 300 M M 10 13 31 310
17 39 27 33 11 32 0 0.00 M M 11.7 20 300 M M 3 28 300
18 34 26 30 8 35 0 0.53 M M 14.1 25 50 M M 10 16 35 40
19 31 25 28 6 37 0 0.01 M M 18.4 25 300 M M 10 1 32 300
20 32 18 25 3 40 0 0.00 M M 6.0 20 320 M M 8 1 24 320
21 28 10 19 -3 46 0 0.00 M M 1.6 6 330 M M 5 18 6 340
22 22 11 17 -5 48 0 0.00 M M 5.4 13 320 M M 9 128 15 320
23 36 6 21 -1 44 0 0.00 M M 6.2 13 160 M M 5 128 14 160
24 35 12 24 2 41 0 0.00 M M 4.9 12 170 M M 7 12 13 170
25 30 7 19 -3 46 0 0.00 M M 17.4 32 320 M M 6 1 39 330
26 31 6 19 -3 46 0 0.00 M M 12.0 24 200 M M 5 31 200
27 40 24 32 10 33 0 0.00 M M 14.6 35 320 M M 6 45 320
28 27 5 16 -6 49 0 0.13 M M 20.0 31 360 M M 10 189 37 360
29 7 -1 3 -19 62 0 T M M 15.0 28 350 M M 6 8 32 350
30 10 -5 3 -19 62 0 T M M 6.0 14 340 M M 2 8 16 350
31 20 -5 8 -14 57 0 0.00 M M 9.5 16 210 M M 0 18 210
================================================================================
SM 1002 522 1246 0 1.42 M 325.5 M 163
================================================================================
AV 32.3 16.8 10.5 FASTST M M 5 MAX(MPH)
MISC ----> 35 320 45 320
================================================================================
NOTES:
# LAST OF SEVERAL OCCURRENCES
COLUMN 17 PEAK WIND IN M.P.H.
PRELIMINARY LOCAL CLIMATOLOGICAL DATA (WS FORM: F-6) , PAGE 2
STATION: TEKAMAH NE
MONTH: JANUARY
YEAR: 2023
LATITUDE: 41 46 N
LONGITUDE: 96 11 W
[TEMPERATURE DATA] [PRECIPITATION DATA] SYMBOLS USED IN COLUMN 16
AVERAGE MONTHLY: 24.6 TOTAL FOR MONTH: 1.42 1 = FOG OR MIST
DPTR FM NORMAL: 2.7 DPTR FM NORMAL: 0.91 2 = FOG REDUCING VISIBILITY
HIGHEST: 46 ON 15 GRTST 24HR 0.62 ON 18-19 TO 1/4 MILE OR LESS
LOWEST: -5 ON 31,30 3 = THUNDER
SNOW, ICE PELLETS, HAIL 4 = ICE PELLETS
TOTAL MONTH: M 5 = HAIL
GRTST 24HR M ON M 6 = FREEZING RAIN OR DRIZZLE
GRTST DEPTH: M ON M 7 = DUSTSTORM OR SANDSTORM:
VSBY 1/2 MILE OR LESS
8 = SMOKE OR HAZE
[NO. OF DAYS WITH] [WEATHER - DAYS WITH] 9 = BLOWING SNOW
X = TORNADO
MAX 32 OR BELOW: 15 0.01 INCH OR MORE: 6
MAX 90 OR ABOVE: 0 0.10 INCH OR MORE: 5
MIN 32 OR BELOW: 30 0.50 INCH OR MORE: 1
MIN 0 OR BELOW: 3 1.00 INCH OR MORE: 0
[HDD (BASE 65) ]
TOTAL THIS MO. 1246 CLEAR (SCALE 0-3) 9
DPTR FM NORMAL -90 PTCLDY (SCALE 4-7) 13
TOTAL FM JUL 1 3895 CLOUDY (SCALE 8-10) 9
DPTR FM NORMAL 4
[CDD (BASE 65) ]
TOTAL THIS MO. 0
DPTR FM NORMAL 0 [PRESSURE DATA]
TOTAL FM JAN 1 0 HIGHEST SLP 30.63 ON 30
DPTR FM NORMAL 0 LOWEST SLP 29.32 ON 16
[REMARKS]
#FINAL-01-23#