000
CXUS54 KMRX 012027
CLMTRI
CLIMATE REPORT
NATIONAL WEATHER SERVICE MORRISTOWN, TN
327 PM EST FRI DEC 01 2023
...................................
...THE TRI-CITIES AIRPORT CLIMATE SUMMARY FOR THE MONTH OF NOVEMBER 2023...
CLIMATE NORMAL PERIOD: 1991 TO 2020
CLIMATE RECORD PERIOD: 1937 TO 2023
WEATHER OBSERVED NORMAL DEPART
VALUE DATE(S) VALUE FROM
NORMAL
................................................
TEMPERATURE (F)
HIGHEST 80 11/08
LOWEST 15 11/29
AVG. MAXIMUM 62.5 58.7 3.8
AVG. MINIMUM 33.4 34.2 -0.8
MEAN 48.0 46.4 1.5
DAYS MAX >= 90 0
DAYS MAX <= 32 0
DAYS MIN <= 32 15
DAYS MIN <= 0 0
PRECIPITATION (INCHES)
RECORD
MAXIMUM 6.74 2003
MINIMUM 0.50 2001
TOTALS 1.12 3.14 -2.02
DAYS >= .01 5
DAYS >= .10 3
DAYS >= .50 1
DAYS >= 1.00 0
GREATEST
24 HR. TOTAL 0.73 11/21 TO 11/21
SNOWFALL (INCHES)
TOTALS 0.0 0.3 -0.3
SINCE 7/1 0.0
SNOWDEPTH AVG. 0
DAYS >= TRACE 0
GREATEST
SNOW DEPTH 0
DEGREE DAYS
HEATING TOTAL 504 557 -53
SINCE 7/1 712 854 -142
COOLING TOTAL 0 1 -1
SINCE 1/1 1077 1104 -27
................................................
WEATHER CONDITIONS. NUMBER OF DAYS WITH
THUNDERSTORM 0 RAIN 3
SNOW 0 FOG 8
FOG W/VIS <= 1/4 MILE 1
- INDICATES NEGATIVE NUMBERS.
R INDICATES RECORD WAS SET OR TIED.
MM INDICATES DATA IS MISSING.
T INDICATES TRACE AMOUNT.
$$