000
CXUS55 KTWC 040219
CF6TUS
PRELIMINARY LOCAL CLIMATOLOGICAL DATA (WS FORM: F-6)
STATION: TUCSON AZ
MONTH: MARCH
YEAR: 2020
LATITUDE: 32 7 N
LONGITUDE: 110 56 W
TEMPERATURE IN F: :PCPN: SNOW: WIND :SUNSHINE: SKY :PK WND
================================================================================
1 2 3 4 5 6A 6B 7 8 9 10 11 12 13 14 15 16 17 18
12Z AVG MX 2MIN
DY MAX MIN AVG DEP HDD CDD WTR SNW DPTH SPD SPD DIR MIN PSBL S-S WX SPD DR
================================================================================
1 67 55 61 4 4 0 0.00 0.0 M 8.4 17 200 M M 0 26 180
2 67 44 56 -2 9 0 T 0.0 M 7.6 22 240 M M 3 31 250
3 64 46 55 -3 10 0 0.03 0.0 M 7.3 16 270 M M 7 22 280
4 72 41 57 -1 8 0 0.00 0.0 M 4.6 13 180 M M 0 15 180
5 80 45 63 5 2 0 0.00 0.0 M 12.0 28 130 M M 0 36 120
6 81 59 70 12 0 5 0.00 0.0 M 13.3 30 130 M M 0 43 130
7 82 52 67 9 0 2 0.00 0.0 M 7.8 23 220 M M 0 32 230
8 67 52 60 1 5 0 0.06 0.0 M 7.4 22 210 M M 4 1 32 200
9 77 44 61 2 4 0 0.00 0.0 M 6.0 14 190 M M M 25 190
10 75 56 66 7 0 1 0.13 0.0 M 6.7 25 180 M M M 36 180
11 76 59 68 9 0 3 0.01 0.0 M 5.4 14 190 M M M 22 180
12 69 60 65 6 0 0 0.04 0.0 M 6.5 25 180 M M M 34 210
13 68 52 60 0 5 0 0.13 0.0 M 7.0 18 250 M M 6 1 30 250
14 73 47 60 0 5 0 0.00 0.0 M 5.6 13 320 M M 1 19 310
15 77 48 63 3 2 0 0.00 0.0 M 4.8 16 250 M M 0 22 240
16 80 47 64 4 1 0 0.00 0.0 M 7.2 18 230 M M 0 26 240
17 76 52 64 4 1 0 0.00 0.0 M 7.0 22 220 M M 0 31 220
18 62 48 55 -5 10 0 0.30 0.0 M 9.4 33 190 M M 6 1 44 190
19 64 46 55 -6 10 0 T 0.0 M 7.8 18 200 M M 4 25 260
20 70 41 56 -5 9 0 0.00 0.0 M 5.5 14 360 M M 0 22 150
21 75 47 61 0 4 0 0.00 0.0 M 5.1 18 230 M M 0 28 290
22 75 46 61 0 4 0 0.00 0.0 M 4.3 10 320 M M 0 16 270
23 75 56 66 5 0 1 0.00 0.0 M 4.5 17 280 M M 1 24 280
24 77 47 62 0 3 0 0.00 0.0 M 5.1 13 290 M M 0 19 290
25 84 49 67 5 0 2 0.00 0.0 M 7.2 15 240 M M 0 21 280
26 72 56 64 2 1 0 T 0.0 M 5.3 15 280 M M 3 23 280
27 59 43 51 -11 14 0 0.00 0.0 M 8.0 26 320 M M 5 35 330
28 69 36 53 -9 12 0 0.00 0.0 M 5.9 12 320 M M 0 16 30
29 75 47 61 -2 4 0 0.00 0.0 M 6.4 16 320 M M 0 24 300
30 74 45 60 -3 5 0 0.00 0.0 M 6.3 15 320 M M 0 8 26 260
31 82 46 64 1 1 0 0.00 0.0 M 5.9 13 340 M M 0 19 350
================================================================================
SM 2264 1512 133 14 0.70 0.0 211.3 M 40
================================================================================
AV 73.0 48.8 6.8 FASTST M M 1 MAX(MPH)
MISC ----> 33 190 44 190
================================================================================
NOTES:
# LAST OF SEVERAL OCCURRENCES
COLUMN 17 PEAK WIND IN M.P.H.
PRELIMINARY LOCAL CLIMATOLOGICAL DATA (WS FORM: F-6) , PAGE 2
STATION: TUCSON AZ
MONTH: MARCH
YEAR: 2020
LATITUDE: 32 7 N
LONGITUDE: 110 56 W
[TEMPERATURE DATA] [PRECIPITATION DATA] SYMBOLS USED IN COLUMN 16
AVERAGE MONTHLY: 60.9 TOTAL FOR MONTH: 0.70 1 = FOG OR MIST
DPTR FM NORMAL: 0.8 DPTR FM NORMAL: -0.03 2 = FOG REDUCING VISIBILITY
HIGHEST: 84 ON 25 GRTST 24HR 0.30 ON 18-18 TO 1/4 MILE OR LESS
LOWEST: 36 ON 28 3 = THUNDER
SNOW, ICE PELLETS, HAIL 4 = ICE PELLETS
TOTAL MONTH: 0.0 INCH 5 = HAIL
GRTST 24HR 0.0 6 = FREEZING RAIN OR DRIZZLE
GRTST DEPTH: M ON M 7 = DUSTSTORM OR SANDSTORM:
VSBY 1/2 MILE OR LESS
8 = SMOKE OR HAZE
[NO. OF DAYS WITH] [WEATHER - DAYS WITH] 9 = BLOWING SNOW
X = TORNADO
MAX 32 OR BELOW: 0 0.01 INCH OR MORE: 7
MAX 90 OR ABOVE: 0 0.10 INCH OR MORE: 3
MIN 32 OR BELOW: 0 0.50 INCH OR MORE: 0
MIN 0 OR BELOW: 0 1.00 INCH OR MORE: 0
[HDD (BASE 65) ]
TOTAL THIS MO. 133 CLEAR (SCALE 0-3) 20
DPTR FM NORMAL -46 PTCLDY (SCALE 4-7) 7
TOTAL FM JUL 1 1236 CLOUDY (SCALE 8-10) 4
DPTR FM NORMAL -210
[CDD (BASE 65) ]
TOTAL THIS MO. 14
DPTR FM NORMAL -15 [PRESSURE DATA]
TOTAL FM JAN 1 14 HIGHEST SLP 30.19 ON 5
DPTR FM NORMAL -19 LOWEST SLP 29.65 ON 18
[REMARKS]
#FINAL-03-20#