000
CXUS55 KTWC 050527
CF6TUS
PRELIMINARY LOCAL CLIMATOLOGICAL DATA (WS FORM: F-6)
STATION: TUCSON AZ
MONTH: DECEMBER
YEAR: 2023
LATITUDE: 32 7 N
LONGITUDE: 110 56 W
TEMPERATURE IN F: :PCPN: SNOW: WIND :SUNSHINE: SKY :PK WND
================================================================================
1 2 3 4 5 6A 6B 7 8 9 10 11 12 13 14 15 16 17 18
12Z AVG MX 2MIN
DY MAX MIN AVG DEP HDD CDD WTR SNW DPTH SPD SPD DIR MIN PSBL S-S WX SPD DR
================================================================================
1 56 46 51 -5 14 0 0.20 M M 3.2 13 290 M M 9 1 17 300
2 63 40 52 -3 13 0 0.00 M M 4.3 12 360 M M 0 15 140
3 68 38 53 -2 12 0 0.00 M M 5.1 13 160 M M 0 18 180
4 72 40 56 1 9 0 0.00 M M 4.5 12 160 M M M 17 190
5 82 45 64 10 1 0 0.00 M M 7.3 18 130 M M M 8 24 120
6 83 48 66 12 0 1 0.00 M M 6.2 14 130 M M M 21 200
7 79 47 63 9 2 0 0.00 M M 5.3 13 130 M M 0 20 120
8 71 44 58 4 7 0 0.00 M M 4.6 12 270 M M 0 19 310
9 66 38 52 -2 13 0 0.00 M M 4.6 10 340 M M M 17 360
10 70 43 57 4 8 0 0.00 M M 13.1 29 120 M M M 37 110
11 78 40 59 6 6 0 0.00 M M 5.0 13 130 M M 0 20 160
12 78 48 63 10 2 0 0.00 M M 6.8 16 210 M M 0 22 220
13 72 42 57 4 8 0 0.00 M M 6.1 16 350 M M 0 22 360
14 67 38 53 0 12 0 0.00 M M 5.8 13 340 M M 0 17 350
15 74 34 54 2 11 0 0.00 M M 8.2 18 130 M M 0 8 25 140
16 76 56 66 14 0 1 0.00 M M 15.5 35 130 M M 0 50 120
17 82 44 63 11 2 0 0.00 M M 5.2 12 150 M M 0 17 180
18 80 45 63 11 2 0 0.00 M M 6.0 14 150 M M 0 8 23 160
19 75 52 64 12 1 0 0.00 M M 2.5 14 150 M M 2 21 160
20 75 53 64 12 1 0 T M M 3.8 10 150 M M 3 8 14 160
21 77 45 61 9 4 0 0.00 M M 4.8 13 130 M M 0 8 18 180
22 56 49 53 1 12 0 1.25 M M 6.5 16 100 M M 7 1 22 70
23 56 49 53 1 12 0 0.02 M M 4.3 14 300 M M 8 19 310
24 61 44 53 1 12 0 0.00 M M 3.4 12 330 M M 2 1 16 320
25 62 38 50 -2 15 0 0.00 M M 4.2 10 180 M M 0 1 14 340
26 62 37 50 -2 15 0 0.00 M M 4.4 14 330 M M 0 18 320
27 63 36 50 -2 15 0 0.00 M M 4.4 13 140 M M 0 8 18 170
28 67 38 53 1 12 0 0.00 M M 4.8 10 160 M M 0 17 170
29 71 38 55 3 10 0 0.00 M M 9.4 24 110 M M 0 33 120
30 74 46 60 8 5 0 0.00 M M 7.2 15 220 M M 0 26 170
31 63 37 50 -2 15 0 0.00 M M 4.1 10 330 M M 0 13 300
================================================================================
SM 2179 1338 251 2 1.47 M 180.6 M 31
================================================================================
AV 70.3 43.2 5.8 FASTST M M 1 MAX(MPH)
MISC ----> 35 130 50 120
================================================================================
NOTES:
# LAST OF SEVERAL OCCURRENCES
COLUMN 17 PEAK WIND IN M.P.H.
PRELIMINARY LOCAL CLIMATOLOGICAL DATA (WS FORM: F-6) , PAGE 2
STATION: TUCSON AZ
MONTH: DECEMBER
YEAR: 2023
LATITUDE: 32 7 N
LONGITUDE: 110 56 W
[TEMPERATURE DATA] [PRECIPITATION DATA] SYMBOLS USED IN COLUMN 16
AVERAGE MONTHLY: 56.7 TOTAL FOR MONTH: 1.47 1 = FOG OR MIST
DPTR FM NORMAL: 3.7 DPTR FM NORMAL: 0.51 2 = FOG REDUCING VISIBILITY
HIGHEST: 83 ON 6 GRTST 24HR 1.26 ON 22-23 TO 1/4 MILE OR LESS
LOWEST: 34 ON 15 3 = THUNDER
SNOW, ICE PELLETS, HAIL 4 = ICE PELLETS
TOTAL MONTH: M 5 = HAIL
GRTST 24HR M ON M 6 = FREEZING RAIN OR DRIZZLE
GRTST DEPTH: M ON M 7 = DUSTSTORM OR SANDSTORM:
VSBY 1/2 MILE OR LESS
8 = SMOKE OR HAZE
[NO. OF DAYS WITH] [WEATHER - DAYS WITH] 9 = BLOWING SNOW
X = TORNADO
MAX 32 OR BELOW: 0 0.01 INCH OR MORE: 3
MAX 90 OR ABOVE: 0 0.10 INCH OR MORE: 2
MIN 32 OR BELOW: 0 0.50 INCH OR MORE: 1
MIN 0 OR BELOW: 0 1.00 INCH OR MORE: 1
[HDD (BASE 65) ]
TOTAL THIS MO. 251 CLEAR (SCALE 0-3) 22
DPTR FM NORMAL -122 PTCLDY (SCALE 4-7) 3
TOTAL FM JUL 1 338 CLOUDY (SCALE 8-10) 6
DPTR FM NORMAL -207
[CDD (BASE 65) ]
TOTAL THIS MO. 2
DPTR FM NORMAL 1 [PRESSURE DATA]
TOTAL FM JAN 1 3960 HIGHEST SLP 30.26 ON 9
DPTR FM NORMAL 536 LOWEST SLP 29.77 ON 12
[REMARKS]
#FINAL-12-23#