000
CXUS54 KJAN 011410
CF6TVR
PRELIMINARY LOCAL CLIMATOLOGICAL DATA (WS FORM: F-6)
STATION: VICKSBURG
MONTH: APRIL
YEAR: 2022
LATITUDE: 32 20 N
LONGITUDE: 91 2 W
TEMPERATURE IN F: :PCPN: SNOW: WIND :SUNSHINE: SKY :PK WND
================================================================================
1 2 3 4 5 6A 6B 7 8 9 10 11 12 13 14 15 16 17 18
12Z AVG MX 2MIN
DY MAX MIN AVG DEP HDD CDD WTR SNW DPTH SPD SPD DIR MIN PSBL S-S WX SPD DR
================================================================================
1 67 45 56 -7 9 0 0.00 0.0 0 6.0 16 30 M M 0 21 10
2 78 51 65 2 0 0 0.00 0.0 0 4.8 16 130 M M 0 19 120
3 81 51 66 3 0 1 0.00 0.0 0 2.3 10 110 M M 0 15 100
4 85 56 71 7 0 6 0.00 0.0 0 6.0 16 160 M M 1 24 140
5 82 64 73 9 0 8 1.92 0.0 0 7.5 23 280 M M 4 13 47 270
6 85 54 70 6 0 5 T 0.0 0 8.3 21 10 M M 8 18 27 10
7 71 50 61 -3 4 0 0.00 0.0 0 7.1 17 290 M M 1 33 310
8 68 46 57 -7 8 0 0.00 0.0 0 8.2 20 20 M M 1 34 300
9 75 41 58 -7 7 0 0.00 0.0 0 3.5 13 290 M M 0 1 20 290
10 84 51 68 3 0 3 0.00 0.0 0 10.5 24 170 M M 0 36 180
11 79 62 71 6 0 6 0.44 0.0 0 13.6 26 170 M M 6 13 36 170
12 78 65 72 7 0 7 0.08 0.0 0 10.3 30 130 M M 4 13 44 120
13 83 61 72 6 0 7 0.77 0.0 0 12.1 25 170 M M 7 123 38 160
14 75 52 64 -2 1 0 0.00 0.0 0 7.9 15 20 M M 0 21 360
15 81 57 69 3 0 4 0.01 0.0 0 10.1 18 160 M M 4 26 170
16 82 67 75 9 0 10 0.30 0.0 0 6.6 22 10 M M 8 13 33 360
17 85 62 74 8 0 9 0.11 0.0 0 4.2 22 360 M M 8 13 32 10
18 65 53 59 -8 6 0 0.00 0.0 0 11.6 20 10 M M 6 26 360
19 72 50 61 -6 4 0 0.00 0.0 0 3.9 14 60 M M 0 20 60
20 80 53 67 0 0 2 T 0.0 0 12.7 23 160 M M 1 3 34 160
21 88 61 75 8 0 10 0.00 0.0 0 7.8 15 150 M M 3 1 19 170
22 85 63 74 6 0 9 0.00 0.0 0 8.1 20 150 M M 1 1 26 140
23 87 60 74 6 0 9 0.00 0.0 0 11.1 23 170 M M 1 32 180
24 88 65 77 9 0 12 0.00 0.0 0 11.5 23 170 M M 3 32 180
25 82 66 74 6 0 9 0.66 0.0 0 6.5 21 350 M M 6 123 35 360
26 74 57 66 -3 0 1 0.00 0.0 0 10.4 17 10 M M 1 8 25 360
27 77 50 64 -5 1 0 0.00 0.0 0 3.9 12 20 M M 0 1 15 40
28 84 51 68 -1 0 3 0.00 0.0 0 3.9 12 140 M M 0 1 17 170
29 86 57 72 3 0 7 0.00 0.0 0 7.0 17 160 M M 0 23 140
30 88 59 74 4 0 9 0.00 0.0 0 8.3 18 170 M M 1 27 170
================================================================================
SM 2395 1680 40 137 4.29 0.0 235.7 M 75
================================================================================
AV 79.8 56.0 7.9 FASTST M M 3 MAX(MPH)
MISC ----> 30 130 47 270
================================================================================
NOTES:
# LAST OF SEVERAL OCCURRENCES
COLUMN 17 PEAK WIND IN M.P.H.
PRELIMINARY LOCAL CLIMATOLOGICAL DATA (WS FORM: F-6) , PAGE 2
STATION: VICKSBURG
MONTH: APRIL
YEAR: 2022
LATITUDE: 32 20 N
LONGITUDE: 91 2 W
[TEMPERATURE DATA] [PRECIPITATION DATA] SYMBOLS USED IN COLUMN 16
AVERAGE MONTHLY: 67.9 TOTAL FOR MONTH: 4.29 1 = FOG OR MIST
DPTR FM NORMAL: 1.7 DPTR FM NORMAL: -1.67 2 = FOG REDUCING VISIBILITY
HIGHEST: 88 ON 30,24 GRTST 24HR 1.92 ON 5- 5 TO 1/4 MILE OR LESS
LOWEST: 41 ON 9 3 = THUNDER
SNOW, ICE PELLETS, HAIL 4 = ICE PELLETS
TOTAL MONTH: 0.0 INCH 5 = HAIL
GRTST 24HR 0.0 6 = FREEZING RAIN OR DRIZZLE
GRTST DEPTH: 0 7 = DUSTSTORM OR SANDSTORM:
VSBY 1/2 MILE OR LESS
8 = SMOKE OR HAZE
[NO. OF DAYS WITH] [WEATHER - DAYS WITH] 9 = BLOWING SNOW
X = TORNADO
MAX 32 OR BELOW: 0 0.01 INCH OR MORE: 8
MAX 90 OR ABOVE: 0 0.10 INCH OR MORE: 6
MIN 32 OR BELOW: 0 0.50 INCH OR MORE: 3
MIN 0 OR BELOW: 0 1.00 INCH OR MORE: 1
[HDD (BASE 65) ]
TOTAL THIS MO. 40 CLEAR (SCALE 0-3) 19
DPTR FM NORMAL -35 PTCLDY (SCALE 4-7) 11
TOTAL FM JUL 1 1762 CLOUDY (SCALE 8-10) 0
DPTR FM NORMAL -329
[CDD (BASE 65) ]
TOTAL THIS MO. 137
DPTR FM NORMAL 26 [PRESSURE DATA]
TOTAL FM JAN 1 202 HIGHEST SLP M ON M
DPTR FM NORMAL 35 LOWEST SLP 29.58 ON 5
[REMARKS]
#FINAL-04-22#