000
CXUS55 KBOI 011002
CF6TWF
PRELIMINARY LOCAL CLIMATOLOGICAL DATA (WS FORM: F-6)
STATION: TWIN FALLS ID
MONTH: MAY
YEAR: 2023
LATITUDE: 42 28 N
LONGITUDE: 114 29 W
TEMPERATURE IN F: :PCPN: SNOW: WIND :SUNSHINE: SKY :PK WND
================================================================================
1 2 3 4 5 6A 6B 7 8 9 10 11 12 13 14 15 16 17 18
12Z AVG MX 2MIN
DY MAX MIN AVG DEP HDD CDD WTR SNW DPTH SPD SPD DIR MIN PSBL S-S WX SPD DR
================================================================================
1 85 50 68 17 0 3 0.00 M M 13.3 30 160 M M 0 41 160
2 78 51 65 14 0 0 0.00 M M 12.5 25 180 M M 0 32 190
3 79 39 59 8 6 0 0.00 M M 12.7 35 190 M M 1 8 51 190
4 65 44 55 3 10 0 0.21 M M 10.5 33 160 M M 4 138 47 160
5 64 42 53 1 12 0 0.16 M M 13.7 28 180 M M 8 13 39 180
6 57 41 49 -3 16 0 0.03 M M 10.9 25 180 M M 8 1 33 200
7 59 37 48 -5 17 0 0.02 M M 6.7 23 270 M M 7 8 32 270
8 58 34 46 -7 19 0 0.21 M M 7.4 20 80 M M 5 13 27 80
9 58 35 47 -7 18 0 0.02 M M 8.0 24 280 M M 3 32 290
10 66 41 54 0 11 0 0.00 M M 8.5 14 290 M M 2 21 350
11 69 42 56 2 9 0 0.00 M M 10.5 20 300 M M 0 27 300
12 73 43 58 4 7 0 T M M 7.8 14 210 M M 1 20 230
13 73 49 61 6 4 0 0.00 M M 12.6 26 70 M M 4 8 36 60
14 74 50 62 7 3 0 0.04 M M 12.2 26 190 M M 7 38 190
15 80 45 63 8 2 0 0.02 M M 8.1 29 200 M M 4 3 38 190
16 79 46 63 7 2 0 0.15 M M 9.0 28 180 M M 1 3 37 180
17 76 49 63 7 2 0 0.00 M M 8.4 17 340 M M 0 22 340
18 79 52 66 10 0 1 0.00 M M 6.3 14 210 M M 0 19 200
19 82 47 65 9 0 0 0.00 M M 7.5 15 200 M M 0 8 21 200
20 86 51 69 12 0 4 0.00 M M 8.0 17 50 M M 0 8 23 50
21 88 54 71 14 0 6 0.01 M M 8.7 28 310 M M 1 8 38 290
22 77 52 65 8 0 0 T M M 12.3 22 310 M M 1 8 29 310
23 70 48 59 1 6 0 0.01 M M 8.4 24 180 M M 5 3 33 180
24 69 49 59 1 6 0 0.31 M M 6.9 31 170 M M 7 13 42 170
25 70 46 58 0 7 0 0.08 M M 7.8 24 290 M M 2 3 33 300
26 72 46 59 1 6 0 0.27 M M 8.7 24 210 M M 2 3 33 230
27 69 50 60 1 5 0 0.38 M M 10.1 32 270 M M 6 13 41 260
28 73 47 60 1 5 0 0.00 M M 9.5 17 200 M M 1 24 190
29 77 50 64 5 1 0 0.00 M M 10.8 29 190 M M 1 38 210
30 80 49 65 6 0 0 0.01 M M 6.9 25 220 M M 2 3 37 220
31 79 47 63 3 2 0 T M M 8.6 29 290 M M 1 3 38 280
================================================================================
SM 2264 1426 176 14 1.93 M 293.3 M 84
================================================================================
AV 73.0 46.0 9.5 FASTST M M 3 MAX(MPH)
MISC ----> 35 190 51 190
================================================================================
NOTES:
# LAST OF SEVERAL OCCURRENCES
COLUMN 17 PEAK WIND IN M.P.H.
PRELIMINARY LOCAL CLIMATOLOGICAL DATA (WS FORM: F-6) , PAGE 2
STATION: TWIN FALLS ID
MONTH: MAY
YEAR: 2023
LATITUDE: 42 28 N
LONGITUDE: 114 29 W
[TEMPERATURE DATA] [PRECIPITATION DATA] SYMBOLS USED IN COLUMN 16
AVERAGE MONTHLY: 59.5 TOTAL FOR MONTH: 1.93 1 = FOG OR MIST
DPTR FM NORMAL: 4.1 DPTR FM NORMAL: 0.47 2 = FOG REDUCING VISIBILITY
HIGHEST: 88 ON 21 GRTST 24HR 0.51 ON 26-27 TO 1/4 MILE OR LESS
LOWEST: 34 ON 8 3 = THUNDER
SNOW, ICE PELLETS, HAIL 4 = ICE PELLETS
TOTAL MONTH: M 5 = HAIL
GRTST 24HR M ON M 6 = FREEZING RAIN OR DRIZZLE
GRTST DEPTH: M ON M 7 = DUSTSTORM OR SANDSTORM:
VSBY 1/2 MILE OR LESS
8 = SMOKE OR HAZE
[NO. OF DAYS WITH] [WEATHER - DAYS WITH] 9 = BLOWING SNOW
X = TORNADO
MAX 32 OR BELOW: 0 0.01 INCH OR MORE: 16
MAX 90 OR ABOVE: 0 0.10 INCH OR MORE: 7
MIN 32 OR BELOW: 0 0.50 INCH OR MORE: 0
MIN 0 OR BELOW: 0 1.00 INCH OR MORE: 0
[HDD (BASE 65) ]
TOTAL THIS MO. 176 CLEAR (SCALE 0-3) 20
DPTR FM NORMAL -135 PTCLDY (SCALE 4-7) 11
TOTAL FM JUL 1 6399 CLOUDY (SCALE 8-10) 0
DPTR FM NORMAL 121
[CDD (BASE 65) ]
TOTAL THIS MO. 14
DPTR FM NORMAL -1 [PRESSURE DATA]
TOTAL FM JAN 1 15 HIGHEST SLP 30.17 ON 15
DPTR FM NORMAL 0 LOWEST SLP 29.35 ON 1
[REMARKS]
#FINAL-05-23#