000
CXUS54 KSHV 011500
CF6TXK
PRELIMINARY LOCAL CLIMATOLOGICAL DATA (WS FORM: F-6)
STATION: TEXARKANA
MONTH: JULY
YEAR: 2020
LATITUDE: 33 27 N
LONGITUDE: 94 0 W
TEMPERATURE IN F: :PCPN: SNOW: WIND :SUNSHINE: SKY :PK WND
================================================================================
1 2 3 4 5 6A 6B 7 8 9 10 11 12 13 14 15 16 17 18
12Z AVG MX 2MIN
DY MAX MIN AVG DEP HDD CDD WTR SNW DPTH SPD SPD DIR MIN PSBL S-S WX SPD DR
================================================================================
1 92 77 85 4 0 20 0.00 0.0 0 8.8 17 230 M M 4 23 210
2 94 76 85 4 0 20 0.00 0.0 0 5.8 14 230 M M 2 15 230
3 89 72 81 0 0 16 0.00 0.0 0 4.0 15 60 M M 1 13 29 30
4 92 71 82 1 0 17 0.00 0.0 0 3.6 12 270 M M 3 123 15 120
5 86 72 79 -3 0 14 1.79 0.0 0 4.0 23 210 M M 7 13 31 220
6 82 73 78 -4 0 13 0.97 0.0 0 3.6 15 180 M M 7 13 19 180
7 83 73 78 -4 0 13 0.00 0.0 0 6.8 17 230 M M 6 1 21 230
8 91 73 82 0 0 17 T 0.0 0 5.0 12 240 M M 5 1 13 250
9 90 77 84 2 0 19 0.00 0.0 0 6.7 18 210 M M 4 1 24 210
10 95 76 86 4 0 21 0.00 0.0 0 4.4 12 250 M M 1 18 20 360
11 95 74 85 3 0 20 0.00 0.0 0 4.7 13 220 M M 1 1 20 240
12 93 76 85 3 0 20 T 0.0 0 6.1 24 330 M M 2 34 330
13 91 72 82 0 0 17 0.00 0.0 0 2.7 12 140 M M 1 16 150
14 94 76 85 3 0 20 0.00 0.0 0 6.8 13 180 M M 0 1 17 200
15 93 77 85 3 0 20 0.00 0.0 0 8.5 17 220 M M 0 22 230
16 95 77 86 4 0 21 0.00 0.0 0 5.0 12 250 M M 0 17 270
17 94 76 85 3 0 20 0.00 0.0 0 5.5 12 140 M M 0 16 140
18 93 75 84 2 0 19 0.00 0.0 0 6.6 13 190 M M 0 17 190
19 95 73 84 1 0 19 0.00 0.0 0 3.8 13 150 M M 1 15 150
20 94 74 84 1 0 19 0.30 0.0 0 4.6 18 70 M M 2 13 25 60
21 91 72 82 -1 0 17 0.03 0.0 0 3.8 18 170 M M 3 13 24 170
22 86 73 80 -3 0 15 2.66 0.0 0 3.1 16 40 M M 5 13 20 40
23 92 74 83 0 0 18 0.00 0.0 0 3.3 10 80 M M 5 1 17 120
24 91 74 83 0 0 18 0.00 0.0 0 5.0 12 150 M M 3 1 17 120
25 90 74 82 -1 0 17 0.03 0.0 0 3.6 9 60 M M 5 14 80
26 90 71 81 -2 0 16 0.18 0.0 0 3.4 25 140 M M 3 13 32 130
27 89 73 81 -2 0 16 0.00 0.0 0 2.9 9 150 M M 3 16 150
28 91 71 81 -2 0 16 0.00 0.0 0 3.3 9 170 M M 1 13 160
29 91 76 84 1 0 19 0.00 0.0 0 9.0 16 220 M M 2 21 220
30 94 73 84 1 0 19 T 0.0 0 12.5 31 290 M M 2 45 280
31 87 70 79 -4 0 14 1.04 0.0 0 7.9 20 210 M M 5 13 26 200
================================================================================
SM 2823 2291 0 550 7.00 0.0 164.8 M 84
================================================================================
AV 91.1 73.9 5.3 FASTST M M 3 MAX(MPH)
MISC ----> # 31 290 # 45 280
================================================================================
NOTES:
# LAST OF SEVERAL OCCURRENCES
COLUMN 17 PEAK WIND IN M.P.H.
PRELIMINARY LOCAL CLIMATOLOGICAL DATA (WS FORM: F-6) , PAGE 2
STATION: TEXARKANA
MONTH: JULY
YEAR: 2020
LATITUDE: 33 27 N
LONGITUDE: 94 0 W
[TEMPERATURE DATA] [PRECIPITATION DATA] SYMBOLS USED IN COLUMN 16
AVERAGE MONTHLY: 82.5 TOTAL FOR MONTH: 7.00 1 = FOG OR MIST
DPTR FM NORMAL: 0.3 DPTR FM NORMAL: 3.56 2 = FOG REDUCING VISIBILITY
HIGHEST: 95 ON 19,16 GRTST 24HR 2.66 ON 22-22 TO 1/4 MILE OR LESS
LOWEST: 70 ON 31 3 = THUNDER
SNOW, ICE PELLETS, HAIL 4 = ICE PELLETS
TOTAL MONTH: 0.0 INCH 5 = HAIL
GRTST 24HR 0.0 6 = FREEZING RAIN OR DRIZZLE
GRTST DEPTH: 0 7 = DUSTSTORM OR SANDSTORM:
VSBY 1/2 MILE OR LESS
8 = SMOKE OR HAZE
[NO. OF DAYS WITH] [WEATHER - DAYS WITH] 9 = BLOWING SNOW
X = TORNADO
MAX 32 OR BELOW: 0 0.01 INCH OR MORE: 8
MAX 90 OR ABOVE: 24 0.10 INCH OR MORE: 6
MIN 32 OR BELOW: 0 0.50 INCH OR MORE: 4
MIN 0 OR BELOW: 0 1.00 INCH OR MORE: 3
[HDD (BASE 65) ]
TOTAL THIS MO. 0 CLEAR (SCALE 0-3) 18
DPTR FM NORMAL 0 PTCLDY (SCALE 4-7) 13
TOTAL FM JUL 1 0 CLOUDY (SCALE 8-10) 0
DPTR FM NORMAL 0
[CDD (BASE 65) ]
TOTAL THIS MO. 550
DPTR FM NORMAL 15 [PRESSURE DATA]
TOTAL FM JAN 1 1273 HIGHEST SLP 30.10 ON 26
DPTR FM NORMAL 13 LOWEST SLP 29.76 ON 12
[REMARKS]
#FINAL-07-20#