000
CXUS54 KMRX 011030
CF6TYS
PRELIMINARY LOCAL CLIMATOLOGICAL DATA (WS FORM: F-6)
STATION: KNOXVILLE MCGHEE TYSON AIRPORT
MONTH: JULY
YEAR: 2023
LATITUDE: 35 49 N
LONGITUDE: 83 59 W
TEMPERATURE IN F: :PCPN: SNOW: WIND :SUNSHINE: SKY :PK WND
================================================================================
1 2 3 4 5 6A 6B 7 8 9 10 11 12 13 14 15 16 17 18
12Z AVG MX 2MIN
DY MAX MIN AVG DEP HDD CDD WTR SNW DPTH SPD SPD DIR MIN PSBL S-S WX SPD DR
================================================================================
1 92 70 81 3 0 16 T 0.0 0 6.6 33 270 M M 9 1 45 280
2 89 67 78 0 0 13 0.00 0.0 0 7.7 23 220 M M 7 123 30 210
3 86 70 78 0 0 13 0.10 0.0 0 9.0 18 220 M M 7 13 23 200
4 87 72 80 2 0 15 0.03 0.0 0 3.7 20 260 M M 8 138 26 260
5 85 70 78 0 0 13 1.29 0.0 0 2.8 20 260 M M 8 13 24 260
6 89 69 79 1 0 14 0.34 0.0 0 4.3 22 310 M M 6 138 30 310
7 90 70 80 2 0 15 0.00 0.0 0 2.8 13 60 M M 6 12 19 50
8 89 68 79 1 0 14 0.33 0.0 0 5.8 20 220 M M 6 13 23 220
9 83 69 76 -2 0 11 0.08 0.0 0 5.9 12 180 M M 5 16 250
10 85 70 78 -1 0 13 0.00 0.0 0 6.4 13 360 M M 5 18 320
11 85 62 74 -5 0 9 0.00 0.0 0 2.4 12 250 M M 1 16 260
12 88 62 75 -4 0 10 0.00 0.0 0 3.6 16 230 M M 2 1 20 210
13 91 71 81 2 0 16 T 0.0 0 7.7 16 240 M M 7 23 240
14 90 75 83 4 0 18 0.00 0.0 0 6.7 13 250 M M 7 16 230
15 89 75 82 3 0 17 0.38 0.0 0 6.2 22 270 M M 7 13 32 290
16 86 71 79 0 0 14 0.00 0.0 0 6.3 14 190 M M 6 18 260
17 89 67 78 -1 0 13 0.00 0.0 0 3.2 10 220 M M 5 18 13 250
18 90 70 80 1 0 15 0.05 0.0 0 7.6 25 240 M M 7 138 39 230
19 79 68 74 -5 0 9 0.04 0.0 0 7.8 21 230 M M 8 3 25 230
20 73 69 71 -8 0 6 1.78 0.0 0 7.0 18 280 M M 10 13 26 270
21 86 66 76 -3 0 11 0.34 0.0 0 6.4 17 200 M M 8 123 22 230
22 85 70 78 -1 0 13 T 0.0 0 5.4 13 20 M M 8 20 10
23 87 67 77 -2 0 12 0.00 0.0 0 2.8 12 350 M M 3 16 340
24 88 66 77 -2 0 12 0.00 0.0 0 1.9 9 290 M M 2 12 30
25 88 69 79 0 0 14 0.26 0.0 0 5.0 31 310 M M 5 3 44 300
26 91 68 80 1 0 15 0.00 0.0 0 4.5 13 240 M M 3 18 240
27 93 75 84 5 0 19 0.00 0.0 0 5.9 13 260 M M 5 18 290
28 94 73 84 5 0 19 0.00 0.0 0 4.5 12 230 M M 4 1 17 250
29 92 71 82 3 0 17 0.20 0.0 0 7.2 26 240 M M 6 13 39 310
30 87 71 79 0 0 14 T 0.0 0 5.2 13 270 M M 8 20 280
31 89 68 79 1 0 14 T 0.0 0 3.1 12 250 M M 3 14 300
================================================================================
SM 2715 2149 0 424 5.22 0.0 165.4 M 182
================================================================================
AV 87.6 69.3 5.3 FASTST M M 6 MAX(MPH)
MISC ----> 33 270 45 280
================================================================================
NOTES:
# LAST OF SEVERAL OCCURRENCES
COLUMN 17 PEAK WIND IN M.P.H.
PRELIMINARY LOCAL CLIMATOLOGICAL DATA (WS FORM: F-6) , PAGE 2
STATION: KNOXVILLE MCGHEE TYSON AIRPORT
MONTH: JULY
YEAR: 2023
LATITUDE: 35 49 N
LONGITUDE: 83 59 W
[TEMPERATURE DATA] [PRECIPITATION DATA] SYMBOLS USED IN COLUMN 16
AVERAGE MONTHLY: 78.5 TOTAL FOR MONTH: 5.22 1 = FOG OR MIST
DPTR FM NORMAL: 0.0 DPTR FM NORMAL: -0.03 2 = FOG REDUCING VISIBILITY
HIGHEST: 94 ON 28 GRTST 24HR 1.78 ON 20-20 TO 1/4 MILE OR LESS
LOWEST: 62 ON 12,11 3 = THUNDER
SNOW, ICE PELLETS, HAIL 4 = ICE PELLETS
TOTAL MONTH: 0.0 INCH 5 = HAIL
GRTST 24HR 0.0 6 = FREEZING RAIN OR DRIZZLE
GRTST DEPTH: 0 7 = DUSTSTORM OR SANDSTORM:
VSBY 1/2 MILE OR LESS
8 = SMOKE OR HAZE
[NO. OF DAYS WITH] [WEATHER - DAYS WITH] 9 = BLOWING SNOW
X = TORNADO
MAX 32 OR BELOW: 0 0.01 INCH OR MORE: 13
MAX 90 OR ABOVE: 9 0.10 INCH OR MORE: 9
MIN 32 OR BELOW: 0 0.50 INCH OR MORE: 2
MIN 0 OR BELOW: 0 1.00 INCH OR MORE: 2
[HDD (BASE 65) ]
TOTAL THIS MO. 0 CLEAR (SCALE 0-3) 6
DPTR FM NORMAL 0 PTCLDY (SCALE 4-7) 22
TOTAL FM JUL 1 0 CLOUDY (SCALE 8-10) 3
DPTR FM NORMAL 0
[CDD (BASE 65) ]
TOTAL THIS MO. 424
DPTR FM NORMAL 4 [PRESSURE DATA]
TOTAL FM JAN 1 840 HIGHEST SLP 30.17 ON 19
DPTR FM NORMAL -75 LOWEST SLP 29.77 ON 15
[REMARKS]
#FINAL-07-23#