000
CXUS55 KSEW 011030
CF6UIL
PRELIMINARY LOCAL CLIMATOLOGICAL DATA (WS FORM: F-6)
STATION: QUILLAYUTE WA AIRPORT
MONTH: NOVEMBER
YEAR: 2022
LATITUDE: 47 57 N
LONGITUDE: 124 33 W
TEMPERATURE IN F: :PCPN: SNOW: WIND :SUNSHINE: SKY :PK WND
================================================================================
1 2 3 4 5 6A 6B 7 8 9 10 11 12 13 14 15 16 17 18
12Z AVG MX 2MIN
DY MAX MIN AVG DEP HDD CDD WTR SNW DPTH SPD SPD DIR MIN PSBL S-S WX SPD DR
================================================================================
1 50 34 42 -5 23 0 0.10 M M 4.4 12 270 M M 5 1 17 270
2 48 34 41 -6 24 0 0.07 M M 4.5 16 30 M M 5 1 25 30
3 48 36 42 -5 23 0 1.89 M M 6.7 17 150 M M 8 1 33 130
4 55 45 50 3 15 0 2.74 M M 15.2 30 260 M M 10 1 45 280
5 48 39 44 -2 21 0 0.64 M M 7.7 17 280 M M 8 18 29 280
6 46 31 39 -7 26 0 0.91 M M 5.7 16 160 M M 7 1 28 110
7 42 30 36 -10 29 0 T M M 8.3 20 50 M M 7 1 30 60
8 44 34 39 -7 26 0 0.01 M M 11.9 20 40 M M 4 1 28 40
9 49 27 38 -8 27 0 T M M 3.7 10 50 M M 4 15 50
10 49 38 44 -2 21 0 0.00 M M 4.5 9 70 M M 10 13 70
11 44 36 40 -5 25 0 0.02 M M 6.8 16 40 M M 9 22 50
12 52 31 42 -3 23 0 0.00 M M 2.3 9 240 M M 1 1 13 240
13 52 30 41 -4 24 0 0.00 M M 2.0 10 270 M M 5 1 14 260
14 52 26 39 -6 26 0 0.00 M M 2.3 9 80 M M 3 12 14 100
15 59 28 44 -1 21 0 0.00 M M 2.5 8 80 M M 0 1 12 90
16 61 25 43 -1 22 0 0.00 M M 1.9 7 60 M M 0 9 80
17 53 29 41 -3 24 0 0.00 M M 8.8 26 50 M M 0 39 60
18 52 25 39 -5 26 0 0.00 M M 3.3 9 80 M M 0 12 300
19 55 24 40 -4 25 0 0.00 M M 1.2 7 80 M M 0 11 70
20 50 27 39 -5 26 0 0.01 M M 1.7 7 80 M M 4 11 70
21 53 37 45 1 20 0 0.02 M M 3.3 13 160 M M 10 1 22 140
22 52 45 49 5 16 0 1.30 M M 7.2 15 270 M M 10 1 27 170
23 52 39 46 3 19 0 0.00 M M 3.9 12 140 M M 6 12 19 160
24 57 37 47 4 18 0 0.01 M M 4.2 9 200 M M 2 18 18 320
25 50 36 43 0 22 0 0.61 M M 2.8 9 320 M M 9 12 14 310
26 49 33 41 -2 24 0 0.65 M M 6.3 25 240 M M 10 12 43 250
27 47 35 41 -2 24 0 0.23 M M 4.7 16 290 M M 8 1 27 290
28 43 29 36 -7 29 0 0.04 M M 2.9 13 50 M M 6 128 17 40
29 43 30 37 -5 28 0 1.26 M M 7.2 21 150 M M 9 1 43 150
30 43 30 37 -5 28 0 0.08 M M 3.5 20 250 M M 6 1 31 220
================================================================================
SM 1498 980 705 0 10.59 M 151.4 M 166
================================================================================
AV 49.9 32.7 5.0 FASTST M M 6 MAX(MPH)
MISC ----> 30 260 45 280
================================================================================
NOTES:
# LAST OF SEVERAL OCCURRENCES
COLUMN 17 PEAK WIND IN M.P.H.
PRELIMINARY LOCAL CLIMATOLOGICAL DATA (WS FORM: F-6) , PAGE 2
STATION: QUILLAYUTE WA AIRPORT
MONTH: NOVEMBER
YEAR: 2022
LATITUDE: 47 57 N
LONGITUDE: 124 33 W
[TEMPERATURE DATA] [PRECIPITATION DATA] SYMBOLS USED IN COLUMN 16
AVERAGE MONTHLY: 41.3 TOTAL FOR MONTH: 10.59 1 = FOG OR MIST
DPTR FM NORMAL: -3.4 DPTR FM NORMAL: -4.67 2 = FOG REDUCING VISIBILITY
HIGHEST: 61 ON 16 GRTST 24HR 4.18 ON 3- 4 TO 1/4 MILE OR LESS
LOWEST: 24 ON 19 3 = THUNDER
SNOW, ICE PELLETS, HAIL 4 = ICE PELLETS
TOTAL MONTH: M 5 = HAIL
GRTST 24HR M ON M 6 = FREEZING RAIN OR DRIZZLE
GRTST DEPTH: M ON M 7 = DUSTSTORM OR SANDSTORM:
VSBY 1/2 MILE OR LESS
8 = SMOKE OR HAZE
[NO. OF DAYS WITH] [WEATHER - DAYS WITH] 9 = BLOWING SNOW
X = TORNADO
MAX 32 OR BELOW: 0 0.01 INCH OR MORE: 18
MAX 90 OR ABOVE: 0 0.10 INCH OR MORE: 10
MIN 32 OR BELOW: 15 0.50 INCH OR MORE: 8
MIN 0 OR BELOW: 0 1.00 INCH OR MORE: 4
[HDD (BASE 65) ]
TOTAL THIS MO. 705 CLEAR (SCALE 0-3) 7
DPTR FM NORMAL 95 PTCLDY (SCALE 4-7) 14
TOTAL FM JUL 1 1347 CLOUDY (SCALE 8-10) 9
DPTR FM NORMAL -298
[CDD (BASE 65) ]
TOTAL THIS MO. 0
DPTR FM NORMAL 0 [PRESSURE DATA]
TOTAL FM JAN 1 40 HIGHEST SLP 30.53 ON 16
DPTR FM NORMAL 18 LOWEST SLP 29.36 ON 30
[REMARKS]
#FINAL-11-22#