000
CXUS53 KSGF 012042
CF6UNO
PRELIMINARY LOCAL CLIMATOLOGICAL DATA (WS FORM: F-6)
STATION: WEST PLAINS MO
MONTH: DECEMBER
YEAR: 2020
LATITUDE: 36 52 N
LONGITUDE: 91 55 W
TEMPERATURE IN F: :PCPN: SNOW: WIND :SUNSHINE: SKY :PK WND
================================================================================
1 2 3 4 5 6A 6B 7 8 9 10 11 12 13 14 15 16 17 18
12Z AVG MX 2MIN
DY MAX MIN AVG DEP HDD CDD WTR SNW DPTH SPD SPD DIR MIN PSBL S-S WX SPD DR
================================================================================
1 50 20 35 -5 30 0 0.00 M M 3.8 9 170 M M 0 12 250
2 53 22 38 -2 27 0 0.00 M M 3.9 14 110 M M 3 19 130
3 45 37 41 1 24 0 0.08 M M 4.2 12 140 M M 10 19 150
4 52 36 44 5 21 0 0.00 M M 7.2 16 280 M M 4 23 270
5 60 33 47 8 18 0 0.00 M M 5.0 9 280 M M 0 13 250
6 53 32 43 5 22 0 0.00 M M 5.8 12 340 M M 1 18 320
7 54 30 42 4 23 0 0.00 M M 4.0 14 320 M M 0 18 20 340
8 60 26 43 5 22 0 0.00 M M 3.4 12 260 M M 0 18 16 290
9 71 38 55 17 10 0 0.00 M M 5.8 13 260 M M 0 17 260
10 73 38 56 19 9 0 0.00 M M 4.9 13 210 M M 0 8 18 210
11 59 37 48 11 17 0 1.13 M M 6.9 18 260 M M 6 1 26 280
12 49 37 43 6 22 0 0.00 M M 9.0 20 270 M M 10 30 280
13 37 34 36 0 29 0 0.28 M M 5.6 18 340 M M 10 1 28 340
14 42 24 33 -3 32 0 0.00 M M 7.0 17 340 M M 3 29 10
15 34 22 28 -8 37 0 0.00 M M 5.4 16 90 M M 6 24 110
16 34 21 28 -8 37 0 T M M 6.0 16 340 M M 7 22 330
17 42 22 32 -4 33 0 0.00 M M 3.5 10 200 M M 4 18 16 230
18 52 21 37 2 28 0 0.00 M M 6.7 20 180 M M 2 18 27 160
19 50 31 41 6 24 0 T M M 3.2 9 220 M M 7 1 16 180
20 54 25 40 5 25 0 0.00 M M 4.5 12 210 M M 0 18 16 210
21 63 35 49 14 16 0 0.00 M M 9.0 20 280 M M 0 29 270
22 58 33 46 11 19 0 0.00 M M 8.0 15 150 M M 0 25 150
23 60 28 44 9 21 0 0.23 M M 14.0 29 300 M M 6 18 51 310
24 31 18 25 -9 40 0 0.00 M M 11.4 24 290 M M 1 36 280
25 36 11 24 -10 41 0 0.00 M M 8.2 16 280 M M 0 23 310
26 62 25 44 10 21 0 0.00 M M 6.5 14 230 M M 0 20 210
27 58 40 49 15 16 0 0.00 M M 9.5 25 200 M M 3 38 190
28 47 28 38 4 27 0 0.00 M M 4.4 10 340 M M 0 16 360
29 42 29 36 2 29 0 T M M 9.2 18 110 M M 8 18 26 120
30 47 33 40 6 25 0 0.53 M M 7.1 15 350 M M 9 1 25 330
31 37 27 32 -2 33 0 0.21 M M 11.1 20 50 M M 4 16 29 60
================================================================================
SM 1565 893 778 0 2.46 M 204.2 M 104
================================================================================
AV 50.5 28.8 6.6 FASTST M M 3 MAX(MPH)
MISC ----> 29 300 51 310
================================================================================
NOTES:
# LAST OF SEVERAL OCCURRENCES
COLUMN 17 PEAK WIND IN M.P.H.
PRELIMINARY LOCAL CLIMATOLOGICAL DATA (WS FORM: F-6) , PAGE 2
STATION: WEST PLAINS MO
MONTH: DECEMBER
YEAR: 2020
LATITUDE: 36 52 N
LONGITUDE: 91 55 W
[TEMPERATURE DATA] [PRECIPITATION DATA] SYMBOLS USED IN COLUMN 16
AVERAGE MONTHLY: 39.6 TOTAL FOR MONTH: 2.46 1 = FOG OR MIST
DPTR FM NORMAL: 3.4 DPTR FM NORMAL: -1.18 2 = FOG REDUCING VISIBILITY
HIGHEST: 73 ON 10 GRTST 24HR 1.13 ON 11-11 TO 1/4 MILE OR LESS
LOWEST: 11 ON 25 3 = THUNDER
SNOW, ICE PELLETS, HAIL 4 = ICE PELLETS
TOTAL MONTH: M 5 = HAIL
GRTST 24HR M ON M 6 = FREEZING RAIN OR DRIZZLE
GRTST DEPTH: M ON M 7 = DUSTSTORM OR SANDSTORM:
VSBY 1/2 MILE OR LESS
8 = SMOKE OR HAZE
[NO. OF DAYS WITH] [WEATHER - DAYS WITH] 9 = BLOWING SNOW
X = TORNADO
MAX 32 OR BELOW: 1 0.01 INCH OR MORE: 6
MAX 90 OR ABOVE: 0 0.10 INCH OR MORE: 5
MIN 32 OR BELOW: 19 0.50 INCH OR MORE: 2
MIN 0 OR BELOW: 0 1.00 INCH OR MORE: 1
[HDD (BASE 65) ]
TOTAL THIS MO. 778 CLEAR (SCALE 0-3) 18
DPTR FM NORMAL -115 PTCLDY (SCALE 4-7) 8
TOTAL FM JUL 1 1540 CLOUDY (SCALE 8-10) 5
DPTR FM NORMAL -207
[CDD (BASE 65) ]
TOTAL THIS MO. 0
DPTR FM NORMAL 0 [PRESSURE DATA]
TOTAL FM JAN 1 1415 HIGHEST SLP 30.46 ON 28
DPTR FM NORMAL 61 LOWEST SLP 29.62 ON 23
[REMARKS]
#FINAL-12-20#