000
CXUS53 KUNR 011030
CF6UNR
PRELIMINARY LOCAL CLIMATOLOGICAL DATA (WS FORM: F-6)
STATION: EAST RAPID CITY SD
MONTH: FEBRUARY
YEAR: 2021
LATITUDE: 44 4 N
LONGITUDE: 103 13 W
TEMPERATURE IN F: :PCPN: SNOW: WIND :SUNSHINE: SKY :PK WND
================================================================================
1 2 3 4 5 6A 6B 7 8 9 10 11 12 13 14 15 16 17 18
12Z AVG MX 2MIN
DY MAX MIN AVG DEP HDD CDD WTR SNW DPTH SPD SPD DIR MIN PSBL S-S WX SPD DR
================================================================================
1 48 25 37 10 28 0 0.00 0.0 0 4.2 12 20 M M M 13 20
2 55 33 44 17 21 0 0.00 0.0 0 4.2 12 30 M M M 14 20
3 58 19 39 12 26 0 0.00 0.0 0 13.5 37 330 M M M 52 320
4 36 14 25 -2 40 0 T T 0 10.8 32 320 M M M 48 320
5 29 10 20 -7 45 0 0.08 1.8 1 7.2 17 20 M M M 24 300
6 10 -3 4 -23 61 0 0.04 0.8 2 9.7 20 360 M M M 23 360
7 1 -7 -3 -30 68 0 0.06 1.3 2 5.8 13 360 M M M 17 20
8 2 -8 -3 -30 68 0 T 0.1 3 5.9 15 360 M M M 20 360
9 1 -7 -3 -30 68 0 T T 3 6.1 14 360 M M M 17 360
10 3 -6 -1 -28 66 0 0.01 0.4 3 6.3 13 140 M M M 16 140
11 -1 -13 -7 -35 72 0 0.05 1.4 3 10.9 20 360 M M M 28 360
12 -6 -14 -10 -38 75 0 0.03 0.7 4 5.4 12 10 M M M 14 10
13 -4 -15 -9 -37 74 0 0.01 0.2 4 5.4 14 360 M M M 17 350
14 -7 -16 -11 -39 76 0 T T 4 6.6 16 130 M M M 20 140
15 1 -16 -7 -35 72 0 T T 4 12.2 26 140 M M M 35 150
16 4 -11 -3 -31 68 0 0.01 0.2 4 4.2 10 30 M M M 14 350
17 16 1 9 -19 56 0 T T 4 6.2 16 360 M M M 21 350
18 22 7 15 -14 50 0 T T 4 4.0 8 180 M M M 14 30
19 33 7 20 -9 45 0 0.00 0.0 4 4.6 10 260 M M M 17 260
20 39 17 28 -1 37 0 0.00 0.0 4 8.4 21 320 M M M 29 320
21 41 26 34 5 31 0 0.00 0.0 4 8.8 20 330 M M M 29 310
22 56 32 44 14 21 0 0.00 0.0 3 13.4 39 320 M M M 55 320
23 45 28 37 7 28 0 T T 0 13.3 34 330 M M M 47 310
24 37 22 30 0 35 0 T T 0 10.8 24 350 M M M 33 350
25 46 16 31 1 34 0 0.00 0.0 0 8.2 21 200 M M M 31 260
26 45 28 37 6 28 0 T 0.1 0 6.7 20 320 M M M 25 320
27 34 20 27 -4 38 0 0.26 3.6 4 10.1 23 360 M M M 31 350
28 34 14 24 -7 41 0 T T 4 7.9 21 360 M M M 29 360
================================================================================
SM 678 203 1372 0 0.55 10.6 220.8 M M
================================================================================
AV 24.2 7.3 7.9 FASTST M M M MAX(MPH)
MISC ----> 39 320 55 320
================================================================================
NOTES:
# LAST OF SEVERAL OCCURRENCES
COLUMN 17 PEAK WIND IN M.P.H.
PRELIMINARY LOCAL CLIMATOLOGICAL DATA (WS FORM: F-6) , PAGE 2
STATION: EAST RAPID CITY SD
MONTH: FEBRUARY
YEAR: 2021
LATITUDE: 44 4 N
LONGITUDE: 103 13 W
[TEMPERATURE DATA] [PRECIPITATION DATA] SYMBOLS USED IN COLUMN 16
AVERAGE MONTHLY: 15.7 TOTAL FOR MONTH: 0.55 1 = FOG OR MIST
DPTR FM NORMAL: -12.7 DPTR FM NORMAL: 0.07 2 = FOG REDUCING VISIBILITY
HIGHEST: 58 ON 3 GRTST 24HR 0.26 ON 27-27 TO 1/4 MILE OR LESS
LOWEST: -16 ON 15,14 3 = THUNDER
SNOW, ICE PELLETS, HAIL 4 = ICE PELLETS
TOTAL MONTH: 10.6 INCHES 5 = HAIL
GRTST 24HR 3.6 ON 27-27 6 = FREEZING RAIN OR DRIZZLE
GRTST DEPTH: 4 ON 28,27 7 = DUSTSTORM OR SANDSTORM:
VSBY 1/2 MILE OR LESS
8 = SMOKE OR HAZE
[NO. OF DAYS WITH] [WEATHER - DAYS WITH] 9 = BLOWING SNOW
X = TORNADO
MAX 32 OR BELOW: 14 0.01 INCH OR MORE: 9
MAX 90 OR ABOVE: 0 0.10 INCH OR MORE: 1
MIN 32 OR BELOW: 27 0.50 INCH OR MORE: 0
MIN 0 OR BELOW: 11 1.00 INCH OR MORE: 0
[HDD (BASE 65) ]
TOTAL THIS MO. 1372 CLEAR (SCALE 0-3) 0
DPTR FM NORMAL 346 PTCLDY (SCALE 4-7) 0
TOTAL FM JUL 1 4749 CLOUDY (SCALE 8-10) 28
DPTR FM NORMAL -205
[CDD (BASE 65) ]
TOTAL THIS MO. 0
DPTR FM NORMAL 0 [PRESSURE DATA]
TOTAL FM JAN 1 0 HIGHEST SLP M ON M
DPTR FM NORMAL 0 LOWEST SLP 29.35 ON 3
[REMARKS]
#FINAL-02-21#